{"text_format":"3","workbook":"xlsx","n_sheets":17,"sheets":["U11B","U11G","U13G","U13B","U15G","U15B","U17W","U17M","U20M","ReadMe","Results","SenMU20M","U20W","SenW","SenWU20W","TimeEg","AgeBands"],"not_rendered":{"macros":1,"defined_names":20,"pivot_tables":1},"read":"whole","date_system":"1900"}

{"sheet":"U11B","index":0,"n_rows":602,"n_cols":11,"rows_kept":602,"hidden":true,"merged":[[0,1,0,6],[1,1,1,6]]}
[null,"Sussex Athletics XC Championships\nBexhill, 07/01/2023"]
[null,"U11 Boys"]
["Temp","Pos","Bib","Time","Forename","Surname","Club","Cat ","Sex","Rk","Club Rk"]
[{"$f":"+K4","v":{"$error":"#REF!"}},1,7,"7:44",{"$f":"+VLOOKUP($C4,#REF!,2,\"false\")","v":{"$error":"#REF!"}},{"$f":"+VLOOKUP($C4,#REF!,3,\"false\")","v":{"$error":"#REF!"}},{"$f":"+VLOOKUP($C4,#REF!,4,\"false\")","v":{"$error":"#REF!"}},{"$f":"+VLOOKUP($C4,#REF!,5,\"false\")","v":{"$error":"#REF!"}},{"$f":"+VLOOKUP($C4,#REF!,6,\"false\")","v":{"$error":"#REF!"}},{"$f":"TEXT(SUMPRODUCT(--(G4=$G$4:$G$597),--(B4>$B$4:$B$597))+1,0)","v":{"$error":"#REF!"}},{"$f":"+G4&\"  \"&J4","v":{"$error":"#REF!"}}]
[{"$f":"+K5","v":{"$error":"#REF!"}},{"$f":"+B4+1","v":2},13,"7:49",{"$f":"+VLOOKUP($C5,#REF!,2,\"false\")","v":{"$error":"#REF!"}},{"$f":"+VLOOKUP($C5,#REF!,3,\"false\")","v":{"$error":"#REF!"}},{"$f":"+VLOOKUP($C5,#REF!,4,\"false\")","v":{"$error":"#REF!"}},{"$f":"+VLOOKUP($C5,#REF!,5,\"false\")","v":{"$error":"#REF!"}},{"$f":"+VLOOKUP($C5,#REF!,6,\"false\")","v":{"$error":"#REF!"}},{"$error":"#REF!"},{"$f":"+G5&\"  \"&J5","v":{"$error":"#REF!"}}]
[{"$error":"#REF!"},{"$f":"+B5+1","v":3},5,"8:16",{"$f":"+VLOOKUP($C6,#REF!,2,\"false\")","v":{"$error":"#REF!"}},{"$f":"+VLOOKUP($C6,#REF!,3,\"false\")","v":{"$error":"#REF!"}},{"$f":"+VLOOKUP($C6,#REF!,4,\"false\")","v":{"$error":"#REF!"}},{"$f":"+VLOOKUP($C6,#REF!,5,\"false\")","v":{"$error":"#REF!"}},{"$f":"+VLOOKUP($C6,#REF!,6,\"false\")","v":{"$error":"#REF!"}},{"$error":"#REF!"},{"$error":"#REF!"}]
[{"$error":"#REF!"},4,21,"8:18",{"$f":"+VLOOKUP($C7,#REF!,2,\"false\")","v":{"$error":"#REF!"}},{"$f":"+VLOOKUP($C7,#REF!,3,\"false\")","v":{"$error":"#REF!"}},{"$f":"+VLOOKUP($C7,#REF!,4,\"false\")","v":{"$error":"#REF!"}},{"$f":"+VLOOKUP($C7,#REF!,5,\"false\")","v":{"$error":"#REF!"}},{"$f":"+VLOOKUP($C7,#REF!,6,\"false\")","v":{"$error":"#REF!"}},{"$error":"#REF!"},{"$error":"#REF!"}]
[{"$error":"#REF!"},5,12,"8:20",{"$f":"+VLOOKUP($C8,#REF!,2,\"false\")","v":{"$error":"#REF!"}},{"$f":"+VLOOKUP($C8,#REF!,3,\"false\")","v":{"$error":"#REF!"}},{"$f":"+VLOOKUP($C8,#REF!,4,\"false\")","v":{"$error":"#REF!"}},{"$f":"+VLOOKUP($C8,#REF!,5,\"false\")","v":{"$error":"#REF!"}},{"$f":"+VLOOKUP($C8,#REF!,6,\"false\")","v":{"$error":"#REF!"}},{"$error":"#REF!"},{"$error":"#REF!"}]
[{"$error":"#REF!"},6,3,"8:21",{"$f":"+VLOOKUP($C9,#REF!,2,\"false\")","v":{"$error":"#REF!"}},{"$f":"+VLOOKUP($C9,#REF!,3,\"false\")","v":{"$error":"#REF!"}},{"$f":"+VLOOKUP($C9,#REF!,4,\"false\")","v":{"$error":"#REF!"}},{"$f":"+VLOOKUP($C9,#REF!,5,\"false\")","v":{"$error":"#REF!"}},{"$f":"+VLOOKUP($C9,#REF!,6,\"false\")","v":{"$error":"#REF!"}},{"$error":"#REF!"},{"$error":"#REF!"}]
[{"$error":"#REF!"},7,33,"8:24",{"$f":"+VLOOKUP($C10,#REF!,2,\"false\")","v":{"$error":"#REF!"}},{"$f":"+VLOOKUP($C10,#REF!,3,\"false\")","v":{"$error":"#REF!"}},{"$f":"+VLOOKUP($C10,#REF!,4,\"false\")","v":{"$error":"#REF!"}},{"$f":"+VLOOKUP($C10,#REF!,5,\"false\")","v":{"$error":"#REF!"}},{"$f":"+VLOOKUP($C10,#REF!,6,\"false\")","v":{"$error":"#REF!"}},{"$error":"#REF!"},{"$error":"#REF!"}]
[{"$error":"#REF!"},8,32,"8:27",{"$f":"+VLOOKUP($C11,#REF!,2,\"false\")","v":{"$error":"#REF!"}},{"$f":"+VLOOKUP($C11,#REF!,3,\"false\")","v":{"$error":"#REF!"}},{"$f":"+VLOOKUP($C11,#REF!,4,\"false\")","v":{"$error":"#REF!"}},{"$f":"+VLOOKUP($C11,#REF!,5,\"false\")","v":{"$error":"#REF!"}},{"$f":"+VLOOKUP($C11,#REF!,6,\"false\")","v":{"$error":"#REF!"}},{"$error":"#REF!"},{"$error":"#REF!"}]
[{"$error":"#REF!"},9,4,"8:29",{"$f":"+VLOOKUP($C12,#REF!,2,\"false\")","v":{"$error":"#REF!"}},{"$f":"+VLOOKUP($C12,#REF!,3,\"false\")","v":{"$error":"#REF!"}},{"$f":"+VLOOKUP($C12,#REF!,4,\"false\")","v":{"$error":"#REF!"}},{"$f":"+VLOOKUP($C12,#REF!,5,\"false\")","v":{"$error":"#REF!"}},{"$f":"+VLOOKUP($C12,#REF!,6,\"false\")","v":{"$error":"#REF!"}},{"$error":"#REF!"},{"$error":"#REF!"}]
[{"$error":"#REF!"},10,16,"8:31",{"$f":"+VLOOKUP($C13,#REF!,2,\"false\")","v":{"$error":"#REF!"}},{"$f":"+VLOOKUP($C13,#REF!,3,\"false\")","v":{"$error":"#REF!"}},{"$f":"+VLOOKUP($C13,#REF!,4,\"false\")","v":{"$error":"#REF!"}},{"$f":"+VLOOKUP($C13,#REF!,5,\"false\")","v":{"$error":"#REF!"}},{"$f":"+VLOOKUP($C13,#REF!,6,\"false\")","v":{"$error":"#REF!"}},{"$error":"#REF!"},{"$error":"#REF!"}]
[{"$error":"#REF!"},11,8,"8:32",{"$f":"+VLOOKUP($C14,#REF!,2,\"false\")","v":{"$error":"#REF!"}},{"$f":"+VLOOKUP($C14,#REF!,3,\"false\")","v":{"$error":"#REF!"}},{"$f":"+VLOOKUP($C14,#REF!,4,\"false\")","v":{"$error":"#REF!"}},{"$f":"+VLOOKUP($C14,#REF!,5,\"false\")","v":{"$error":"#REF!"}},{"$f":"+VLOOKUP($C14,#REF!,6,\"false\")","v":{"$error":"#REF!"}},{"$error":"#REF!"},{"$error":"#REF!"}]
[{"$error":"#REF!"},12,27,"8:34",{"$f":"+VLOOKUP($C15,#REF!,2,\"false\")","v":{"$error":"#REF!"}},{"$f":"+VLOOKUP($C15,#REF!,3,\"false\")","v":{"$error":"#REF!"}},{"$f":"+VLOOKUP($C15,#REF!,4,\"false\")","v":{"$error":"#REF!"}},{"$f":"+VLOOKUP($C15,#REF!,5,\"false\")","v":{"$error":"#REF!"}},{"$f":"+VLOOKUP($C15,#REF!,6,\"false\")","v":{"$error":"#REF!"}},{"$error":"#REF!"},{"$error":"#REF!"}]
[{"$error":"#REF!"},13,15,"8:43",{"$f":"+VLOOKUP($C16,#REF!,2,\"false\")","v":{"$error":"#REF!"}},{"$f":"+VLOOKUP($C16,#REF!,3,\"false\")","v":{"$error":"#REF!"}},{"$f":"+VLOOKUP($C16,#REF!,4,\"false\")","v":{"$error":"#REF!"}},{"$f":"+VLOOKUP($C16,#REF!,5,\"false\")","v":{"$error":"#REF!"}},{"$f":"+VLOOKUP($C16,#REF!,6,\"false\")","v":{"$error":"#REF!"}},{"$error":"#REF!"},{"$error":"#REF!"}]
[{"$error":"#REF!"},14,14,"8:46",{"$f":"+VLOOKUP($C17,#REF!,2,\"false\")","v":{"$error":"#REF!"}},{"$f":"+VLOOKUP($C17,#REF!,3,\"false\")","v":{"$error":"#REF!"}},{"$f":"+VLOOKUP($C17,#REF!,4,\"false\")","v":{"$error":"#REF!"}},{"$f":"+VLOOKUP($C17,#REF!,5,\"false\")","v":{"$error":"#REF!"}},{"$f":"+VLOOKUP($C17,#REF!,6,\"false\")","v":{"$error":"#REF!"}},{"$error":"#REF!"},{"$error":"#REF!"}]
[{"$error":"#REF!"},15,9,"8:51",{"$f":"+VLOOKUP($C18,#REF!,2,\"false\")","v":{"$error":"#REF!"}},{"$f":"+VLOOKUP($C18,#REF!,3,\"false\")","v":{"$error":"#REF!"}},{"$f":"+VLOOKUP($C18,#REF!,4,\"false\")","v":{"$error":"#REF!"}},{"$f":"+VLOOKUP($C18,#REF!,5,\"false\")","v":{"$error":"#REF!"}},{"$f":"+VLOOKUP($C18,#REF!,6,\"false\")","v":{"$error":"#REF!"}},{"$error":"#REF!"},{"$error":"#REF!"}]
[{"$error":"#REF!"},16,10,"8:52",{"$f":"+VLOOKUP($C19,#REF!,2,\"false\")","v":{"$error":"#REF!"}},{"$f":"+VLOOKUP($C19,#REF!,3,\"false\")","v":{"$error":"#REF!"}},{"$f":"+VLOOKUP($C19,#REF!,4,\"false\")","v":{"$error":"#REF!"}},{"$f":"+VLOOKUP($C19,#REF!,5,\"false\")","v":{"$error":"#REF!"}},{"$f":"+VLOOKUP($C19,#REF!,6,\"false\")","v":{"$error":"#REF!"}},{"$error":"#REF!"},{"$error":"#REF!"}]
[{"$error":"#REF!"},17,1,"8:56",{"$f":"+VLOOKUP($C20,#REF!,2,\"false\")","v":{"$error":"#REF!"}},{"$f":"+VLOOKUP($C20,#REF!,3,\"false\")","v":{"$error":"#REF!"}},{"$f":"+VLOOKUP($C20,#REF!,4,\"false\")","v":{"$error":"#REF!"}},{"$f":"+VLOOKUP($C20,#REF!,5,\"false\")","v":{"$error":"#REF!"}},{"$f":"+VLOOKUP($C20,#REF!,6,\"false\")","v":{"$error":"#REF!"}},{"$error":"#REF!"},{"$error":"#REF!"}]
[{"$error":"#REF!"},18,34,"9:01",{"$f":"+VLOOKUP($C21,#REF!,2,\"false\")","v":{"$error":"#REF!"}},{"$f":"+VLOOKUP($C21,#REF!,3,\"false\")","v":{"$error":"#REF!"}},{"$f":"+VLOOKUP($C21,#REF!,4,\"false\")","v":{"$error":"#REF!"}},{"$f":"+VLOOKUP($C21,#REF!,5,\"false\")","v":{"$error":"#REF!"}},{"$f":"+VLOOKUP($C21,#REF!,6,\"false\")","v":{"$error":"#REF!"}},{"$error":"#REF!"},{"$f":"+G21&\"  \"&J21","v":{"$error":"#REF!"}}]
[{"$error":"#REF!"},19,26,"9:04",{"$f":"+VLOOKUP($C22,#REF!,2,\"false\")","v":{"$error":"#REF!"}},{"$f":"+VLOOKUP($C22,#REF!,3,\"false\")","v":{"$error":"#REF!"}},{"$f":"+VLOOKUP($C22,#REF!,4,\"false\")","v":{"$error":"#REF!"}},{"$f":"+VLOOKUP($C22,#REF!,5,\"false\")","v":{"$error":"#REF!"}},{"$f":"+VLOOKUP($C22,#REF!,6,\"false\")","v":{"$error":"#REF!"}},{"$error":"#REF!"},{"$error":"#REF!"}]
[{"$error":"#REF!"},20,2,"9:06",{"$f":"+VLOOKUP($C23,#REF!,2,\"false\")","v":{"$error":"#REF!"}},{"$f":"+VLOOKUP($C23,#REF!,3,\"false\")","v":{"$error":"#REF!"}},{"$f":"+VLOOKUP($C23,#REF!,4,\"false\")","v":{"$error":"#REF!"}},{"$f":"+VLOOKUP($C23,#REF!,5,\"false\")","v":{"$error":"#REF!"}},{"$f":"+VLOOKUP($C23,#REF!,6,\"false\")","v":{"$error":"#REF!"}},{"$error":"#REF!"},{"$error":"#REF!"}]
[{"$error":"#REF!"},21,17,"9:07",{"$f":"+VLOOKUP($C24,#REF!,2,\"false\")","v":{"$error":"#REF!"}},{"$f":"+VLOOKUP($C24,#REF!,3,\"false\")","v":{"$error":"#REF!"}},{"$f":"+VLOOKUP($C24,#REF!,4,\"false\")","v":{"$error":"#REF!"}},{"$f":"+VLOOKUP($C24,#REF!,5,\"false\")","v":{"$error":"#REF!"}},{"$f":"+VLOOKUP($C24,#REF!,6,\"false\")","v":{"$error":"#REF!"}},{"$error":"#REF!"},{"$error":"#REF!"}]
[{"$error":"#REF!"},22,22,"9:16",{"$f":"+VLOOKUP($C25,#REF!,2,\"false\")","v":{"$error":"#REF!"}},{"$f":"+VLOOKUP($C25,#REF!,3,\"false\")","v":{"$error":"#REF!"}},{"$f":"+VLOOKUP($C25,#REF!,4,\"false\")","v":{"$error":"#REF!"}},{"$f":"+VLOOKUP($C25,#REF!,5,\"false\")","v":{"$error":"#REF!"}},{"$f":"+VLOOKUP($C25,#REF!,6,\"false\")","v":{"$error":"#REF!"}},{"$error":"#REF!"},{"$error":"#REF!"}]
[{"$error":"#REF!"},23,37,"9:17",{"$f":"+VLOOKUP($C26,#REF!,2,\"false\")","v":{"$error":"#REF!"}},{"$f":"+VLOOKUP($C26,#REF!,3,\"false\")","v":{"$error":"#REF!"}},{"$f":"+VLOOKUP($C26,#REF!,4,\"false\")","v":{"$error":"#REF!"}},{"$f":"+VLOOKUP($C26,#REF!,5,\"false\")","v":{"$error":"#REF!"}},{"$f":"+VLOOKUP($C26,#REF!,6,\"false\")","v":{"$error":"#REF!"}},{"$error":"#REF!"},{"$error":"#REF!"}]
[{"$f":"+K27","v":{"$error":"#REF!"}},24,28,"9:18",{"$f":"+VLOOKUP($C27,#REF!,2,\"false\")","v":{"$error":"#REF!"}},{"$f":"+VLOOKUP($C27,#REF!,3,\"false\")","v":{"$error":"#REF!"}},{"$f":"+VLOOKUP($C27,#REF!,4,\"false\")","v":{"$error":"#REF!"}},{"$f":"+VLOOKUP($C27,#REF!,5,\"false\")","v":{"$error":"#REF!"}},{"$f":"+VLOOKUP($C27,#REF!,6,\"false\")","v":{"$error":"#REF!"}},{"$f":"TEXT(SUMPRODUCT(--(G27=$G$4:$G$597),--(B27>$B$4:$B$597))+1,0)","v":{"$error":"#REF!"}},{"$f":"+G27&\"  \"&J27","v":{"$error":"#REF!"}}]
[{"$error":"#REF!"},25,11,"9:27",{"$f":"+VLOOKUP($C28,#REF!,2,\"false\")","v":{"$error":"#REF!"}},{"$f":"+VLOOKUP($C28,#REF!,3,\"false\")","v":{"$error":"#REF!"}},{"$f":"+VLOOKUP($C28,#REF!,4,\"false\")","v":{"$error":"#REF!"}},{"$f":"+VLOOKUP($C28,#REF!,5,\"false\")","v":{"$error":"#REF!"}},{"$f":"+VLOOKUP($C28,#REF!,6,\"false\")","v":{"$error":"#REF!"}},{"$error":"#REF!"},{"$error":"#REF!"}]
[{"$error":"#REF!"},26,35,"9:36",{"$f":"+VLOOKUP($C29,#REF!,2,\"false\")","v":{"$error":"#REF!"}},{"$f":"+VLOOKUP($C29,#REF!,3,\"false\")","v":{"$error":"#REF!"}},{"$f":"+VLOOKUP($C29,#REF!,4,\"false\")","v":{"$error":"#REF!"}},{"$f":"+VLOOKUP($C29,#REF!,5,\"false\")","v":{"$error":"#REF!"}},{"$f":"+VLOOKUP($C29,#REF!,6,\"false\")","v":{"$error":"#REF!"}},{"$error":"#REF!"},{"$error":"#REF!"}]
[{"$error":"#REF!"},27,23,"9:37",{"$f":"+VLOOKUP($C30,#REF!,2,\"false\")","v":{"$error":"#REF!"}},{"$f":"+VLOOKUP($C30,#REF!,3,\"false\")","v":{"$error":"#REF!"}},{"$f":"+VLOOKUP($C30,#REF!,4,\"false\")","v":{"$error":"#REF!"}},{"$f":"+VLOOKUP($C30,#REF!,5,\"false\")","v":{"$error":"#REF!"}},{"$f":"+VLOOKUP($C30,#REF!,6,\"false\")","v":{"$error":"#REF!"}},{"$error":"#REF!"},{"$error":"#REF!"}]
[{"$error":"#REF!"},28,20,"9:48",{"$f":"+VLOOKUP($C31,#REF!,2,\"false\")","v":{"$error":"#REF!"}},{"$f":"+VLOOKUP($C31,#REF!,3,\"false\")","v":{"$error":"#REF!"}},{"$f":"+VLOOKUP($C31,#REF!,4,\"false\")","v":{"$error":"#REF!"}},{"$f":"+VLOOKUP($C31,#REF!,5,\"false\")","v":{"$error":"#REF!"}},{"$f":"+VLOOKUP($C31,#REF!,6,\"false\")","v":{"$error":"#REF!"}},{"$error":"#REF!"},{"$error":"#REF!"}]
[{"$error":"#REF!"},29,25,"9:48",{"$f":"+VLOOKUP($C32,#REF!,2,\"false\")","v":{"$error":"#REF!"}},{"$f":"+VLOOKUP($C32,#REF!,3,\"false\")","v":{"$error":"#REF!"}},{"$f":"+VLOOKUP($C32,#REF!,4,\"false\")","v":{"$error":"#REF!"}},{"$f":"+VLOOKUP($C32,#REF!,5,\"false\")","v":{"$error":"#REF!"}},{"$f":"+VLOOKUP($C32,#REF!,6,\"false\")","v":{"$error":"#REF!"}},{"$error":"#REF!"},{"$error":"#REF!"}]
[{"$error":"#REF!"},30,19,"9:49",{"$f":"+VLOOKUP($C33,#REF!,2,\"false\")","v":{"$error":"#REF!"}},{"$f":"+VLOOKUP($C33,#REF!,3,\"false\")","v":{"$error":"#REF!"}},{"$f":"+VLOOKUP($C33,#REF!,4,\"false\")","v":{"$error":"#REF!"}},{"$f":"+VLOOKUP($C33,#REF!,5,\"false\")","v":{"$error":"#REF!"}},{"$f":"+VLOOKUP($C33,#REF!,6,\"false\")","v":{"$error":"#REF!"}},{"$error":"#REF!"},{"$error":"#REF!"}]
[{"$error":"#REF!"},31,29,"10:13",{"$f":"+VLOOKUP($C34,#REF!,2,\"false\")","v":{"$error":"#REF!"}},{"$f":"+VLOOKUP($C34,#REF!,3,\"false\")","v":{"$error":"#REF!"}},{"$f":"+VLOOKUP($C34,#REF!,4,\"false\")","v":{"$error":"#REF!"}},{"$f":"+VLOOKUP($C34,#REF!,5,\"false\")","v":{"$error":"#REF!"}},{"$f":"+VLOOKUP($C34,#REF!,6,\"false\")","v":{"$error":"#REF!"}},{"$error":"#REF!"},{"$error":"#REF!"}]
{"$rows_empty":72}
[null,"Pos","Bib","Time"]
[null,1,7,"7:44"]
[null,{"$f":"+B108+1","v":2},13,"7:49"]
[null,{"$f":"+B109+1","v":3},5,"8:16"]
[null,4,21,"8:18"]
[null,5,12,"8:20"]
[null,6,3,"8:21"]
[null,7,33,"8:24"]
[null,8,32,"8:27"]
[null,9,4,"8:29"]
[null,10,16,"8:31"]
[null,11,8,"8:32"]
[null,12,27,"8:34"]
[null,13,15,"8:43"]
[null,14,14,"8:46"]
[null,15,9,"8:51"]
[null,16,10,"8:52"]
[null,17,1,"8:56"]
[null,18,34,"9:01"]
[null,19,26,"9:04"]
[null,20,2,"9:06"]
[null,21,17,"9:07"]
[null,22,22,"9:16"]
[null,23,37,"9:17"]
[null,24,28,"9:18"]
[null,25,11,"9:27"]
[null,26,35,"9:36"]
[null,27,23,"9:37"]
[null,28,20,"9:48"]
[null,29,25,"9:48"]
[null,30,19,"9:49"]
[null,31,29,"10:13"]
[null,32,null,{"$error":"#VALUE!"}]
[null,33,null,{"$error":"#VALUE!"}]
[null,34,null,{"$error":"#VALUE!"}]
[null,35,null,{"$error":"#VALUE!"}]
[null,36,null,{"$error":"#VALUE!"}]
[null,37,null,{"$error":"#VALUE!"}]
[null,38,null,{"$error":"#VALUE!"}]
[null,39,null,{"$error":"#VALUE!"}]
[null,40,null,{"$error":"#VALUE!"}]
[null,41,null,{"$error":"#VALUE!"}]
[null,42,null,{"$error":"#VALUE!"}]
[null,43,null,{"$error":"#VALUE!"}]
[null,44,null,{"$error":"#VALUE!"}]
[null,45,null,{"$error":"#VALUE!"}]
[null,46,null,{"$error":"#VALUE!"}]
[null,47,null,{"$error":"#VALUE!"}]
[null,48,null,{"$error":"#VALUE!"}]
[null,49,null,{"$error":"#VALUE!"}]
[null,50,null,{"$error":"#VALUE!"}]
[null,51,null,{"$error":"#VALUE!"}]
[null,52,null,{"$error":"#VALUE!"}]
[null,53,null,{"$error":"#VALUE!"}]
[null,54,null,{"$error":"#VALUE!"}]
[null,55,null,{"$error":"#VALUE!"}]
[null,56,null,{"$error":"#VALUE!"}]
[null,57,null,{"$error":"#VALUE!"}]
[null,58,null,{"$error":"#VALUE!"}]
[null,59,null,{"$error":"#VALUE!"}]
[null,60,null,{"$error":"#VALUE!"}]
[null,61,null,{"$error":"#VALUE!"}]
[null,62,null,{"$error":"#VALUE!"}]
[null,63,null,{"$error":"#VALUE!"}]
[null,64,null,{"$error":"#VALUE!"}]
[null,65,null,{"$error":"#VALUE!"}]
[null,66,null,{"$error":"#VALUE!"}]
[null,{"$f":"+B173+1","v":67},null,{"$error":"#VALUE!"}]
[null,68,null,{"$error":"#VALUE!"}]
[null,69,null,{"$error":"#VALUE!"}]
[null,70,null,{"$error":"#VALUE!"}]
[null,71,null,{"$error":"#VALUE!"}]
[null,72,null,{"$error":"#VALUE!"}]
[null,73,null,{"$error":"#VALUE!"}]
[null,74,null,{"$error":"#VALUE!"}]
[null,75,null,{"$error":"#VALUE!"}]
[null,76,null,{"$error":"#VALUE!"}]
[null,77,null,{"$error":"#VALUE!"}]
[null,78,null,{"$error":"#VALUE!"}]
[null,79,null,{"$error":"#VALUE!"}]
[null,80,null,{"$error":"#VALUE!"}]
[null,81,null,{"$error":"#VALUE!"}]
[null,82,null,{"$error":"#VALUE!"}]
[null,83,null,{"$error":"#VALUE!"}]
[null,84,null,{"$error":"#VALUE!"}]
[null,85,null,{"$error":"#VALUE!"}]
[null,86,null,{"$error":"#VALUE!"}]
[null,87,null,{"$error":"#VALUE!"}]
[null,88,null,{"$error":"#VALUE!"}]
[null,89,null,{"$error":"#VALUE!"}]
[null,90,null,{"$error":"#VALUE!"}]
[null,91,null,{"$error":"#VALUE!"}]
[null,92,null,{"$error":"#VALUE!"}]
[null,93,null,{"$error":"#VALUE!"}]
[null,94,null,{"$error":"#VALUE!"}]
[null,95,null,{"$error":"#VALUE!"}]
[null,96,null,{"$error":"#VALUE!"}]
[null,97,null,{"$error":"#VALUE!"}]
[null,98,null,{"$error":"#VALUE!"}]
[null,99,null,{"$error":"#VALUE!"}]
[null,100,null,{"$error":"#VALUE!"}]
[{"$nulls":3},{"$error":"#VALUE!"}]
[{"$nulls":3},{"$error":"#VALUE!"}]
[{"$nulls":3},{"$error":"#VALUE!"}]
[{"$nulls":3},{"$error":"#VALUE!"}]
[{"$nulls":3},{"$error":"#VALUE!"}]
[{"$nulls":3},{"$error":"#VALUE!"}]
[{"$nulls":3},{"$error":"#VALUE!"}]
[{"$nulls":3},{"$error":"#VALUE!"}]
[{"$nulls":3},{"$error":"#VALUE!"}]
[{"$nulls":3},{"$error":"#VALUE!"}]
[{"$nulls":3},{"$error":"#VALUE!"}]
[{"$nulls":3},{"$error":"#VALUE!"}]
[{"$nulls":3},{"$error":"#VALUE!"}]
[{"$nulls":3},{"$error":"#VALUE!"}]
[{"$nulls":3},{"$error":"#VALUE!"}]
[{"$nulls":3},{"$error":"#VALUE!"}]
[{"$nulls":3},{"$error":"#VALUE!"}]
[{"$nulls":3},{"$error":"#VALUE!"}]
[{"$nulls":3},{"$error":"#VALUE!"}]
[{"$nulls":3},{"$error":"#VALUE!"}]
[{"$nulls":3},{"$error":"#VALUE!"}]
[{"$nulls":3},{"$error":"#VALUE!"}]
[{"$nulls":3},{"$error":"#VALUE!"}]
[{"$nulls":3},{"$error":"#VALUE!"}]
[{"$nulls":3},{"$error":"#VALUE!"}]
[{"$nulls":3},{"$error":"#VALUE!"}]
[{"$nulls":3},{"$error":"#VALUE!"}]
[{"$nulls":3},{"$error":"#VALUE!"}]
[{"$nulls":3},{"$error":"#VALUE!"}]
[{"$nulls":3},{"$error":"#VALUE!"}]
[{"$nulls":3},{"$error":"#VALUE!"}]
[{"$nulls":3},{"$error":"#VALUE!"}]
[{"$nulls":3},{"$error":"#VALUE!"}]
[{"$nulls":3},{"$error":"#VALUE!"}]
[{"$nulls":3},{"$error":"#VALUE!"}]
[{"$nulls":3},{"$error":"#VALUE!"}]
[{"$nulls":3},{"$error":"#VALUE!"}]
[{"$nulls":3},{"$error":"#VALUE!"}]
[{"$nulls":3},{"$error":"#VALUE!"}]
[{"$nulls":3},{"$error":"#VALUE!"}]
[{"$nulls":3},{"$error":"#VALUE!"}]
[{"$nulls":3},{"$error":"#VALUE!"}]
[{"$nulls":3},{"$error":"#VALUE!"}]
[{"$nulls":3},{"$error":"#VALUE!"}]
[{"$nulls":3},{"$error":"#VALUE!"}]
[{"$nulls":3},{"$error":"#VALUE!"}]
[{"$nulls":3},{"$error":"#VALUE!"}]
[{"$nulls":3},{"$error":"#VALUE!"}]
[{"$nulls":3},{"$error":"#VALUE!"}]
[{"$nulls":3},{"$error":"#VALUE!"}]
[{"$nulls":3},{"$error":"#VALUE!"}]
[{"$nulls":3},{"$error":"#VALUE!"}]
[{"$nulls":3},{"$error":"#VALUE!"}]
[{"$nulls":3},{"$error":"#VALUE!"}]
[{"$nulls":3},{"$error":"#VALUE!"}]
[{"$nulls":3},{"$error":"#VALUE!"}]
[{"$nulls":3},{"$error":"#VALUE!"}]
[{"$nulls":3},{"$error":"#VALUE!"}]
[{"$nulls":3},{"$error":"#VALUE!"}]
[{"$nulls":3},{"$error":"#VALUE!"}]
[{"$nulls":3},{"$error":"#VALUE!"}]
[{"$nulls":3},{"$error":"#VALUE!"}]
[{"$nulls":3},{"$error":"#VALUE!"}]
[{"$nulls":3},{"$error":"#VALUE!"}]
[{"$nulls":3},{"$error":"#VALUE!"}]
[{"$nulls":3},{"$error":"#VALUE!"}]
[{"$nulls":3},{"$error":"#VALUE!"}]
[{"$nulls":3},{"$error":"#VALUE!"}]
[{"$nulls":3},{"$error":"#VALUE!"}]
[{"$nulls":3},{"$error":"#VALUE!"}]
[{"$nulls":3},{"$error":"#VALUE!"}]
[{"$nulls":3},{"$error":"#VALUE!"}]
[{"$nulls":3},{"$error":"#VALUE!"}]
[{"$nulls":3},{"$error":"#VALUE!"}]
[{"$nulls":3},{"$error":"#VALUE!"}]
[{"$nulls":3},{"$error":"#VALUE!"}]
[{"$nulls":3},{"$error":"#VALUE!"}]
[{"$nulls":3},{"$error":"#VALUE!"}]
[{"$nulls":3},{"$error":"#VALUE!"}]
[{"$nulls":3},{"$error":"#VALUE!"}]
[{"$nulls":3},{"$error":"#VALUE!"}]
[{"$nulls":3},{"$error":"#VALUE!"}]
[{"$nulls":3},{"$error":"#VALUE!"}]
[{"$nulls":3},{"$error":"#VALUE!"}]
[{"$nulls":3},{"$error":"#VALUE!"}]
[{"$nulls":3},{"$error":"#VALUE!"}]
[{"$nulls":3},{"$error":"#VALUE!"}]
[{"$nulls":3},{"$error":"#VALUE!"}]
[{"$nulls":3},{"$error":"#VALUE!"}]
[{"$nulls":3},{"$error":"#VALUE!"}]
[{"$nulls":3},{"$error":"#VALUE!"}]
[{"$nulls":3},{"$error":"#VALUE!"}]
[{"$nulls":3},{"$error":"#VALUE!"}]
[{"$nulls":3},{"$error":"#VALUE!"}]
[{"$nulls":3},{"$error":"#VALUE!"}]
[{"$nulls":3},{"$error":"#VALUE!"}]
[{"$nulls":3},{"$error":"#VALUE!"}]
[{"$nulls":3},{"$error":"#VALUE!"}]
[{"$nulls":3},{"$error":"#VALUE!"}]
[{"$nulls":3},{"$error":"#VALUE!"}]
[{"$nulls":3},{"$error":"#VALUE!"}]
[{"$nulls":3},{"$error":"#VALUE!"}]
[{"$nulls":3},{"$error":"#VALUE!"}]
[{"$nulls":3},{"$error":"#VALUE!"}]
[{"$nulls":3},{"$error":"#VALUE!"}]
[{"$nulls":3},{"$error":"#VALUE!"}]
[{"$nulls":3},{"$error":"#VALUE!"}]
[{"$nulls":3},{"$error":"#VALUE!"}]
[{"$nulls":3},{"$error":"#VALUE!"}]
[{"$nulls":3},{"$error":"#VALUE!"}]
[{"$nulls":3},{"$error":"#VALUE!"}]
[{"$nulls":3},{"$error":"#VALUE!"}]
[{"$nulls":3},{"$error":"#VALUE!"}]
[{"$nulls":3},{"$error":"#VALUE!"}]
[{"$nulls":3},{"$error":"#VALUE!"}]
[{"$nulls":3},{"$error":"#VALUE!"}]
[{"$nulls":3},{"$error":"#VALUE!"}]
[{"$nulls":3},{"$error":"#VALUE!"}]
[{"$nulls":3},{"$error":"#VALUE!"}]
[{"$nulls":3},{"$error":"#VALUE!"}]
[{"$nulls":3},{"$error":"#VALUE!"}]
[{"$nulls":3},{"$error":"#VALUE!"}]
[{"$nulls":3},{"$error":"#VALUE!"}]
[{"$nulls":3},{"$error":"#VALUE!"}]
[{"$nulls":3},{"$error":"#VALUE!"}]
[{"$nulls":3},{"$error":"#VALUE!"}]
[{"$nulls":3},{"$error":"#VALUE!"}]
[{"$nulls":3},{"$error":"#VALUE!"}]
[{"$nulls":3},{"$error":"#VALUE!"}]
[{"$nulls":3},{"$error":"#VALUE!"}]
[{"$nulls":3},{"$error":"#VALUE!"}]
[{"$nulls":3},{"$error":"#VALUE!"}]
[{"$nulls":3},{"$error":"#VALUE!"}]
[{"$nulls":3},{"$error":"#VALUE!"}]
[{"$nulls":3},{"$error":"#VALUE!"}]
[{"$nulls":3},{"$error":"#VALUE!"}]
[{"$nulls":3},{"$error":"#VALUE!"}]
[{"$nulls":3},{"$error":"#VALUE!"}]
[{"$nulls":3},{"$error":"#VALUE!"}]
[{"$nulls":3},{"$error":"#VALUE!"}]
[{"$nulls":3},{"$error":"#VALUE!"}]
[{"$nulls":3},{"$error":"#VALUE!"}]
[{"$nulls":3},{"$error":"#VALUE!"}]
[{"$nulls":3},{"$error":"#VALUE!"}]
[{"$nulls":3},{"$error":"#VALUE!"}]
[{"$nulls":3},{"$error":"#VALUE!"}]
[{"$nulls":3},{"$error":"#VALUE!"}]
[{"$nulls":3},{"$error":"#VALUE!"}]
[{"$nulls":3},{"$error":"#VALUE!"}]
[{"$nulls":3},{"$error":"#VALUE!"}]
[{"$nulls":3},{"$error":"#VALUE!"}]
[{"$nulls":3},{"$error":"#VALUE!"}]
[{"$nulls":3},{"$error":"#VALUE!"}]
[{"$nulls":3},{"$error":"#VALUE!"}]
[{"$nulls":3},{"$error":"#VALUE!"}]
[{"$nulls":3},{"$error":"#VALUE!"}]
[{"$nulls":3},{"$error":"#VALUE!"}]
[{"$nulls":3},{"$error":"#VALUE!"}]
[{"$nulls":3},{"$error":"#VALUE!"}]
[{"$nulls":3},{"$error":"#VALUE!"}]
[{"$nulls":3},{"$error":"#VALUE!"}]
[{"$nulls":3},{"$error":"#VALUE!"}]
[{"$nulls":3},{"$error":"#VALUE!"}]
[{"$nulls":3},{"$error":"#VALUE!"}]
[{"$nulls":3},{"$error":"#VALUE!"}]
[{"$nulls":3},{"$error":"#VALUE!"}]
[{"$nulls":3},{"$error":"#VALUE!"}]
[{"$nulls":3},{"$error":"#VALUE!"}]
[{"$nulls":3},{"$error":"#VALUE!"}]
[{"$nulls":3},{"$error":"#VALUE!"}]
[{"$nulls":3},{"$error":"#VALUE!"}]
[{"$nulls":3},{"$error":"#VALUE!"}]
[{"$nulls":3},{"$error":"#VALUE!"}]
[{"$nulls":3},{"$error":"#VALUE!"}]
[{"$nulls":3},{"$error":"#VALUE!"}]
[{"$nulls":3},{"$error":"#VALUE!"}]
[{"$nulls":3},{"$error":"#VALUE!"}]
[{"$nulls":3},{"$error":"#VALUE!"}]
[{"$nulls":3},{"$error":"#VALUE!"}]
[{"$nulls":3},{"$error":"#VALUE!"}]
[{"$nulls":3},{"$error":"#VALUE!"}]
[{"$nulls":3},{"$error":"#VALUE!"}]
[{"$nulls":3},{"$error":"#VALUE!"}]
[{"$nulls":3},{"$error":"#VALUE!"}]
[{"$nulls":3},{"$error":"#VALUE!"}]
[{"$nulls":3},{"$error":"#VALUE!"}]
[{"$nulls":3},{"$error":"#VALUE!"}]
[{"$nulls":3},{"$error":"#VALUE!"}]
[{"$nulls":3},{"$error":"#VALUE!"}]
[{"$nulls":3},{"$error":"#VALUE!"}]
[{"$nulls":3},{"$error":"#VALUE!"}]
[{"$nulls":3},{"$error":"#VALUE!"}]
[{"$nulls":3},{"$error":"#VALUE!"}]
[{"$nulls":3},{"$error":"#VALUE!"}]
[{"$nulls":3},{"$error":"#VALUE!"}]
[{"$nulls":3},{"$error":"#VALUE!"}]
[{"$nulls":3},{"$error":"#VALUE!"}]
[{"$nulls":3},{"$error":"#VALUE!"}]
[{"$nulls":3},{"$error":"#VALUE!"}]
[{"$nulls":3},{"$error":"#VALUE!"}]
[{"$nulls":3},{"$error":"#VALUE!"}]
[{"$nulls":3},{"$error":"#VALUE!"}]
[{"$nulls":3},{"$error":"#VALUE!"}]
[{"$nulls":3},{"$error":"#VALUE!"}]
[{"$nulls":3},{"$error":"#VALUE!"}]
[{"$nulls":3},{"$error":"#VALUE!"}]
[{"$nulls":3},{"$error":"#VALUE!"}]
[{"$nulls":3},{"$error":"#VALUE!"}]
[{"$nulls":3},{"$error":"#VALUE!"}]
[{"$nulls":3},{"$error":"#VALUE!"}]
[{"$nulls":3},{"$error":"#VALUE!"}]
[{"$nulls":3},{"$error":"#VALUE!"}]
[{"$nulls":3},{"$error":"#VALUE!"}]
[{"$nulls":3},{"$error":"#VALUE!"}]
[{"$nulls":3},{"$error":"#VALUE!"}]
[{"$nulls":3},{"$error":"#VALUE!"}]
[{"$nulls":3},{"$error":"#VALUE!"}]
[{"$nulls":3},{"$error":"#VALUE!"}]
[{"$nulls":3},{"$error":"#VALUE!"}]
[{"$nulls":3},{"$error":"#VALUE!"}]
[{"$nulls":3},{"$error":"#VALUE!"}]
[{"$nulls":3},{"$error":"#VALUE!"}]
[{"$nulls":3},{"$error":"#VALUE!"}]
[{"$nulls":3},{"$error":"#VALUE!"}]
[{"$nulls":3},{"$error":"#VALUE!"}]
[{"$nulls":3},{"$error":"#VALUE!"}]
[{"$nulls":3},{"$error":"#VALUE!"}]
[{"$nulls":3},{"$error":"#VALUE!"}]
[{"$nulls":3},{"$error":"#VALUE!"}]
[{"$nulls":3},{"$error":"#VALUE!"}]
[{"$nulls":3},{"$error":"#VALUE!"}]
[{"$nulls":3},{"$error":"#VALUE!"}]
[{"$nulls":3},{"$error":"#VALUE!"}]
[{"$nulls":3},{"$error":"#VALUE!"}]
[{"$nulls":3},{"$error":"#VALUE!"}]
[{"$nulls":3},{"$error":"#VALUE!"}]
[{"$nulls":3},{"$error":"#VALUE!"}]
[{"$nulls":3},{"$error":"#VALUE!"}]
[{"$nulls":3},{"$error":"#VALUE!"}]
[{"$nulls":3},{"$error":"#VALUE!"}]
[{"$nulls":3},{"$error":"#VALUE!"}]
[{"$nulls":3},{"$error":"#VALUE!"}]
[{"$nulls":3},{"$error":"#VALUE!"}]
[{"$nulls":3},{"$error":"#VALUE!"}]
[{"$nulls":3},{"$error":"#VALUE!"}]
[{"$nulls":3},{"$error":"#VALUE!"}]
[{"$nulls":3},{"$error":"#VALUE!"}]
[{"$nulls":3},{"$error":"#VALUE!"}]
[{"$nulls":3},{"$error":"#VALUE!"}]
[{"$nulls":3},{"$error":"#VALUE!"}]
[{"$nulls":3},{"$error":"#VALUE!"}]
[{"$nulls":3},{"$error":"#VALUE!"}]
[{"$nulls":3},{"$error":"#VALUE!"}]
[{"$nulls":3},{"$error":"#VALUE!"}]
[{"$nulls":3},{"$error":"#VALUE!"}]
[{"$nulls":3},{"$error":"#VALUE!"}]
[{"$nulls":3},{"$error":"#VALUE!"}]
[{"$nulls":3},{"$error":"#VALUE!"}]
[{"$nulls":3},{"$error":"#VALUE!"}]
[{"$nulls":3},{"$error":"#VALUE!"}]
[{"$nulls":3},{"$error":"#VALUE!"}]
[{"$nulls":3},{"$error":"#VALUE!"}]
[{"$nulls":3},{"$error":"#VALUE!"}]
[{"$nulls":3},{"$error":"#VALUE!"}]
[{"$nulls":3},{"$error":"#VALUE!"}]
[{"$nulls":3},{"$error":"#VALUE!"}]
[{"$nulls":3},{"$error":"#VALUE!"}]
[{"$nulls":3},{"$error":"#VALUE!"}]
[{"$nulls":3},{"$error":"#VALUE!"}]
[{"$nulls":3},{"$error":"#VALUE!"}]
[{"$nulls":3},{"$error":"#VALUE!"}]
[{"$nulls":3},{"$error":"#VALUE!"}]
[{"$nulls":3},{"$error":"#VALUE!"}]
[{"$nulls":3},{"$error":"#VALUE!"}]
[{"$nulls":3},{"$error":"#VALUE!"}]
[{"$nulls":3},{"$error":"#VALUE!"}]
[{"$nulls":3},{"$error":"#VALUE!"}]
[{"$nulls":3},{"$error":"#VALUE!"}]
[{"$nulls":3},{"$error":"#VALUE!"}]
[{"$nulls":3},{"$error":"#VALUE!"}]
[{"$nulls":3},{"$error":"#VALUE!"}]
[{"$nulls":3},{"$error":"#VALUE!"}]
[{"$nulls":3},{"$error":"#VALUE!"}]
[{"$nulls":3},{"$error":"#VALUE!"}]
[{"$nulls":3},{"$error":"#VALUE!"}]
[{"$nulls":3},{"$error":"#VALUE!"}]
[{"$nulls":3},{"$error":"#VALUE!"}]
[{"$nulls":3},{"$error":"#VALUE!"}]
[{"$nulls":3},{"$error":"#VALUE!"}]
[{"$nulls":3},{"$error":"#VALUE!"}]
[{"$nulls":3},{"$error":"#VALUE!"}]
[{"$nulls":3},{"$error":"#VALUE!"}]
[{"$nulls":3},{"$error":"#VALUE!"}]
[{"$nulls":3},{"$error":"#VALUE!"}]
[{"$nulls":3},{"$error":"#VALUE!"}]
[{"$nulls":3},{"$error":"#VALUE!"}]
[{"$nulls":3},{"$error":"#VALUE!"}]
[{"$nulls":3},{"$error":"#VALUE!"}]
[{"$nulls":3},{"$error":"#VALUE!"}]
[{"$nulls":3},{"$error":"#VALUE!"}]
[{"$nulls":3},{"$error":"#VALUE!"}]
[{"$nulls":3},{"$error":"#VALUE!"}]
[{"$nulls":3},{"$error":"#VALUE!"}]
[{"$nulls":3},{"$error":"#VALUE!"}]
[{"$nulls":3},{"$error":"#VALUE!"}]
[{"$nulls":3},{"$error":"#VALUE!"}]
[{"$nulls":3},{"$error":"#VALUE!"}]
[{"$nulls":3},{"$error":"#VALUE!"}]
[{"$nulls":3},{"$error":"#VALUE!"}]
[{"$nulls":3},{"$error":"#VALUE!"}]
[{"$nulls":3},{"$error":"#VALUE!"}]
[{"$nulls":3},{"$error":"#VALUE!"}]
[{"$nulls":3},{"$error":"#VALUE!"}]
[{"$nulls":3},{"$error":"#VALUE!"}]
[{"$nulls":3},{"$error":"#VALUE!"}]
[{"$nulls":3},{"$error":"#VALUE!"}]
[{"$nulls":3},{"$error":"#VALUE!"}]
[{"$nulls":3},{"$error":"#VALUE!"}]
[{"$nulls":3},{"$error":"#VALUE!"}]
[{"$nulls":3},{"$error":"#VALUE!"}]
[{"$nulls":3},{"$error":"#VALUE!"}]
[{"$nulls":3},{"$error":"#VALUE!"}]
[{"$nulls":3},{"$error":"#VALUE!"}]
[{"$nulls":3},{"$error":"#VALUE!"}]
[{"$nulls":3},{"$error":"#VALUE!"}]
[{"$nulls":3},{"$error":"#VALUE!"}]
[{"$nulls":3},{"$error":"#VALUE!"}]
[{"$nulls":3},{"$error":"#VALUE!"}]
[{"$nulls":3},{"$error":"#VALUE!"}]
[{"$nulls":3},{"$error":"#VALUE!"}]
[{"$nulls":3},{"$error":"#VALUE!"}]
[{"$nulls":3},{"$error":"#VALUE!"}]
[{"$nulls":3},{"$error":"#VALUE!"}]
[{"$nulls":3},{"$error":"#VALUE!"}]
[{"$nulls":3},{"$error":"#VALUE!"}]
[{"$nulls":3},{"$error":"#VALUE!"}]
[{"$nulls":3},{"$error":"#VALUE!"}]
[{"$nulls":3},{"$error":"#VALUE!"}]
[{"$nulls":3},{"$error":"#VALUE!"}]
[{"$nulls":3},{"$error":"#VALUE!"}]
[{"$nulls":3},{"$error":"#VALUE!"}]
[{"$nulls":3},{"$error":"#VALUE!"}]
[{"$nulls":3},{"$error":"#VALUE!"}]
[{"$nulls":3},{"$error":"#VALUE!"}]
[{"$nulls":3},{"$error":"#VALUE!"}]
[{"$nulls":3},{"$error":"#VALUE!"}]
[{"$nulls":3},{"$error":"#VALUE!"}]
[{"$nulls":3},{"$error":"#VALUE!"}]
[{"$nulls":3},{"$error":"#VALUE!"}]
[{"$nulls":3},{"$error":"#VALUE!"}]
[{"$nulls":3},{"$error":"#VALUE!"}]
[{"$nulls":3},{"$error":"#VALUE!"}]
[{"$nulls":3},{"$error":"#VALUE!"}]
[{"$nulls":3},{"$error":"#VALUE!"}]
[{"$nulls":3},{"$error":"#VALUE!"}]
[{"$nulls":3},{"$error":"#VALUE!"}]
[{"$nulls":3},{"$error":"#VALUE!"}]
[{"$nulls":3},{"$error":"#VALUE!"}]
[{"$nulls":3},{"$error":"#VALUE!"}]
[{"$nulls":3},{"$error":"#VALUE!"}]
[{"$nulls":3},{"$error":"#VALUE!"}]
[{"$nulls":3},{"$error":"#VALUE!"}]
[{"$nulls":3},{"$error":"#VALUE!"}]
[{"$nulls":3},{"$error":"#VALUE!"}]
[{"$nulls":3},{"$error":"#VALUE!"}]
[{"$nulls":3},{"$error":"#VALUE!"}]
[{"$nulls":3},{"$error":"#VALUE!"}]
[{"$nulls":3},{"$error":"#VALUE!"}]
[{"$nulls":3},{"$error":"#VALUE!"}]
[{"$nulls":3},{"$error":"#VALUE!"}]
[{"$nulls":3},{"$error":"#VALUE!"}]
[{"$nulls":3},{"$error":"#VALUE!"}]
[{"$nulls":3},{"$error":"#VALUE!"}]
[{"$nulls":3},{"$error":"#VALUE!"}]
[{"$nulls":3},{"$error":"#VALUE!"}]
[{"$nulls":3},{"$error":"#VALUE!"}]
[{"$nulls":3},{"$error":"#VALUE!"}]
[{"$nulls":3},{"$error":"#VALUE!"}]
[{"$nulls":3},{"$error":"#VALUE!"}]
[{"$nulls":3},{"$error":"#VALUE!"}]
[{"$nulls":3},{"$error":"#VALUE!"}]
[{"$nulls":3},{"$error":"#VALUE!"}]
[{"$nulls":3},{"$error":"#VALUE!"}]
[{"$nulls":3},{"$error":"#VALUE!"}]
[{"$nulls":3},{"$error":"#VALUE!"}]
[{"$nulls":3},{"$error":"#VALUE!"}]
[{"$nulls":3},{"$error":"#VALUE!"}]
[{"$nulls":3},{"$error":"#VALUE!"}]
[{"$nulls":3},{"$error":"#VALUE!"}]
[{"$nulls":3},{"$error":"#VALUE!"}]
[{"$nulls":3},{"$error":"#VALUE!"}]
[{"$nulls":3},{"$error":"#VALUE!"}]
[{"$nulls":3},{"$error":"#VALUE!"}]
[{"$nulls":3},{"$error":"#VALUE!"}]
[{"$nulls":3},{"$error":"#VALUE!"}]

{"sheet":"U11G","index":1,"n_rows":207,"n_cols":11,"rows_kept":207,"hidden":true,"merged":[[0,1,0,6],[1,1,1,6]]}
[null,"Sussex Athletics XC Championships\nBexhill, 07/01/2023"]
[null,"U11 Girls"]
["Temp","Pos","Bib","Time","Forename","Surname","Club","Cat ","Sex","Rk","Club Rk"]
[{"$f":"+K4","v":{"$error":"#REF!"}},1,43,"8:50",{"$f":"+VLOOKUP($C4,#REF!,2,\"false\")","v":{"$error":"#REF!"}},{"$f":"+VLOOKUP($C4,#REF!,3,\"false\")","v":{"$error":"#REF!"}},{"$f":"+VLOOKUP($C4,#REF!,4,\"false\")","v":{"$error":"#REF!"}},{"$f":"+VLOOKUP($C4,#REF!,5,\"false\")","v":{"$error":"#REF!"}},{"$f":"+VLOOKUP($C4,#REF!,6,\"false\")","v":{"$error":"#REF!"}},{"$f":"TEXT(SUMPRODUCT(--(G4=$G$4:$G$597),--(B4>$B$4:$B$597))+1,0)","v":{"$error":"#REF!"}},{"$f":"+G4&\"  \"&J4","v":{"$error":"#REF!"}}]
[{"$f":"+K5","v":{"$error":"#REF!"}},{"$f":"+B4+1","v":2},38,"8:51",{"$f":"+VLOOKUP($C5,#REF!,2,\"false\")","v":{"$error":"#REF!"}},{"$f":"+VLOOKUP($C5,#REF!,3,\"false\")","v":{"$error":"#REF!"}},{"$f":"+VLOOKUP($C5,#REF!,4,\"false\")","v":{"$error":"#REF!"}},{"$f":"+VLOOKUP($C5,#REF!,5,\"false\")","v":{"$error":"#REF!"}},{"$f":"+VLOOKUP($C5,#REF!,6,\"false\")","v":{"$error":"#REF!"}},{"$f":"TEXT(SUMPRODUCT(--(G5=$G$4:$G$597),--(B5>$B$4:$B$597))+1,0)","v":{"$error":"#REF!"}},{"$f":"+G5&\"  \"&J5","v":{"$error":"#REF!"}}]
[{"$error":"#REF!"},{"$f":"+B5+1","v":3},46,"8:52",{"$f":"+VLOOKUP($C6,#REF!,2,\"false\")","v":{"$error":"#REF!"}},{"$f":"+VLOOKUP($C6,#REF!,3,\"false\")","v":{"$error":"#REF!"}},{"$f":"+VLOOKUP($C6,#REF!,4,\"false\")","v":{"$error":"#REF!"}},{"$f":"+VLOOKUP($C6,#REF!,5,\"false\")","v":{"$error":"#REF!"}},{"$f":"+VLOOKUP($C6,#REF!,6,\"false\")","v":{"$error":"#REF!"}},{"$error":"#REF!"},{"$error":"#REF!"}]
[{"$error":"#REF!"},4,48,"8:54",{"$f":"+VLOOKUP($C7,#REF!,2,\"false\")","v":{"$error":"#REF!"}},{"$f":"+VLOOKUP($C7,#REF!,3,\"false\")","v":{"$error":"#REF!"}},{"$f":"+VLOOKUP($C7,#REF!,4,\"false\")","v":{"$error":"#REF!"}},{"$f":"+VLOOKUP($C7,#REF!,5,\"false\")","v":{"$error":"#REF!"}},{"$f":"+VLOOKUP($C7,#REF!,6,\"false\")","v":{"$error":"#REF!"}},{"$error":"#REF!"},{"$error":"#REF!"}]
[{"$error":"#REF!"},5,42,"8:57",{"$f":"+VLOOKUP($C8,#REF!,2,\"false\")","v":{"$error":"#REF!"}},{"$f":"+VLOOKUP($C8,#REF!,3,\"false\")","v":{"$error":"#REF!"}},{"$f":"+VLOOKUP($C8,#REF!,4,\"false\")","v":{"$error":"#REF!"}},{"$f":"+VLOOKUP($C8,#REF!,5,\"false\")","v":{"$error":"#REF!"}},{"$f":"+VLOOKUP($C8,#REF!,6,\"false\")","v":{"$error":"#REF!"}},{"$error":"#REF!"},{"$error":"#REF!"}]
[{"$error":"#REF!"},6,54,"9:33",{"$f":"+VLOOKUP($C9,#REF!,2,\"false\")","v":{"$error":"#REF!"}},{"$f":"+VLOOKUP($C9,#REF!,3,\"false\")","v":{"$error":"#REF!"}},{"$f":"+VLOOKUP($C9,#REF!,4,\"false\")","v":{"$error":"#REF!"}},{"$f":"+VLOOKUP($C9,#REF!,5,\"false\")","v":{"$error":"#REF!"}},{"$f":"+VLOOKUP($C9,#REF!,6,\"false\")","v":{"$error":"#REF!"}},{"$error":"#REF!"},{"$error":"#REF!"}]
[{"$error":"#REF!"},7,60,"9:35",{"$f":"+VLOOKUP($C10,#REF!,2,\"false\")","v":{"$error":"#REF!"}},{"$f":"+VLOOKUP($C10,#REF!,3,\"false\")","v":{"$error":"#REF!"}},{"$f":"+VLOOKUP($C10,#REF!,4,\"false\")","v":{"$error":"#REF!"}},{"$f":"+VLOOKUP($C10,#REF!,5,\"false\")","v":{"$error":"#REF!"}},{"$f":"+VLOOKUP($C10,#REF!,6,\"false\")","v":{"$error":"#REF!"}},{"$error":"#REF!"},{"$error":"#REF!"}]
[{"$error":"#REF!"},8,52,"9:37",{"$f":"+VLOOKUP($C11,#REF!,2,\"false\")","v":{"$error":"#REF!"}},{"$f":"+VLOOKUP($C11,#REF!,3,\"false\")","v":{"$error":"#REF!"}},{"$f":"+VLOOKUP($C11,#REF!,4,\"false\")","v":{"$error":"#REF!"}},{"$f":"+VLOOKUP($C11,#REF!,5,\"false\")","v":{"$error":"#REF!"}},{"$f":"+VLOOKUP($C11,#REF!,6,\"false\")","v":{"$error":"#REF!"}},{"$error":"#REF!"},{"$error":"#REF!"}]
[{"$error":"#REF!"},9,49,"9:45",{"$f":"+VLOOKUP($C12,#REF!,2,\"false\")","v":{"$error":"#REF!"}},{"$f":"+VLOOKUP($C12,#REF!,3,\"false\")","v":{"$error":"#REF!"}},{"$f":"+VLOOKUP($C12,#REF!,4,\"false\")","v":{"$error":"#REF!"}},{"$f":"+VLOOKUP($C12,#REF!,5,\"false\")","v":{"$error":"#REF!"}},{"$f":"+VLOOKUP($C12,#REF!,6,\"false\")","v":{"$error":"#REF!"}},{"$error":"#REF!"},{"$error":"#REF!"}]
[{"$error":"#REF!"},10,56,"9:46",{"$f":"+VLOOKUP($C13,#REF!,2,\"false\")","v":{"$error":"#REF!"}},{"$f":"+VLOOKUP($C13,#REF!,3,\"false\")","v":{"$error":"#REF!"}},{"$f":"+VLOOKUP($C13,#REF!,4,\"false\")","v":{"$error":"#REF!"}},{"$f":"+VLOOKUP($C13,#REF!,5,\"false\")","v":{"$error":"#REF!"}},{"$f":"+VLOOKUP($C13,#REF!,6,\"false\")","v":{"$error":"#REF!"}},{"$error":"#REF!"},{"$error":"#REF!"}]
[{"$error":"#REF!"},11,61,"9:47",{"$f":"+VLOOKUP($C14,#REF!,2,\"false\")","v":{"$error":"#REF!"}},{"$f":"+VLOOKUP($C14,#REF!,3,\"false\")","v":{"$error":"#REF!"}},{"$f":"+VLOOKUP($C14,#REF!,4,\"false\")","v":{"$error":"#REF!"}},{"$f":"+VLOOKUP($C14,#REF!,5,\"false\")","v":{"$error":"#REF!"}},{"$f":"+VLOOKUP($C14,#REF!,6,\"false\")","v":{"$error":"#REF!"}},{"$error":"#REF!"},{"$error":"#REF!"}]
[{"$error":"#REF!"},12,57,"9:48",{"$f":"+VLOOKUP($C15,#REF!,2,\"false\")","v":{"$error":"#REF!"}},{"$f":"+VLOOKUP($C15,#REF!,3,\"false\")","v":{"$error":"#REF!"}},{"$f":"+VLOOKUP($C15,#REF!,4,\"false\")","v":{"$error":"#REF!"}},{"$f":"+VLOOKUP($C15,#REF!,5,\"false\")","v":{"$error":"#REF!"}},{"$f":"+VLOOKUP($C15,#REF!,6,\"false\")","v":{"$error":"#REF!"}},{"$error":"#REF!"},{"$error":"#REF!"}]
[{"$error":"#REF!"},13,51,"9:51",{"$f":"+VLOOKUP($C16,#REF!,2,\"false\")","v":{"$error":"#REF!"}},{"$f":"+VLOOKUP($C16,#REF!,3,\"false\")","v":{"$error":"#REF!"}},{"$f":"+VLOOKUP($C16,#REF!,4,\"false\")","v":{"$error":"#REF!"}},{"$f":"+VLOOKUP($C16,#REF!,5,\"false\")","v":{"$error":"#REF!"}},{"$f":"+VLOOKUP($C16,#REF!,6,\"false\")","v":{"$error":"#REF!"}},{"$error":"#REF!"},{"$error":"#REF!"}]
[{"$error":"#REF!"},14,44,"9:51",{"$f":"+VLOOKUP($C17,#REF!,2,\"false\")","v":{"$error":"#REF!"}},{"$f":"+VLOOKUP($C17,#REF!,3,\"false\")","v":{"$error":"#REF!"}},{"$f":"+VLOOKUP($C17,#REF!,4,\"false\")","v":{"$error":"#REF!"}},{"$f":"+VLOOKUP($C17,#REF!,5,\"false\")","v":{"$error":"#REF!"}},{"$f":"+VLOOKUP($C17,#REF!,6,\"false\")","v":{"$error":"#REF!"}},{"$error":"#REF!"},{"$error":"#REF!"}]
[{"$error":"#REF!"},15,55,"10:01",{"$f":"+VLOOKUP($C18,#REF!,2,\"false\")","v":{"$error":"#REF!"}},{"$f":"+VLOOKUP($C18,#REF!,3,\"false\")","v":{"$error":"#REF!"}},{"$f":"+VLOOKUP($C18,#REF!,4,\"false\")","v":{"$error":"#REF!"}},{"$f":"+VLOOKUP($C18,#REF!,5,\"false\")","v":{"$error":"#REF!"}},{"$f":"+VLOOKUP($C18,#REF!,6,\"false\")","v":{"$error":"#REF!"}},{"$error":"#REF!"},{"$error":"#REF!"}]
[{"$error":"#REF!"},16,41,"10:03",{"$f":"+VLOOKUP($C19,#REF!,2,\"false\")","v":{"$error":"#REF!"}},{"$f":"+VLOOKUP($C19,#REF!,3,\"false\")","v":{"$error":"#REF!"}},{"$f":"+VLOOKUP($C19,#REF!,4,\"false\")","v":{"$error":"#REF!"}},{"$f":"+VLOOKUP($C19,#REF!,5,\"false\")","v":{"$error":"#REF!"}},{"$f":"+VLOOKUP($C19,#REF!,6,\"false\")","v":{"$error":"#REF!"}},{"$error":"#REF!"},{"$error":"#REF!"}]
[{"$error":"#REF!"},17,39,"10:06",{"$f":"+VLOOKUP($C20,#REF!,2,\"false\")","v":{"$error":"#REF!"}},{"$f":"+VLOOKUP($C20,#REF!,3,\"false\")","v":{"$error":"#REF!"}},{"$f":"+VLOOKUP($C20,#REF!,4,\"false\")","v":{"$error":"#REF!"}},{"$f":"+VLOOKUP($C20,#REF!,5,\"false\")","v":{"$error":"#REF!"}},{"$f":"+VLOOKUP($C20,#REF!,6,\"false\")","v":{"$error":"#REF!"}},{"$error":"#REF!"},{"$error":"#REF!"}]
[{"$error":"#REF!"},18,53,"10:28",{"$f":"+VLOOKUP($C21,#REF!,2,\"false\")","v":{"$error":"#REF!"}},{"$f":"+VLOOKUP($C21,#REF!,3,\"false\")","v":{"$error":"#REF!"}},{"$f":"+VLOOKUP($C21,#REF!,4,\"false\")","v":{"$error":"#REF!"}},{"$f":"+VLOOKUP($C21,#REF!,5,\"false\")","v":{"$error":"#REF!"}},{"$f":"+VLOOKUP($C21,#REF!,6,\"false\")","v":{"$error":"#REF!"}},{"$error":"#REF!"},{"$f":"+G21&\"  \"&J21","v":{"$error":"#REF!"}}]
[{"$error":"#REF!"},19,50,"10:36",{"$f":"+VLOOKUP($C22,#REF!,2,\"false\")","v":{"$error":"#REF!"}},{"$f":"+VLOOKUP($C22,#REF!,3,\"false\")","v":{"$error":"#REF!"}},{"$f":"+VLOOKUP($C22,#REF!,4,\"false\")","v":{"$error":"#REF!"}},{"$f":"+VLOOKUP($C22,#REF!,5,\"false\")","v":{"$error":"#REF!"}},{"$f":"+VLOOKUP($C22,#REF!,6,\"false\")","v":{"$error":"#REF!"}},{"$error":"#REF!"},{"$f":"+G22&\"  \"&J22","v":{"$error":"#REF!"}}]
[{"$error":"#REF!"},20,523,"10:45",{"$f":"+VLOOKUP($C23,#REF!,2,\"false\")","v":{"$error":"#REF!"}},{"$f":"+VLOOKUP($C23,#REF!,3,\"false\")","v":{"$error":"#REF!"}},{"$f":"+VLOOKUP($C23,#REF!,4,\"false\")","v":{"$error":"#REF!"}},{"$f":"+VLOOKUP($C23,#REF!,5,\"false\")","v":{"$error":"#REF!"}},{"$f":"+VLOOKUP($C23,#REF!,6,\"false\")","v":{"$error":"#REF!"}},{"$error":"#REF!"},{"$f":"+G23&\"  \"&J23","v":{"$error":"#REF!"}}]
[{"$error":"#REF!"},21,59,"11:16",{"$f":"+VLOOKUP($C24,#REF!,2,\"false\")","v":{"$error":"#REF!"}},{"$f":"+VLOOKUP($C24,#REF!,3,\"false\")","v":{"$error":"#REF!"}},{"$f":"+VLOOKUP($C24,#REF!,4,\"false\")","v":{"$error":"#REF!"}},{"$f":"+VLOOKUP($C24,#REF!,5,\"false\")","v":{"$error":"#REF!"}},{"$f":"+VLOOKUP($C24,#REF!,6,\"false\")","v":{"$error":"#REF!"}},{"$error":"#REF!"},{"$f":"+G24&\"  \"&J24","v":{"$error":"#REF!"}}]
{"$rows_empty":82}
[null,"Pos","Bib","Time"]
[null,1,43,"8:50"]
[null,{"$f":"+B108+1","v":2},38,"8:51"]
[null,{"$f":"+B109+1","v":3},46,"8:52"]
[null,4,48,"8:54"]
[null,5,42,"8:57"]
[null,6,54,"9:33"]
[null,7,60,"9:35"]
[null,8,52,"9:37"]
[null,9,49,"9:45"]
[null,10,56,"9:46"]
[null,11,61,"9:47"]
[null,12,57,"9:48"]
[null,13,51,"9:51"]
[null,14,44,"9:51"]
[null,15,55,"10:01"]
[null,16,41,"10:03"]
[null,17,39,"10:06"]
[null,18,53,"10:28"]
[null,19,50,"10:36"]
[null,20,523,"10:45"]
[null,21,59,"11:16"]
[null,22]
[null,23]
[null,24]
[null,25]
[null,26]
[null,27]
[null,28]
[null,29]
[null,30]
[null,31]
[null,32]
[null,33]
[null,34]
[null,35]
[null,36]
[null,37]
[null,38]
[null,39]
[null,40]
[null,41]
[null,42]
[null,43]
[null,44]
[null,45]
[null,46]
[null,47]
[null,48]
[null,49]
[null,50]
[null,51]
[null,52]
[null,53]
[null,54]
[null,55]
[null,56]
[null,57]
[null,58]
[null,59]
[null,60]
[null,61]
[null,62]
[null,63]
[null,64]
[null,65]
[null,66]
[null,{"$f":"+B173+1","v":67}]
[null,68]
[null,69]
[null,70]
[null,71]
[null,72]
[null,73]
[null,74]
[null,75]
[null,76]
[null,77]
[null,78]
[null,79]
[null,80]
[null,81]
[null,82]
[null,83]
[null,84]
[null,85]
[null,86]
[null,87]
[null,88]
[null,89]
[null,90]
[null,91]
[null,92]
[null,93]
[null,94]
[null,95]
[null,96]
[null,97]
[null,98]
[null,99]
[null,100]

{"sheet":"U13G","index":2,"n_rows":207,"n_cols":39,"rows_kept":207,"hidden":true,"merged":[[0,1,0,6],[1,1,1,6]]}
[null,"Sussex Athletics XC Championships\nBexhill, 07/01/2023",{"$nulls":11},"26 clubs - cols N to AM"]
[null,"U13 Girls"]
["Temp","Pos","Bib","Time","Forename","Surname","Club","Cat ","Sex","Rk","Club Rk",null,null,"HY","CRA","EBR","HBS","CHI","WDH","B&H","SYN","PHX","BWK","HAS","BR&T"]
[{"$f":"+K4","v":{"$error":"#REF!"}},1,125,"12:36",{"$f":"+VLOOKUP($C4,#REF!,2,\"false\")","v":{"$error":"#REF!"}},{"$f":"+VLOOKUP($C4,#REF!,3,\"false\")","v":{"$error":"#REF!"}},{"$f":"+VLOOKUP($C4,#REF!,4,\"false\")","v":{"$error":"#REF!"}},{"$f":"+VLOOKUP($C4,#REF!,5,\"false\")","v":{"$error":"#REF!"}},{"$f":"+VLOOKUP($C4,#REF!,6,\"false\")","v":{"$error":"#REF!"}},{"$f":"TEXT(SUMPRODUCT(--(G4=$G$4:$G$597),--(B4>$B$4:$B$597))+1,0)","v":{"$error":"#REF!"}},{"$f":"+G4&\"  \"&J4","v":{"$error":"#REF!"}},null,1,{"$f":"+IF(ISNA(VLOOKUP(N$3&\"  \"&$M4,$A$3:$I$109,2,0)),\"\",VLOOKUP(N$3&\"  \"&$M4,$A$3:$I$109,2,0))","v":""},"","","","","","","","","",{"$f":"+IF(ISNA(VLOOKUP(X$3&\"  \"&$M4,$A$3:$I$109,2,0)),\"\",VLOOKUP(X$3&\"  \"&$M4,$A$3:$I$109,2,0))","v":""},"","","","","","","","","",{"$f":"+IF(ISNA(VLOOKUP(AH$3&\"  \"&$M4,$A$3:$I$109,2,0)),\"\",VLOOKUP(AH$3&\"  \"&$M4,$A$3:$I$109,2,0))","v":""},"","","","",""]
[{"$f":"+K5","v":{"$error":"#REF!"}},{"$f":"+B4+1","v":2},122,"13:12",{"$f":"+VLOOKUP($C5,#REF!,2,\"false\")","v":{"$error":"#REF!"}},{"$f":"+VLOOKUP($C5,#REF!,3,\"false\")","v":{"$error":"#REF!"}},{"$f":"+VLOOKUP($C5,#REF!,4,\"false\")","v":{"$error":"#REF!"}},{"$f":"+VLOOKUP($C5,#REF!,5,\"false\")","v":{"$error":"#REF!"}},{"$f":"+VLOOKUP($C5,#REF!,6,\"false\")","v":{"$error":"#REF!"}},{"$error":"#REF!"},{"$f":"+G5&\"  \"&J5","v":{"$error":"#REF!"}},null,2,"","","","","","","","","","","","","","","","","","","","","","","","","",""]
[{"$error":"#REF!"},{"$f":"+B5+1","v":3},120,"13:55",{"$f":"+VLOOKUP($C6,#REF!,2,\"false\")","v":{"$error":"#REF!"}},{"$f":"+VLOOKUP($C6,#REF!,3,\"false\")","v":{"$error":"#REF!"}},{"$f":"+VLOOKUP($C6,#REF!,4,\"false\")","v":{"$error":"#REF!"}},{"$f":"+VLOOKUP($C6,#REF!,5,\"false\")","v":{"$error":"#REF!"}},{"$f":"+VLOOKUP($C6,#REF!,6,\"false\")","v":{"$error":"#REF!"}},{"$error":"#REF!"},{"$error":"#REF!"},null,3,"","","","","","","","","","","","","","","","","","","","","","","","","",""]
[{"$error":"#REF!"},4,137,"14:05",{"$f":"+VLOOKUP($C7,#REF!,2,\"false\")","v":{"$error":"#REF!"}},{"$f":"+VLOOKUP($C7,#REF!,3,\"false\")","v":{"$error":"#REF!"}},{"$f":"+VLOOKUP($C7,#REF!,4,\"false\")","v":{"$error":"#REF!"}},{"$f":"+VLOOKUP($C7,#REF!,5,\"false\")","v":{"$error":"#REF!"}},{"$f":"+VLOOKUP($C7,#REF!,6,\"false\")","v":{"$error":"#REF!"}},{"$error":"#REF!"},{"$error":"#REF!"},null,null,"","","","","","","","","","","","","","","","","","","","","","","","","",""]
[{"$error":"#REF!"},5,141,"14:11",{"$f":"+VLOOKUP($C8,#REF!,2,\"false\")","v":{"$error":"#REF!"}},{"$f":"+VLOOKUP($C8,#REF!,3,\"false\")","v":{"$error":"#REF!"}},{"$f":"+VLOOKUP($C8,#REF!,4,\"false\")","v":{"$error":"#REF!"}},{"$f":"+VLOOKUP($C8,#REF!,5,\"false\")","v":{"$error":"#REF!"}},{"$f":"+VLOOKUP($C8,#REF!,6,\"false\")","v":{"$error":"#REF!"}},{"$error":"#REF!"},{"$error":"#REF!"},null,null,"","","","","","","","","","","","","","","","","","","","","","","","","",""]
[{"$error":"#REF!"},6,159,"14:11",{"$f":"+VLOOKUP($C9,#REF!,2,\"false\")","v":{"$error":"#REF!"}},{"$f":"+VLOOKUP($C9,#REF!,3,\"false\")","v":{"$error":"#REF!"}},{"$f":"+VLOOKUP($C9,#REF!,4,\"false\")","v":{"$error":"#REF!"}},{"$f":"+VLOOKUP($C9,#REF!,5,\"false\")","v":{"$error":"#REF!"}},{"$f":"+VLOOKUP($C9,#REF!,6,\"false\")","v":{"$error":"#REF!"}},{"$error":"#REF!"},{"$error":"#REF!"},null,null,"","","","","","","","","","","","","","","","","","","","","","","","","",""]
[{"$error":"#REF!"},7,138,"14:16",{"$f":"+VLOOKUP($C10,#REF!,2,\"false\")","v":{"$error":"#REF!"}},{"$f":"+VLOOKUP($C10,#REF!,3,\"false\")","v":{"$error":"#REF!"}},{"$f":"+VLOOKUP($C10,#REF!,4,\"false\")","v":{"$error":"#REF!"}},{"$f":"+VLOOKUP($C10,#REF!,5,\"false\")","v":{"$error":"#REF!"}},{"$f":"+VLOOKUP($C10,#REF!,6,\"false\")","v":{"$error":"#REF!"}},{"$error":"#REF!"},{"$error":"#REF!"},null,"Tot",{"$f":"IF(N6=\"\",1000,SUM(N4:N6))","v":1000},{"$f":"IF(O6=\"\",1000,SUM(O4:O6))","v":1000},1000,1000,1000,1000,1000,1000,1000,1000,1000,1000,1000,1000,1000,1000,1000,1000,1000,1000,1000,1000,1000,1000,1000,1000]
[{"$error":"#REF!"},8,153,"14:18",{"$f":"+VLOOKUP($C11,#REF!,2,\"false\")","v":{"$error":"#REF!"}},{"$f":"+VLOOKUP($C11,#REF!,3,\"false\")","v":{"$error":"#REF!"}},{"$f":"+VLOOKUP($C11,#REF!,4,\"false\")","v":{"$error":"#REF!"}},{"$f":"+VLOOKUP($C11,#REF!,5,\"false\")","v":{"$error":"#REF!"}},{"$f":"+VLOOKUP($C11,#REF!,6,\"false\")","v":{"$error":"#REF!"}},{"$error":"#REF!"},{"$error":"#REF!"},null,"Pos",{"$f":"RANK(N10,($N$10:$AM$10,$N$19:$AM$19,$N$28:$AM$28, $N$37:$AM$37),1)","v":1},{"$f":"RANK(O10,($N$10:$AM$10,$N$19:$AM$19,$N$28:$AM$28, $N$37:$AM$37),1)","v":1},{"$f":"RANK(P10,($N$10:$AM$10,$N$19:$AM$19,$N$28:$AM$28, $N$37:$AM$37),1)","v":1},{"$f":"RANK(Q10,($N$10:$AM$10,$N$19:$AM$19,$N$28:$AM$28, $N$37:$AM$37),1)","v":1},{"$f":"RANK(R10,($N$10:$AM$10,$N$19:$AM$19,$N$28:$AM$28, $N$37:$AM$37),1)","v":1},{"$f":"RANK(S10,($N$10:$AM$10,$N$19:$AM$19,$N$28:$AM$28, $N$37:$AM$37),1)","v":1},{"$f":"RANK(T10,($N$10:$AM$10,$N$19:$AM$19,$N$28:$AM$28, $N$37:$AM$37),1)","v":1},{"$f":"RANK(U10,($N$10:$AM$10,$N$19:$AM$19,$N$28:$AM$28, $N$37:$AM$37),1)","v":1},{"$f":"RANK(V10,($N$10:$AM$10,$N$19:$AM$19,$N$28:$AM$28, $N$37:$AM$37),1)","v":1},{"$f":"RANK(W10,($N$10:$AM$10,$N$19:$AM$19,$N$28:$AM$28, $N$37:$AM$37),1)","v":1},{"$f":"RANK(X10,($N$10:$AM$10,$N$19:$AM$19,$N$28:$AM$28, $N$37:$AM$37),1)","v":1},{"$f":"RANK(Y10,($N$10:$AM$10,$N$19:$AM$19,$N$28:$AM$28, $N$37:$AM$37),1)","v":1},{"$f":"RANK(Z10,($N$10:$AM$10,$N$19:$AM$19,$N$28:$AM$28, $N$37:$AM$37),1)","v":1},{"$f":"RANK(AA10,($N$10:$AM$10,$N$19:$AM$19,$N$28:$AM$28, $N$37:$AM$37),1)","v":1},{"$f":"RANK(AB10,($N$10:$AM$10,$N$19:$AM$19,$N$28:$AM$28, $N$37:$AM$37),1)","v":1},{"$f":"RANK(AC10,($N$10:$AM$10,$N$19:$AM$19,$N$28:$AM$28, $N$37:$AM$37),1)","v":1},{"$f":"RANK(AD10,($N$10:$AM$10,$N$19:$AM$19,$N$28:$AM$28, $N$37:$AM$37),1)","v":1},{"$f":"RANK(AE10,($N$10:$AM$10,$N$19:$AM$19,$N$28:$AM$28, $N$37:$AM$37),1)","v":1},{"$f":"RANK(AF10,($N$10:$AM$10,$N$19:$AM$19,$N$28:$AM$28, $N$37:$AM$37),1)","v":1},{"$f":"RANK(AG10,($N$10:$AM$10,$N$19:$AM$19,$N$28:$AM$28, $N$37:$AM$37),1)","v":1},{"$f":"RANK(AH10,($N$10:$AM$10,$N$19:$AM$19,$N$28:$AM$28, $N$37:$AM$37),1)","v":1},{"$f":"RANK(AI10,($N$10:$AM$10,$N$19:$AM$19,$N$28:$AM$28, $N$37:$AM$37),1)","v":1},{"$f":"RANK(AJ10,($N$10:$AM$10,$N$19:$AM$19,$N$28:$AM$28, $N$37:$AM$37),1)","v":1},{"$f":"RANK(AK10,($N$10:$AM$10,$N$19:$AM$19,$N$28:$AM$28, $N$37:$AM$37),1)","v":1},{"$f":"RANK(AL10,($N$10:$AM$10,$N$19:$AM$19,$N$28:$AM$28, $N$37:$AM$37),1)","v":1},{"$f":"RANK(AM10,($N$10:$AM$10,$N$19:$AM$19,$N$28:$AM$28, $N$37:$AM$37),1)","v":1}]
[{"$error":"#REF!"},9,132,"14:27",{"$f":"+VLOOKUP($C12,#REF!,2,\"false\")","v":{"$error":"#REF!"}},{"$f":"+VLOOKUP($C12,#REF!,3,\"false\")","v":{"$error":"#REF!"}},{"$f":"+VLOOKUP($C12,#REF!,4,\"false\")","v":{"$error":"#REF!"}},{"$f":"+VLOOKUP($C12,#REF!,5,\"false\")","v":{"$error":"#REF!"}},{"$f":"+VLOOKUP($C12,#REF!,6,\"false\")","v":{"$error":"#REF!"}},{"$error":"#REF!"},{"$error":"#REF!"}]
[{"$error":"#REF!"},10,129,"14:29",{"$f":"+VLOOKUP($C13,#REF!,2,\"false\")","v":{"$error":"#REF!"}},{"$f":"+VLOOKUP($C13,#REF!,3,\"false\")","v":{"$error":"#REF!"}},{"$f":"+VLOOKUP($C13,#REF!,4,\"false\")","v":{"$error":"#REF!"}},{"$f":"+VLOOKUP($C13,#REF!,5,\"false\")","v":{"$error":"#REF!"}},{"$f":"+VLOOKUP($C13,#REF!,6,\"false\")","v":{"$error":"#REF!"}},{"$error":"#REF!"},{"$error":"#REF!"},null,4,{"$f":"+IF(ISNA(VLOOKUP(N$3&\"  \"&$M13,$A$3:$I$109,2,0)),\"\",VLOOKUP(N$3&\"  \"&$M13,$A$3:$I$109,2,0))","v":""},"","","","","","","","","",{"$f":"+IF(ISNA(VLOOKUP(X$3&\"  \"&$M13,$A$3:$I$109,2,0)),\"\",VLOOKUP(X$3&\"  \"&$M13,$A$3:$I$109,2,0))","v":""},"","","","","","","","","",{"$f":"+IF(ISNA(VLOOKUP(AH$3&\"  \"&$M13,$A$3:$I$109,2,0)),\"\",VLOOKUP(AH$3&\"  \"&$M13,$A$3:$I$109,2,0))","v":""},"","","","",""]
[{"$error":"#REF!"},11,130,"14:31",{"$f":"+VLOOKUP($C14,#REF!,2,\"false\")","v":{"$error":"#REF!"}},{"$f":"+VLOOKUP($C14,#REF!,3,\"false\")","v":{"$error":"#REF!"}},{"$f":"+VLOOKUP($C14,#REF!,4,\"false\")","v":{"$error":"#REF!"}},{"$f":"+VLOOKUP($C14,#REF!,5,\"false\")","v":{"$error":"#REF!"}},{"$f":"+VLOOKUP($C14,#REF!,6,\"false\")","v":{"$error":"#REF!"}},{"$error":"#REF!"},{"$error":"#REF!"},null,5,"","","","","","","","","","","","","","","","","","","","","","","","","",""]
[{"$error":"#REF!"},12,123,"14:40",{"$f":"+VLOOKUP($C15,#REF!,2,\"false\")","v":{"$error":"#REF!"}},{"$f":"+VLOOKUP($C15,#REF!,3,\"false\")","v":{"$error":"#REF!"}},{"$f":"+VLOOKUP($C15,#REF!,4,\"false\")","v":{"$error":"#REF!"}},{"$f":"+VLOOKUP($C15,#REF!,5,\"false\")","v":{"$error":"#REF!"}},{"$f":"+VLOOKUP($C15,#REF!,6,\"false\")","v":{"$error":"#REF!"}},{"$error":"#REF!"},{"$error":"#REF!"},null,6,"","","","","","","","","","","","","","","","","","","","","","","","","",""]
[{"$error":"#REF!"},13,525,"14:44",{"$f":"+VLOOKUP($C16,#REF!,2,\"false\")","v":{"$error":"#REF!"}},{"$f":"+VLOOKUP($C16,#REF!,3,\"false\")","v":{"$error":"#REF!"}},{"$f":"+VLOOKUP($C16,#REF!,4,\"false\")","v":{"$error":"#REF!"}},{"$f":"+VLOOKUP($C16,#REF!,5,\"false\")","v":{"$error":"#REF!"}},{"$f":"+VLOOKUP($C16,#REF!,6,\"false\")","v":{"$error":"#REF!"}},{"$error":"#REF!"},{"$error":"#REF!"},null,null,"","","","","","","","","","","","","","","","","","","","","","","","","",""]
[{"$error":"#REF!"},14,151,"15:06",{"$f":"+VLOOKUP($C17,#REF!,2,\"false\")","v":{"$error":"#REF!"}},{"$f":"+VLOOKUP($C17,#REF!,3,\"false\")","v":{"$error":"#REF!"}},{"$f":"+VLOOKUP($C17,#REF!,4,\"false\")","v":{"$error":"#REF!"}},{"$f":"+VLOOKUP($C17,#REF!,5,\"false\")","v":{"$error":"#REF!"}},{"$f":"+VLOOKUP($C17,#REF!,6,\"false\")","v":{"$error":"#REF!"}},{"$error":"#REF!"},{"$error":"#REF!"},null,null,"","","","","","","","","","","","","","","","","","","","","","","","","",""]
[{"$error":"#REF!"},15,157,"15:11",{"$f":"+VLOOKUP($C18,#REF!,2,\"false\")","v":{"$error":"#REF!"}},{"$f":"+VLOOKUP($C18,#REF!,3,\"false\")","v":{"$error":"#REF!"}},{"$f":"+VLOOKUP($C18,#REF!,4,\"false\")","v":{"$error":"#REF!"}},{"$f":"+VLOOKUP($C18,#REF!,5,\"false\")","v":{"$error":"#REF!"}},{"$f":"+VLOOKUP($C18,#REF!,6,\"false\")","v":{"$error":"#REF!"}},{"$error":"#REF!"},{"$error":"#REF!"},null,null,"","","","","","","","","","","","","","","","","","","","","","","","","",""]
[{"$error":"#REF!"},16,118,"15:15",{"$f":"+VLOOKUP($C19,#REF!,2,\"false\")","v":{"$error":"#REF!"}},{"$f":"+VLOOKUP($C19,#REF!,3,\"false\")","v":{"$error":"#REF!"}},{"$f":"+VLOOKUP($C19,#REF!,4,\"false\")","v":{"$error":"#REF!"}},{"$f":"+VLOOKUP($C19,#REF!,5,\"false\")","v":{"$error":"#REF!"}},{"$f":"+VLOOKUP($C19,#REF!,6,\"false\")","v":{"$error":"#REF!"}},{"$error":"#REF!"},{"$error":"#REF!"},null,"Tot",{"$f":"IF(N15=\"\",1000,SUM(N13:N15))","v":1000},{"$f":"IF(O15=\"\",1000,SUM(O13:O15))","v":1000},1000,1000,1000,1000,1000,1000,1000,1000,1000,1000,1000,1000,1000,1000,1000,1000,1000,1000,1000,1000,1000,1000,1000,1000]
[{"$error":"#REF!"},17,135,"15:19",{"$f":"+VLOOKUP($C20,#REF!,2,\"false\")","v":{"$error":"#REF!"}},{"$f":"+VLOOKUP($C20,#REF!,3,\"false\")","v":{"$error":"#REF!"}},{"$f":"+VLOOKUP($C20,#REF!,4,\"false\")","v":{"$error":"#REF!"}},{"$f":"+VLOOKUP($C20,#REF!,5,\"false\")","v":{"$error":"#REF!"}},{"$f":"+VLOOKUP($C20,#REF!,6,\"false\")","v":{"$error":"#REF!"}},{"$error":"#REF!"},{"$error":"#REF!"},null,"Pos",{"$f":"RANK(N19,($N$10:$AM$10,$N$19:$AM$19,$N$28:$AM$28, $N$37:$AM$37),1)","v":1},{"$f":"RANK(O19,($N$10:$AM$10,$N$19:$AM$19,$N$28:$AM$28, $N$37:$AM$37),1)","v":1},{"$f":"RANK(P19,($N$10:$AM$10,$N$19:$AM$19,$N$28:$AM$28, $N$37:$AM$37),1)","v":1},{"$f":"RANK(Q19,($N$10:$AM$10,$N$19:$AM$19,$N$28:$AM$28, $N$37:$AM$37),1)","v":1},{"$f":"RANK(R19,($N$10:$AM$10,$N$19:$AM$19,$N$28:$AM$28, $N$37:$AM$37),1)","v":1},{"$f":"RANK(S19,($N$10:$AM$10,$N$19:$AM$19,$N$28:$AM$28, $N$37:$AM$37),1)","v":1},{"$f":"RANK(T19,($N$10:$AM$10,$N$19:$AM$19,$N$28:$AM$28, $N$37:$AM$37),1)","v":1},{"$f":"RANK(U19,($N$10:$AM$10,$N$19:$AM$19,$N$28:$AM$28, $N$37:$AM$37),1)","v":1},{"$f":"RANK(V19,($N$10:$AM$10,$N$19:$AM$19,$N$28:$AM$28, $N$37:$AM$37),1)","v":1},{"$f":"RANK(W19,($N$10:$AM$10,$N$19:$AM$19,$N$28:$AM$28, $N$37:$AM$37),1)","v":1},{"$f":"RANK(X19,($N$10:$AM$10,$N$19:$AM$19,$N$28:$AM$28, $N$37:$AM$37),1)","v":1},{"$f":"RANK(Y19,($N$10:$AM$10,$N$19:$AM$19,$N$28:$AM$28, $N$37:$AM$37),1)","v":1},{"$f":"RANK(Z19,($N$10:$AM$10,$N$19:$AM$19,$N$28:$AM$28, $N$37:$AM$37),1)","v":1},{"$f":"RANK(AA19,($N$10:$AM$10,$N$19:$AM$19,$N$28:$AM$28, $N$37:$AM$37),1)","v":1},{"$f":"RANK(AB19,($N$10:$AM$10,$N$19:$AM$19,$N$28:$AM$28, $N$37:$AM$37),1)","v":1},{"$f":"RANK(AC19,($N$10:$AM$10,$N$19:$AM$19,$N$28:$AM$28, $N$37:$AM$37),1)","v":1},{"$f":"RANK(AD19,($N$10:$AM$10,$N$19:$AM$19,$N$28:$AM$28, $N$37:$AM$37),1)","v":1},{"$f":"RANK(AE19,($N$10:$AM$10,$N$19:$AM$19,$N$28:$AM$28, $N$37:$AM$37),1)","v":1},{"$f":"RANK(AF19,($N$10:$AM$10,$N$19:$AM$19,$N$28:$AM$28, $N$37:$AM$37),1)","v":1},{"$f":"RANK(AG19,($N$10:$AM$10,$N$19:$AM$19,$N$28:$AM$28, $N$37:$AM$37),1)","v":1},{"$f":"RANK(AH19,($N$10:$AM$10,$N$19:$AM$19,$N$28:$AM$28, $N$37:$AM$37),1)","v":1},{"$f":"RANK(AI19,($N$10:$AM$10,$N$19:$AM$19,$N$28:$AM$28, $N$37:$AM$37),1)","v":1},{"$f":"RANK(AJ19,($N$10:$AM$10,$N$19:$AM$19,$N$28:$AM$28, $N$37:$AM$37),1)","v":1},{"$f":"RANK(AK19,($N$10:$AM$10,$N$19:$AM$19,$N$28:$AM$28, $N$37:$AM$37),1)","v":1},{"$f":"RANK(AL19,($N$10:$AM$10,$N$19:$AM$19,$N$28:$AM$28, $N$37:$AM$37),1)","v":1},{"$f":"RANK(AM19,($N$10:$AM$10,$N$19:$AM$19,$N$28:$AM$28, $N$37:$AM$37),1)","v":1}]
[{"$error":"#REF!"},18,158,"15:23",{"$f":"+VLOOKUP($C21,#REF!,2,\"false\")","v":{"$error":"#REF!"}},{"$f":"+VLOOKUP($C21,#REF!,3,\"false\")","v":{"$error":"#REF!"}},{"$f":"+VLOOKUP($C21,#REF!,4,\"false\")","v":{"$error":"#REF!"}},{"$f":"+VLOOKUP($C21,#REF!,5,\"false\")","v":{"$error":"#REF!"}},{"$f":"+VLOOKUP($C21,#REF!,6,\"false\")","v":{"$error":"#REF!"}},{"$error":"#REF!"},{"$f":"+G21&\"  \"&J21","v":{"$error":"#REF!"}}]
[{"$error":"#REF!"},19,131,"15:26",{"$f":"+VLOOKUP($C22,#REF!,2,\"false\")","v":{"$error":"#REF!"}},{"$f":"+VLOOKUP($C22,#REF!,3,\"false\")","v":{"$error":"#REF!"}},{"$f":"+VLOOKUP($C22,#REF!,4,\"false\")","v":{"$error":"#REF!"}},{"$f":"+VLOOKUP($C22,#REF!,5,\"false\")","v":{"$error":"#REF!"}},{"$f":"+VLOOKUP($C22,#REF!,6,\"false\")","v":{"$error":"#REF!"}},{"$error":"#REF!"},{"$error":"#REF!"},null,7,{"$f":"+IF(ISNA(VLOOKUP(N$3&\"  \"&$M22,$A$3:$I$109,2,0)),\"\",VLOOKUP(N$3&\"  \"&$M22,$A$3:$I$109,2,0))","v":""},"","","","","","","","","",{"$f":"+IF(ISNA(VLOOKUP(X$3&\"  \"&$M22,$A$3:$I$109,2,0)),\"\",VLOOKUP(X$3&\"  \"&$M22,$A$3:$I$109,2,0))","v":""},"","","","","","","","","",{"$f":"+IF(ISNA(VLOOKUP(AH$3&\"  \"&$M22,$A$3:$I$109,2,0)),\"\",VLOOKUP(AH$3&\"  \"&$M22,$A$3:$I$109,2,0))","v":""},"","","","",""]
[{"$error":"#REF!"},20,127,"15:28",{"$f":"+VLOOKUP($C23,#REF!,2,\"false\")","v":{"$error":"#REF!"}},{"$f":"+VLOOKUP($C23,#REF!,3,\"false\")","v":{"$error":"#REF!"}},{"$f":"+VLOOKUP($C23,#REF!,4,\"false\")","v":{"$error":"#REF!"}},{"$f":"+VLOOKUP($C23,#REF!,5,\"false\")","v":{"$error":"#REF!"}},{"$f":"+VLOOKUP($C23,#REF!,6,\"false\")","v":{"$error":"#REF!"}},{"$error":"#REF!"},{"$error":"#REF!"},null,8,"","","","","","","","","","","","","","","","","","","","","","","","","",""]
[{"$error":"#REF!"},21,124,"15:40",{"$f":"+VLOOKUP($C24,#REF!,2,\"false\")","v":{"$error":"#REF!"}},{"$f":"+VLOOKUP($C24,#REF!,3,\"false\")","v":{"$error":"#REF!"}},{"$f":"+VLOOKUP($C24,#REF!,4,\"false\")","v":{"$error":"#REF!"}},{"$f":"+VLOOKUP($C24,#REF!,5,\"false\")","v":{"$error":"#REF!"}},{"$f":"+VLOOKUP($C24,#REF!,6,\"false\")","v":{"$error":"#REF!"}},{"$error":"#REF!"},{"$error":"#REF!"},null,9,"","","","","","","","","","","","","","","","","","","","","","","","","",""]
[{"$error":"#REF!"},22,154,"15:42",{"$f":"+VLOOKUP($C25,#REF!,2,\"false\")","v":{"$error":"#REF!"}},{"$f":"+VLOOKUP($C25,#REF!,3,\"false\")","v":{"$error":"#REF!"}},{"$f":"+VLOOKUP($C25,#REF!,4,\"false\")","v":{"$error":"#REF!"}},{"$f":"+VLOOKUP($C25,#REF!,5,\"false\")","v":{"$error":"#REF!"}},{"$f":"+VLOOKUP($C25,#REF!,6,\"false\")","v":{"$error":"#REF!"}},{"$error":"#REF!"},{"$error":"#REF!"},null,null,"","","","","","","","","","","","","","","","","","","","","","","","","",""]
[{"$error":"#REF!"},23,146,"15:45",{"$f":"+VLOOKUP($C26,#REF!,2,\"false\")","v":{"$error":"#REF!"}},{"$f":"+VLOOKUP($C26,#REF!,3,\"false\")","v":{"$error":"#REF!"}},{"$f":"+VLOOKUP($C26,#REF!,4,\"false\")","v":{"$error":"#REF!"}},{"$f":"+VLOOKUP($C26,#REF!,5,\"false\")","v":{"$error":"#REF!"}},{"$f":"+VLOOKUP($C26,#REF!,6,\"false\")","v":{"$error":"#REF!"}},{"$error":"#REF!"},{"$error":"#REF!"},null,null,"","","","","","","","","","","","","","","","","","","","","","","","","",""]
[{"$error":"#REF!"},24,156,"15:46",{"$f":"+VLOOKUP($C27,#REF!,2,\"false\")","v":{"$error":"#REF!"}},{"$f":"+VLOOKUP($C27,#REF!,3,\"false\")","v":{"$error":"#REF!"}},{"$f":"+VLOOKUP($C27,#REF!,4,\"false\")","v":{"$error":"#REF!"}},{"$f":"+VLOOKUP($C27,#REF!,5,\"false\")","v":{"$error":"#REF!"}},{"$f":"+VLOOKUP($C27,#REF!,6,\"false\")","v":{"$error":"#REF!"}},{"$error":"#REF!"},{"$error":"#REF!"},null,null,"","","","","","","","","","","","","","","","","","","","","","","","","",""]
[{"$error":"#REF!"},25,140,"15:47",{"$f":"+VLOOKUP($C28,#REF!,2,\"false\")","v":{"$error":"#REF!"}},{"$f":"+VLOOKUP($C28,#REF!,3,\"false\")","v":{"$error":"#REF!"}},{"$f":"+VLOOKUP($C28,#REF!,4,\"false\")","v":{"$error":"#REF!"}},{"$f":"+VLOOKUP($C28,#REF!,5,\"false\")","v":{"$error":"#REF!"}},{"$f":"+VLOOKUP($C28,#REF!,6,\"false\")","v":{"$error":"#REF!"}},{"$error":"#REF!"},{"$error":"#REF!"},null,"Tot",{"$f":"IF(N24=\"\",1000,SUM(N22:N24))","v":1000},{"$f":"IF(O24=\"\",1000,SUM(O22:O24))","v":1000},1000,1000,1000,1000,1000,1000,1000,1000,1000,1000,1000,1000,1000,1000,1000,1000,1000,1000,1000,1000,1000,1000,1000,1000]
[{"$error":"#REF!"},26,161,"15:47",{"$f":"+VLOOKUP($C29,#REF!,2,\"false\")","v":{"$error":"#REF!"}},{"$f":"+VLOOKUP($C29,#REF!,3,\"false\")","v":{"$error":"#REF!"}},{"$f":"+VLOOKUP($C29,#REF!,4,\"false\")","v":{"$error":"#REF!"}},{"$f":"+VLOOKUP($C29,#REF!,5,\"false\")","v":{"$error":"#REF!"}},{"$f":"+VLOOKUP($C29,#REF!,6,\"false\")","v":{"$error":"#REF!"}},{"$error":"#REF!"},{"$error":"#REF!"},null,"Pos",{"$f":"RANK(N28,($N$10:$AM$10,$N$19:$AM$19,$N$28:$AM$28, $N$37:$AM$37),1)","v":1},{"$f":"RANK(O28,($N$10:$AM$10,$N$19:$AM$19,$N$28:$AM$28, $N$37:$AM$37),1)","v":1},{"$f":"RANK(P28,($N$10:$AM$10,$N$19:$AM$19,$N$28:$AM$28, $N$37:$AM$37),1)","v":1},{"$f":"RANK(Q28,($N$10:$AM$10,$N$19:$AM$19,$N$28:$AM$28, $N$37:$AM$37),1)","v":1},{"$f":"RANK(R28,($N$10:$AM$10,$N$19:$AM$19,$N$28:$AM$28, $N$37:$AM$37),1)","v":1},{"$f":"RANK(S28,($N$10:$AM$10,$N$19:$AM$19,$N$28:$AM$28, $N$37:$AM$37),1)","v":1},{"$f":"RANK(T28,($N$10:$AM$10,$N$19:$AM$19,$N$28:$AM$28, $N$37:$AM$37),1)","v":1},{"$f":"RANK(U28,($N$10:$AM$10,$N$19:$AM$19,$N$28:$AM$28, $N$37:$AM$37),1)","v":1},{"$f":"RANK(V28,($N$10:$AM$10,$N$19:$AM$19,$N$28:$AM$28, $N$37:$AM$37),1)","v":1},{"$f":"RANK(W28,($N$10:$AM$10,$N$19:$AM$19,$N$28:$AM$28, $N$37:$AM$37),1)","v":1},{"$f":"RANK(X28,($N$10:$AM$10,$N$19:$AM$19,$N$28:$AM$28, $N$37:$AM$37),1)","v":1},{"$f":"RANK(Y28,($N$10:$AM$10,$N$19:$AM$19,$N$28:$AM$28, $N$37:$AM$37),1)","v":1},{"$f":"RANK(Z28,($N$10:$AM$10,$N$19:$AM$19,$N$28:$AM$28, $N$37:$AM$37),1)","v":1},{"$f":"RANK(AA28,($N$10:$AM$10,$N$19:$AM$19,$N$28:$AM$28, $N$37:$AM$37),1)","v":1},{"$f":"RANK(AB28,($N$10:$AM$10,$N$19:$AM$19,$N$28:$AM$28, $N$37:$AM$37),1)","v":1},{"$f":"RANK(AC28,($N$10:$AM$10,$N$19:$AM$19,$N$28:$AM$28, $N$37:$AM$37),1)","v":1},{"$f":"RANK(AD28,($N$10:$AM$10,$N$19:$AM$19,$N$28:$AM$28, $N$37:$AM$37),1)","v":1},{"$f":"RANK(AE28,($N$10:$AM$10,$N$19:$AM$19,$N$28:$AM$28, $N$37:$AM$37),1)","v":1},{"$f":"RANK(AF28,($N$10:$AM$10,$N$19:$AM$19,$N$28:$AM$28, $N$37:$AM$37),1)","v":1},{"$f":"RANK(AG28,($N$10:$AM$10,$N$19:$AM$19,$N$28:$AM$28, $N$37:$AM$37),1)","v":1},{"$f":"RANK(AH28,($N$10:$AM$10,$N$19:$AM$19,$N$28:$AM$28, $N$37:$AM$37),1)","v":1},{"$f":"RANK(AI28,($N$10:$AM$10,$N$19:$AM$19,$N$28:$AM$28, $N$37:$AM$37),1)","v":1},{"$f":"RANK(AJ28,($N$10:$AM$10,$N$19:$AM$19,$N$28:$AM$28, $N$37:$AM$37),1)","v":1},{"$f":"RANK(AK28,($N$10:$AM$10,$N$19:$AM$19,$N$28:$AM$28, $N$37:$AM$37),1)","v":1},{"$f":"RANK(AL28,($N$10:$AM$10,$N$19:$AM$19,$N$28:$AM$28, $N$37:$AM$37),1)","v":1},{"$f":"RANK(AM28,($N$10:$AM$10,$N$19:$AM$19,$N$28:$AM$28, $N$37:$AM$37),1)","v":1}]
[{"$error":"#REF!"},27,155,"15:49",{"$f":"+VLOOKUP($C30,#REF!,2,\"false\")","v":{"$error":"#REF!"}},{"$f":"+VLOOKUP($C30,#REF!,3,\"false\")","v":{"$error":"#REF!"}},{"$f":"+VLOOKUP($C30,#REF!,4,\"false\")","v":{"$error":"#REF!"}},{"$f":"+VLOOKUP($C30,#REF!,5,\"false\")","v":{"$error":"#REF!"}},{"$f":"+VLOOKUP($C30,#REF!,6,\"false\")","v":{"$error":"#REF!"}},{"$error":"#REF!"},{"$error":"#REF!"}]
[{"$error":"#REF!"},28,144,"15:57",{"$f":"+VLOOKUP($C31,#REF!,2,\"false\")","v":{"$error":"#REF!"}},{"$f":"+VLOOKUP($C31,#REF!,3,\"false\")","v":{"$error":"#REF!"}},{"$f":"+VLOOKUP($C31,#REF!,4,\"false\")","v":{"$error":"#REF!"}},{"$f":"+VLOOKUP($C31,#REF!,5,\"false\")","v":{"$error":"#REF!"}},{"$f":"+VLOOKUP($C31,#REF!,6,\"false\")","v":{"$error":"#REF!"}},{"$error":"#REF!"},{"$error":"#REF!"},null,10,{"$f":"+IF(ISNA(VLOOKUP(N$3&\"  \"&$M31,$A$3:$I$109,2,0)),\"\",VLOOKUP(N$3&\"  \"&$M31,$A$3:$I$109,2,0))","v":""},"","","","","","","","","",{"$f":"+IF(ISNA(VLOOKUP(X$3&\"  \"&$M31,$A$3:$I$109,2,0)),\"\",VLOOKUP(X$3&\"  \"&$M31,$A$3:$I$109,2,0))","v":""},"","","","","","","","","",{"$f":"+IF(ISNA(VLOOKUP(AH$3&\"  \"&$M31,$A$3:$I$109,2,0)),\"\",VLOOKUP(AH$3&\"  \"&$M31,$A$3:$I$109,2,0))","v":""},"","","","",""]
[{"$error":"#REF!"},29,128,"16:06",{"$f":"+VLOOKUP($C32,#REF!,2,\"false\")","v":{"$error":"#REF!"}},{"$f":"+VLOOKUP($C32,#REF!,3,\"false\")","v":{"$error":"#REF!"}},{"$f":"+VLOOKUP($C32,#REF!,4,\"false\")","v":{"$error":"#REF!"}},{"$f":"+VLOOKUP($C32,#REF!,5,\"false\")","v":{"$error":"#REF!"}},{"$f":"+VLOOKUP($C32,#REF!,6,\"false\")","v":{"$error":"#REF!"}},{"$error":"#REF!"},{"$error":"#REF!"},null,11,"","","","","","","","","","","","","","","","","","","","","","","","","",""]
[{"$error":"#REF!"},30,160,"16:17",{"$f":"+VLOOKUP($C33,#REF!,2,\"false\")","v":{"$error":"#REF!"}},{"$f":"+VLOOKUP($C33,#REF!,3,\"false\")","v":{"$error":"#REF!"}},{"$f":"+VLOOKUP($C33,#REF!,4,\"false\")","v":{"$error":"#REF!"}},{"$f":"+VLOOKUP($C33,#REF!,5,\"false\")","v":{"$error":"#REF!"}},{"$f":"+VLOOKUP($C33,#REF!,6,\"false\")","v":{"$error":"#REF!"}},{"$error":"#REF!"},{"$error":"#REF!"},null,12,"","","","","","","","","","","","","","","","","","","","","","","","","",""]
[{"$error":"#REF!"},31,143,"16:22",{"$f":"+VLOOKUP($C34,#REF!,2,\"false\")","v":{"$error":"#REF!"}},{"$f":"+VLOOKUP($C34,#REF!,3,\"false\")","v":{"$error":"#REF!"}},{"$f":"+VLOOKUP($C34,#REF!,4,\"false\")","v":{"$error":"#REF!"}},{"$f":"+VLOOKUP($C34,#REF!,5,\"false\")","v":{"$error":"#REF!"}},{"$f":"+VLOOKUP($C34,#REF!,6,\"false\")","v":{"$error":"#REF!"}},{"$error":"#REF!"},{"$error":"#REF!"},null,null,"","","","","","","","","","","","","","","","","","","","","","","","","",""]
[{"$error":"#REF!"},32,133,"16:36",{"$f":"+VLOOKUP($C35,#REF!,2,\"false\")","v":{"$error":"#REF!"}},{"$f":"+VLOOKUP($C35,#REF!,3,\"false\")","v":{"$error":"#REF!"}},{"$f":"+VLOOKUP($C35,#REF!,4,\"false\")","v":{"$error":"#REF!"}},{"$f":"+VLOOKUP($C35,#REF!,5,\"false\")","v":{"$error":"#REF!"}},{"$f":"+VLOOKUP($C35,#REF!,6,\"false\")","v":{"$error":"#REF!"}},{"$error":"#REF!"},{"$error":"#REF!"},null,null,"","","","","","","","","","","","","","","","","","","","","","","","","",""]
[{"$error":"#REF!"},33,139,"16:40",{"$f":"+VLOOKUP($C36,#REF!,2,\"false\")","v":{"$error":"#REF!"}},{"$f":"+VLOOKUP($C36,#REF!,3,\"false\")","v":{"$error":"#REF!"}},{"$f":"+VLOOKUP($C36,#REF!,4,\"false\")","v":{"$error":"#REF!"}},{"$f":"+VLOOKUP($C36,#REF!,5,\"false\")","v":{"$error":"#REF!"}},{"$f":"+VLOOKUP($C36,#REF!,6,\"false\")","v":{"$error":"#REF!"}},{"$error":"#REF!"},{"$error":"#REF!"},null,null,"","","","","","","","","","","","","","","","","","","","","","","","","",""]
[{"$error":"#REF!"},34,142,"16:51",{"$f":"+VLOOKUP($C37,#REF!,2,\"false\")","v":{"$error":"#REF!"}},{"$f":"+VLOOKUP($C37,#REF!,3,\"false\")","v":{"$error":"#REF!"}},{"$f":"+VLOOKUP($C37,#REF!,4,\"false\")","v":{"$error":"#REF!"}},{"$f":"+VLOOKUP($C37,#REF!,5,\"false\")","v":{"$error":"#REF!"}},{"$f":"+VLOOKUP($C37,#REF!,6,\"false\")","v":{"$error":"#REF!"}},{"$error":"#REF!"},{"$error":"#REF!"},null,"Tot",{"$f":"IF(N33=\"\",1000,SUM(N31:N33))","v":1000},{"$f":"IF(O33=\"\",1000,SUM(O31:O33))","v":1000},1000,1000,1000,1000,1000,1000,1000,1000,1000,1000,1000,1000,1000,1000,1000,1000,1000,1000,1000,1000,1000,1000,1000,1000]
[{"$error":"#REF!"},35,149,"16:53",{"$f":"+VLOOKUP($C38,#REF!,2,\"false\")","v":{"$error":"#REF!"}},{"$f":"+VLOOKUP($C38,#REF!,3,\"false\")","v":{"$error":"#REF!"}},{"$f":"+VLOOKUP($C38,#REF!,4,\"false\")","v":{"$error":"#REF!"}},{"$f":"+VLOOKUP($C38,#REF!,5,\"false\")","v":{"$error":"#REF!"}},{"$f":"+VLOOKUP($C38,#REF!,6,\"false\")","v":{"$error":"#REF!"}},{"$error":"#REF!"},{"$error":"#REF!"},null,"Pos",{"$f":"RANK(N37,($N$10:$AM$10,$N$19:$AM$19,$N$28:$AM$28, $N$37:$AM$37),1)","v":1},{"$f":"RANK(O37,($N$10:$AM$10,$N$19:$AM$19,$N$28:$AM$28, $N$37:$AM$37),1)","v":1},{"$f":"RANK(P37,($N$10:$AM$10,$N$19:$AM$19,$N$28:$AM$28, $N$37:$AM$37),1)","v":1},{"$f":"RANK(Q37,($N$10:$AM$10,$N$19:$AM$19,$N$28:$AM$28, $N$37:$AM$37),1)","v":1},{"$f":"RANK(R37,($N$10:$AM$10,$N$19:$AM$19,$N$28:$AM$28, $N$37:$AM$37),1)","v":1},{"$f":"RANK(S37,($N$10:$AM$10,$N$19:$AM$19,$N$28:$AM$28, $N$37:$AM$37),1)","v":1},{"$f":"RANK(T37,($N$10:$AM$10,$N$19:$AM$19,$N$28:$AM$28, $N$37:$AM$37),1)","v":1},{"$f":"RANK(U37,($N$10:$AM$10,$N$19:$AM$19,$N$28:$AM$28, $N$37:$AM$37),1)","v":1},{"$f":"RANK(V37,($N$10:$AM$10,$N$19:$AM$19,$N$28:$AM$28, $N$37:$AM$37),1)","v":1},{"$f":"RANK(W37,($N$10:$AM$10,$N$19:$AM$19,$N$28:$AM$28, $N$37:$AM$37),1)","v":1},{"$f":"RANK(X37,($N$10:$AM$10,$N$19:$AM$19,$N$28:$AM$28, $N$37:$AM$37),1)","v":1},{"$f":"RANK(Y37,($N$10:$AM$10,$N$19:$AM$19,$N$28:$AM$28, $N$37:$AM$37),1)","v":1},{"$f":"RANK(Z37,($N$10:$AM$10,$N$19:$AM$19,$N$28:$AM$28, $N$37:$AM$37),1)","v":1},{"$f":"RANK(AA37,($N$10:$AM$10,$N$19:$AM$19,$N$28:$AM$28, $N$37:$AM$37),1)","v":1},{"$f":"RANK(AB37,($N$10:$AM$10,$N$19:$AM$19,$N$28:$AM$28, $N$37:$AM$37),1)","v":1},{"$f":"RANK(AC37,($N$10:$AM$10,$N$19:$AM$19,$N$28:$AM$28, $N$37:$AM$37),1)","v":1},{"$f":"RANK(AD37,($N$10:$AM$10,$N$19:$AM$19,$N$28:$AM$28, $N$37:$AM$37),1)","v":1},{"$f":"RANK(AE37,($N$10:$AM$10,$N$19:$AM$19,$N$28:$AM$28, $N$37:$AM$37),1)","v":1},{"$f":"RANK(AF37,($N$10:$AM$10,$N$19:$AM$19,$N$28:$AM$28, $N$37:$AM$37),1)","v":1},{"$f":"RANK(AG37,($N$10:$AM$10,$N$19:$AM$19,$N$28:$AM$28, $N$37:$AM$37),1)","v":1},{"$f":"RANK(AH37,($N$10:$AM$10,$N$19:$AM$19,$N$28:$AM$28, $N$37:$AM$37),1)","v":1},{"$f":"RANK(AI37,($N$10:$AM$10,$N$19:$AM$19,$N$28:$AM$28, $N$37:$AM$37),1)","v":1},{"$f":"RANK(AJ37,($N$10:$AM$10,$N$19:$AM$19,$N$28:$AM$28, $N$37:$AM$37),1)","v":1},{"$f":"RANK(AK37,($N$10:$AM$10,$N$19:$AM$19,$N$28:$AM$28, $N$37:$AM$37),1)","v":1},{"$f":"RANK(AL37,($N$10:$AM$10,$N$19:$AM$19,$N$28:$AM$28, $N$37:$AM$37),1)","v":1},{"$f":"RANK(AM37,($N$10:$AM$10,$N$19:$AM$19,$N$28:$AM$28, $N$37:$AM$37),1)","v":1}]
[{"$f":"+K39","v":{"$error":"#REF!"}},36,150,"16:58",{"$f":"+VLOOKUP($C39,#REF!,2,\"false\")","v":{"$error":"#REF!"}},{"$f":"+VLOOKUP($C39,#REF!,3,\"false\")","v":{"$error":"#REF!"}},{"$f":"+VLOOKUP($C39,#REF!,4,\"false\")","v":{"$error":"#REF!"}},{"$f":"+VLOOKUP($C39,#REF!,5,\"false\")","v":{"$error":"#REF!"}},{"$f":"+VLOOKUP($C39,#REF!,6,\"false\")","v":{"$error":"#REF!"}},{"$f":"TEXT(SUMPRODUCT(--(G39=$G$4:$G$597),--(B39>$B$4:$B$597))+1,0)","v":{"$error":"#REF!"}},{"$f":"+G39&\"  \"&J39","v":{"$error":"#REF!"}}]
[{"$error":"#REF!"},37,126,"17:12",{"$f":"+VLOOKUP($C40,#REF!,2,\"false\")","v":{"$error":"#REF!"}},{"$f":"+VLOOKUP($C40,#REF!,3,\"false\")","v":{"$error":"#REF!"}},{"$f":"+VLOOKUP($C40,#REF!,4,\"false\")","v":{"$error":"#REF!"}},{"$f":"+VLOOKUP($C40,#REF!,5,\"false\")","v":{"$error":"#REF!"}},{"$f":"+VLOOKUP($C40,#REF!,6,\"false\")","v":{"$error":"#REF!"}},{"$error":"#REF!"},{"$error":"#REF!"}]
[{"$error":"#REF!"},38,147,"17:26",{"$f":"+VLOOKUP($C41,#REF!,2,\"false\")","v":{"$error":"#REF!"}},{"$f":"+VLOOKUP($C41,#REF!,3,\"false\")","v":{"$error":"#REF!"}},{"$f":"+VLOOKUP($C41,#REF!,4,\"false\")","v":{"$error":"#REF!"}},{"$f":"+VLOOKUP($C41,#REF!,5,\"false\")","v":{"$error":"#REF!"}},{"$f":"+VLOOKUP($C41,#REF!,6,\"false\")","v":{"$error":"#REF!"}},{"$error":"#REF!"},{"$error":"#REF!"}]
[{"$error":"#REF!"},39,148,"17:38",{"$f":"+VLOOKUP($C42,#REF!,2,\"false\")","v":{"$error":"#REF!"}},{"$f":"+VLOOKUP($C42,#REF!,3,\"false\")","v":{"$error":"#REF!"}},{"$f":"+VLOOKUP($C42,#REF!,4,\"false\")","v":{"$error":"#REF!"}},{"$f":"+VLOOKUP($C42,#REF!,5,\"false\")","v":{"$error":"#REF!"}},{"$f":"+VLOOKUP($C42,#REF!,6,\"false\")","v":{"$error":"#REF!"}},{"$error":"#REF!"},{"$error":"#REF!"}]
[{"$error":"#REF!"},40,134,"17:54",{"$f":"+VLOOKUP($C43,#REF!,2,\"false\")","v":{"$error":"#REF!"}},{"$f":"+VLOOKUP($C43,#REF!,3,\"false\")","v":{"$error":"#REF!"}},{"$f":"+VLOOKUP($C43,#REF!,4,\"false\")","v":{"$error":"#REF!"}},{"$f":"+VLOOKUP($C43,#REF!,5,\"false\")","v":{"$error":"#REF!"}},{"$f":"+VLOOKUP($C43,#REF!,6,\"false\")","v":{"$error":"#REF!"}},{"$error":"#REF!"},{"$error":"#REF!"}]
[{"$error":"#REF!"},41,162,"18:30",{"$f":"+VLOOKUP($C44,#REF!,2,\"false\")","v":{"$error":"#REF!"}},{"$f":"+VLOOKUP($C44,#REF!,3,\"false\")","v":{"$error":"#REF!"}},{"$f":"+VLOOKUP($C44,#REF!,4,\"false\")","v":{"$error":"#REF!"}},{"$f":"+VLOOKUP($C44,#REF!,5,\"false\")","v":{"$error":"#REF!"}},{"$f":"+VLOOKUP($C44,#REF!,6,\"false\")","v":{"$error":"#REF!"}},{"$error":"#REF!"},{"$error":"#REF!"}]
[{"$error":"#REF!"},42,145,"19:19",{"$f":"+VLOOKUP($C45,#REF!,2,\"false\")","v":{"$error":"#REF!"}},{"$f":"+VLOOKUP($C45,#REF!,3,\"false\")","v":{"$error":"#REF!"}},{"$f":"+VLOOKUP($C45,#REF!,4,\"false\")","v":{"$error":"#REF!"}},{"$f":"+VLOOKUP($C45,#REF!,5,\"false\")","v":{"$error":"#REF!"}},{"$f":"+VLOOKUP($C45,#REF!,6,\"false\")","v":{"$error":"#REF!"}},{"$error":"#REF!"},{"$error":"#REF!"}]
{"$rows_empty":16}
[{"$nulls":5},"Surname"]
[{"$nulls":5},"Aston"]
[{"$nulls":5},"Axford"]
[{"$nulls":5},"Buchanan"]
[{"$nulls":5},"Burton"]
[{"$nulls":5},"Christopherson"]
[{"$nulls":5},"Clark"]
[{"$nulls":5},"Clayton"]
[{"$nulls":5},"Cole"]
[{"$nulls":5},"Collins"]
[{"$nulls":5},"Corbett"]
[{"$nulls":5},"Daniels"]
[{"$nulls":5},"Davis"]
[{"$nulls":5},"Diacci"]
[{"$nulls":5},"Dunford"]
[{"$nulls":5},"Ferguson"]
[{"$nulls":5},"Fox"]
[{"$nulls":5},"Gates"]
[{"$nulls":5},"Goodbourn"]
[{"$nulls":5},"Henham"]
[{"$nulls":5},"Hill"]
[{"$nulls":5},"Hopkins-Parry"]
[{"$nulls":5},"Hunneman"]
[{"$nulls":5},"Hunter"]
[{"$nulls":5},"Lennard"]
[{"$nulls":5},"McCrae"]
[{"$nulls":5},"Mclean"]
[{"$nulls":5},"Morgan"]
[{"$nulls":5},"Morrissy"]
[{"$nulls":5},"Murray"]
[{"$nulls":5},"Oâ€™Brien"]
[{"$nulls":5},"Potton"]
[{"$nulls":5},"Rowe"]
[{"$nulls":5},"Sims"]
[{"$nulls":5},"Stone"]
[{"$nulls":5},"Tewkesbury"]
[{"$nulls":5},"Tewkesbury"]
[{"$nulls":5},"Webb"]
[{"$nulls":5},"Welch",{"$nulls":7},"HY"]
[{"$nulls":5},"Wheeler",{"$nulls":7},"CRA"]
[{"$nulls":5},"Whitehouse",{"$nulls":7},"EBR"]
[{"$nulls":5},"Wilson",{"$nulls":7},"HBS"]
[{"$nulls":5},{"$error":"#N/A"},{"$nulls":7},"CHI"]
[{"$nulls":13},"WDH"]
[{"$nulls":13},"B&H"]
[null,"Pos","Bib","Time",{"$nulls":9},"SYN"]
[null,1,118,"12:36",{"$nulls":9},"PHX"]
[null,{"$f":"+B108+1","v":2},120,"13:12",{"$nulls":9},"BWK"]
[null,{"$f":"+B109+1","v":3},122,"13:55",{"$nulls":9},"HAS"]
[null,4,123,"14:05",{"$nulls":9},"BR&T"]
[null,5,124,"14:11"]
[null,6,125,"14:11"]
[null,7,126,"14:16"]
[null,8,127,"14:18"]
[null,9,128,"14:27"]
[null,10,129,"14:29"]
[null,11,130,"14:31"]
[null,12,131,"14:40"]
[null,13,132,"14:44"]
[null,14,133,"15:06"]
[null,15,134,"15:11"]
[null,16,135,"15:15"]
[null,17,137,"15:19"]
[null,18,138,"15:23"]
[null,19,139,"15:26"]
[null,20,140,"15:28"]
[null,21,141,"15:40"]
[null,22,142,"15:42"]
[null,23,143,"15:45"]
[null,24,144,"15:46"]
[null,25,145,"15:47"]
[null,26,146,"15:47"]
[null,27,147,"15:49"]
[null,28,148,"15:57"]
[null,29,149,"16:06"]
[null,30,150,"16:17"]
[null,31,151,"16:22"]
[null,32,153,"16:36"]
[null,33,154,"16:40"]
[null,34,155,"16:51"]
[null,35,156,"16:53"]
[null,36,157,"16:58"]
[null,37,158,"17:12"]
[null,38,159,"17:26"]
[null,39,160,"17:38"]
[null,40,162,"17:54"]
[null,41,525,"18:30"]
[null,42,999,"19:19"]
[null,43]
[null,44]
[null,45]
[null,46]
[null,47]
[null,48]
[null,49]
[null,50]
[null,51]
[null,52]
[null,53]
[null,54]
[null,55]
[null,56]
[null,57]
[null,58]
[null,59]
[null,60]
[null,61]
[null,62]
[null,63]
[null,64]
[null,65]
[null,66]
[null,{"$f":"+B173+1","v":67}]
[null,68]
[null,69]
[null,70]
[null,71]
[null,72]
[null,73]
[null,74]
[null,75]
[null,76]
[null,77]
[null,78]
[null,79]
[null,80]
[null,81]
[null,82]
[null,83]
[null,84]
[null,85]
[null,86]
[null,87]
[null,88]
[null,89]
[null,90]
[null,91]
[null,92]
[null,93]
[null,94]
[null,95]
[null,96]
[null,97]
[null,98]
[null,99]
[null,100]

{"sheet":"U13B","index":3,"n_rows":207,"n_cols":39,"rows_kept":207,"hidden":true,"merged":[[0,1,0,6],[1,1,1,6]]}
[null,"Sussex Athletics XC Championships\nBexhill, 07/01/2023",{"$nulls":11},"26 clubs - cols N to AM"]
[null,"U13 Boys"]
["Temp","Pos","Bib","Time","Forename","Surname","Club","Cat ","Sex","Rk","Club Rk",null,null,"B&H","LEW","CHI","POR","PHX","EBR","BWK","HY","HAS","CRA","WDH","HBS"]
[{"$f":"+K4","v":{"$error":"#REF!"}},1,97,"12:11",{"$f":"+VLOOKUP($C4,#REF!,2,\"false\")","v":{"$error":"#REF!"}},{"$f":"+VLOOKUP($C4,#REF!,3,\"false\")","v":{"$error":"#REF!"}},{"$f":"+VLOOKUP($C4,#REF!,4,\"false\")","v":{"$error":"#REF!"}},{"$f":"+VLOOKUP($C4,#REF!,5,\"false\")","v":{"$error":"#REF!"}},{"$f":"+VLOOKUP($C4,#REF!,6,\"false\")","v":{"$error":"#REF!"}},{"$f":"TEXT(SUMPRODUCT(--(G4=$G$4:$G$597),--(B4>$B$4:$B$597))+1,0)","v":{"$error":"#REF!"}},{"$f":"+G4&\"  \"&J4","v":{"$error":"#REF!"}},null,1,{"$f":"+IF(ISNA(VLOOKUP(N$3&\"  \"&$M4,$A$3:$I$109,2,0)),\"\",VLOOKUP(N$3&\"  \"&$M4,$A$3:$I$109,2,0))","v":""},"","","","","","","","","",{"$f":"+IF(ISNA(VLOOKUP(X$3&\"  \"&$M4,$A$3:$I$109,2,0)),\"\",VLOOKUP(X$3&\"  \"&$M4,$A$3:$I$109,2,0))","v":""},"","","","","","","","","",{"$f":"+IF(ISNA(VLOOKUP(AH$3&\"  \"&$M4,$A$3:$I$109,2,0)),\"\",VLOOKUP(AH$3&\"  \"&$M4,$A$3:$I$109,2,0))","v":""},"","","","",""]
[{"$f":"+K5","v":{"$error":"#REF!"}},{"$f":"+B4+1","v":2},107,"12:40",{"$f":"+VLOOKUP($C5,#REF!,2,\"false\")","v":{"$error":"#REF!"}},{"$f":"+VLOOKUP($C5,#REF!,3,\"false\")","v":{"$error":"#REF!"}},{"$f":"+VLOOKUP($C5,#REF!,4,\"false\")","v":{"$error":"#REF!"}},{"$f":"+VLOOKUP($C5,#REF!,5,\"false\")","v":{"$error":"#REF!"}},{"$f":"+VLOOKUP($C5,#REF!,6,\"false\")","v":{"$error":"#REF!"}},{"$error":"#REF!"},{"$f":"+G5&\"  \"&J5","v":{"$error":"#REF!"}},null,2,"","","","","","","","","","","","","","","","","","","","","","","","","",""]
[{"$error":"#REF!"},{"$f":"+B5+1","v":3},69,"12:47",{"$f":"+VLOOKUP($C6,#REF!,2,\"false\")","v":{"$error":"#REF!"}},{"$f":"+VLOOKUP($C6,#REF!,3,\"false\")","v":{"$error":"#REF!"}},{"$f":"+VLOOKUP($C6,#REF!,4,\"false\")","v":{"$error":"#REF!"}},{"$f":"+VLOOKUP($C6,#REF!,5,\"false\")","v":{"$error":"#REF!"}},{"$f":"+VLOOKUP($C6,#REF!,6,\"false\")","v":{"$error":"#REF!"}},{"$error":"#REF!"},{"$error":"#REF!"},null,3,"","","","","","","","","","","","","","","","","","","","","","","","","",""]
[{"$error":"#REF!"},4,116,"12:49",{"$f":"+VLOOKUP($C7,#REF!,2,\"false\")","v":{"$error":"#REF!"}},{"$f":"+VLOOKUP($C7,#REF!,3,\"false\")","v":{"$error":"#REF!"}},{"$f":"+VLOOKUP($C7,#REF!,4,\"false\")","v":{"$error":"#REF!"}},{"$f":"+VLOOKUP($C7,#REF!,5,\"false\")","v":{"$error":"#REF!"}},{"$f":"+VLOOKUP($C7,#REF!,6,\"false\")","v":{"$error":"#REF!"}},{"$error":"#REF!"},{"$error":"#REF!"},null,null,"","","","","","","","","","","","","","","","","","","","","","","","","",""]
[{"$error":"#REF!"},5,62,"13:08",{"$f":"+VLOOKUP($C8,#REF!,2,\"false\")","v":{"$error":"#REF!"}},{"$f":"+VLOOKUP($C8,#REF!,3,\"false\")","v":{"$error":"#REF!"}},{"$f":"+VLOOKUP($C8,#REF!,4,\"false\")","v":{"$error":"#REF!"}},{"$f":"+VLOOKUP($C8,#REF!,5,\"false\")","v":{"$error":"#REF!"}},{"$f":"+VLOOKUP($C8,#REF!,6,\"false\")","v":{"$error":"#REF!"}},{"$error":"#REF!"},{"$error":"#REF!"},null,null,"","","","","","","","","","","","","","","","","","","","","","","","","",""]
[{"$error":"#REF!"},6,111,"13:20",{"$f":"+VLOOKUP($C9,#REF!,2,\"false\")","v":{"$error":"#REF!"}},{"$f":"+VLOOKUP($C9,#REF!,3,\"false\")","v":{"$error":"#REF!"}},{"$f":"+VLOOKUP($C9,#REF!,4,\"false\")","v":{"$error":"#REF!"}},{"$f":"+VLOOKUP($C9,#REF!,5,\"false\")","v":{"$error":"#REF!"}},{"$f":"+VLOOKUP($C9,#REF!,6,\"false\")","v":{"$error":"#REF!"}},{"$error":"#REF!"},{"$error":"#REF!"},null,null,"","","","","","","","","","","","","","","","","","","","","","","","","",""]
[{"$error":"#REF!"},7,75,"13:27",{"$f":"+VLOOKUP($C10,#REF!,2,\"false\")","v":{"$error":"#REF!"}},{"$f":"+VLOOKUP($C10,#REF!,3,\"false\")","v":{"$error":"#REF!"}},{"$f":"+VLOOKUP($C10,#REF!,4,\"false\")","v":{"$error":"#REF!"}},{"$f":"+VLOOKUP($C10,#REF!,5,\"false\")","v":{"$error":"#REF!"}},{"$f":"+VLOOKUP($C10,#REF!,6,\"false\")","v":{"$error":"#REF!"}},{"$error":"#REF!"},{"$error":"#REF!"},null,"Tot",{"$f":"IF(N6=\"\",1000,SUM(N4:N6))","v":1000},{"$f":"IF(O6=\"\",1000,SUM(O4:O6))","v":1000},1000,1000,1000,1000,1000,1000,1000,1000,1000,1000,1000,1000,1000,1000,1000,1000,1000,1000,1000,1000,1000,1000,1000,1000]
[{"$error":"#REF!"},8,81,"13:29",{"$f":"+VLOOKUP($C11,#REF!,2,\"false\")","v":{"$error":"#REF!"}},{"$f":"+VLOOKUP($C11,#REF!,3,\"false\")","v":{"$error":"#REF!"}},{"$f":"+VLOOKUP($C11,#REF!,4,\"false\")","v":{"$error":"#REF!"}},{"$f":"+VLOOKUP($C11,#REF!,5,\"false\")","v":{"$error":"#REF!"}},{"$f":"+VLOOKUP($C11,#REF!,6,\"false\")","v":{"$error":"#REF!"}},{"$error":"#REF!"},{"$error":"#REF!"},null,"Pos",{"$f":"RANK(N10,($N$10:$AM$10,$N$19:$AM$19,$N$28:$AM$28, $N$37:$AM$37),1)","v":1},{"$f":"RANK(O10,($N$10:$AM$10,$N$19:$AM$19,$N$28:$AM$28, $N$37:$AM$37),1)","v":1},{"$f":"RANK(P10,($N$10:$AM$10,$N$19:$AM$19,$N$28:$AM$28, $N$37:$AM$37),1)","v":1},{"$f":"RANK(Q10,($N$10:$AM$10,$N$19:$AM$19,$N$28:$AM$28, $N$37:$AM$37),1)","v":1},{"$f":"RANK(R10,($N$10:$AM$10,$N$19:$AM$19,$N$28:$AM$28, $N$37:$AM$37),1)","v":1},{"$f":"RANK(S10,($N$10:$AM$10,$N$19:$AM$19,$N$28:$AM$28, $N$37:$AM$37),1)","v":1},{"$f":"RANK(T10,($N$10:$AM$10,$N$19:$AM$19,$N$28:$AM$28, $N$37:$AM$37),1)","v":1},{"$f":"RANK(U10,($N$10:$AM$10,$N$19:$AM$19,$N$28:$AM$28, $N$37:$AM$37),1)","v":1},{"$f":"RANK(V10,($N$10:$AM$10,$N$19:$AM$19,$N$28:$AM$28, $N$37:$AM$37),1)","v":1},{"$f":"RANK(W10,($N$10:$AM$10,$N$19:$AM$19,$N$28:$AM$28, $N$37:$AM$37),1)","v":1},{"$f":"RANK(X10,($N$10:$AM$10,$N$19:$AM$19,$N$28:$AM$28, $N$37:$AM$37),1)","v":1},{"$f":"RANK(Y10,($N$10:$AM$10,$N$19:$AM$19,$N$28:$AM$28, $N$37:$AM$37),1)","v":1},{"$f":"RANK(Z10,($N$10:$AM$10,$N$19:$AM$19,$N$28:$AM$28, $N$37:$AM$37),1)","v":1},{"$f":"RANK(AA10,($N$10:$AM$10,$N$19:$AM$19,$N$28:$AM$28, $N$37:$AM$37),1)","v":1},{"$f":"RANK(AB10,($N$10:$AM$10,$N$19:$AM$19,$N$28:$AM$28, $N$37:$AM$37),1)","v":1},{"$f":"RANK(AC10,($N$10:$AM$10,$N$19:$AM$19,$N$28:$AM$28, $N$37:$AM$37),1)","v":1},{"$f":"RANK(AD10,($N$10:$AM$10,$N$19:$AM$19,$N$28:$AM$28, $N$37:$AM$37),1)","v":1},{"$f":"RANK(AE10,($N$10:$AM$10,$N$19:$AM$19,$N$28:$AM$28, $N$37:$AM$37),1)","v":1},{"$f":"RANK(AF10,($N$10:$AM$10,$N$19:$AM$19,$N$28:$AM$28, $N$37:$AM$37),1)","v":1},{"$f":"RANK(AG10,($N$10:$AM$10,$N$19:$AM$19,$N$28:$AM$28, $N$37:$AM$37),1)","v":1},{"$f":"RANK(AH10,($N$10:$AM$10,$N$19:$AM$19,$N$28:$AM$28, $N$37:$AM$37),1)","v":1},{"$f":"RANK(AI10,($N$10:$AM$10,$N$19:$AM$19,$N$28:$AM$28, $N$37:$AM$37),1)","v":1},{"$f":"RANK(AJ10,($N$10:$AM$10,$N$19:$AM$19,$N$28:$AM$28, $N$37:$AM$37),1)","v":1},{"$f":"RANK(AK10,($N$10:$AM$10,$N$19:$AM$19,$N$28:$AM$28, $N$37:$AM$37),1)","v":1},{"$f":"RANK(AL10,($N$10:$AM$10,$N$19:$AM$19,$N$28:$AM$28, $N$37:$AM$37),1)","v":1},{"$f":"RANK(AM10,($N$10:$AM$10,$N$19:$AM$19,$N$28:$AM$28, $N$37:$AM$37),1)","v":1}]
[{"$error":"#REF!"},9,66,"13:30",{"$f":"+VLOOKUP($C12,#REF!,2,\"false\")","v":{"$error":"#REF!"}},{"$f":"+VLOOKUP($C12,#REF!,3,\"false\")","v":{"$error":"#REF!"}},{"$f":"+VLOOKUP($C12,#REF!,4,\"false\")","v":{"$error":"#REF!"}},{"$f":"+VLOOKUP($C12,#REF!,5,\"false\")","v":{"$error":"#REF!"}},{"$f":"+VLOOKUP($C12,#REF!,6,\"false\")","v":{"$error":"#REF!"}},{"$error":"#REF!"},{"$error":"#REF!"}]
[{"$error":"#REF!"},10,99,"13:30",{"$f":"+VLOOKUP($C13,#REF!,2,\"false\")","v":{"$error":"#REF!"}},{"$f":"+VLOOKUP($C13,#REF!,3,\"false\")","v":{"$error":"#REF!"}},{"$f":"+VLOOKUP($C13,#REF!,4,\"false\")","v":{"$error":"#REF!"}},{"$f":"+VLOOKUP($C13,#REF!,5,\"false\")","v":{"$error":"#REF!"}},{"$f":"+VLOOKUP($C13,#REF!,6,\"false\")","v":{"$error":"#REF!"}},{"$error":"#REF!"},{"$error":"#REF!"},null,4,{"$f":"+IF(ISNA(VLOOKUP(N$3&\"  \"&$M13,$A$3:$I$109,2,0)),\"\",VLOOKUP(N$3&\"  \"&$M13,$A$3:$I$109,2,0))","v":""},"","","","","","","","","",{"$f":"+IF(ISNA(VLOOKUP(X$3&\"  \"&$M13,$A$3:$I$109,2,0)),\"\",VLOOKUP(X$3&\"  \"&$M13,$A$3:$I$109,2,0))","v":""},"","","","","","","","","",{"$f":"+IF(ISNA(VLOOKUP(AH$3&\"  \"&$M13,$A$3:$I$109,2,0)),\"\",VLOOKUP(AH$3&\"  \"&$M13,$A$3:$I$109,2,0))","v":""},"","","","",""]
[{"$error":"#REF!"},11,77,"13:53",{"$f":"+VLOOKUP($C14,#REF!,2,\"false\")","v":{"$error":"#REF!"}},{"$f":"+VLOOKUP($C14,#REF!,3,\"false\")","v":{"$error":"#REF!"}},{"$f":"+VLOOKUP($C14,#REF!,4,\"false\")","v":{"$error":"#REF!"}},{"$f":"+VLOOKUP($C14,#REF!,5,\"false\")","v":{"$error":"#REF!"}},{"$f":"+VLOOKUP($C14,#REF!,6,\"false\")","v":{"$error":"#REF!"}},{"$error":"#REF!"},{"$error":"#REF!"},null,5,"","","","","","","","","","","","","","","","","","","","","","","","","",""]
[{"$error":"#REF!"},12,84,"13:59",{"$f":"+VLOOKUP($C15,#REF!,2,\"false\")","v":{"$error":"#REF!"}},{"$f":"+VLOOKUP($C15,#REF!,3,\"false\")","v":{"$error":"#REF!"}},{"$f":"+VLOOKUP($C15,#REF!,4,\"false\")","v":{"$error":"#REF!"}},{"$f":"+VLOOKUP($C15,#REF!,5,\"false\")","v":{"$error":"#REF!"}},{"$f":"+VLOOKUP($C15,#REF!,6,\"false\")","v":{"$error":"#REF!"}},{"$error":"#REF!"},{"$error":"#REF!"},null,6,"","","","","","","","","","","","","","","","","","","","","","","","","",""]
[{"$error":"#REF!"},13,110,"14:00",{"$f":"+VLOOKUP($C16,#REF!,2,\"false\")","v":{"$error":"#REF!"}},{"$f":"+VLOOKUP($C16,#REF!,3,\"false\")","v":{"$error":"#REF!"}},{"$f":"+VLOOKUP($C16,#REF!,4,\"false\")","v":{"$error":"#REF!"}},{"$f":"+VLOOKUP($C16,#REF!,5,\"false\")","v":{"$error":"#REF!"}},{"$f":"+VLOOKUP($C16,#REF!,6,\"false\")","v":{"$error":"#REF!"}},{"$error":"#REF!"},{"$error":"#REF!"},null,null,"","","","","","","","","","","","","","","","","","","","","","","","","",""]
[{"$error":"#REF!"},14,105,"14:02",{"$f":"+VLOOKUP($C17,#REF!,2,\"false\")","v":{"$error":"#REF!"}},{"$f":"+VLOOKUP($C17,#REF!,3,\"false\")","v":{"$error":"#REF!"}},{"$f":"+VLOOKUP($C17,#REF!,4,\"false\")","v":{"$error":"#REF!"}},{"$f":"+VLOOKUP($C17,#REF!,5,\"false\")","v":{"$error":"#REF!"}},{"$f":"+VLOOKUP($C17,#REF!,6,\"false\")","v":{"$error":"#REF!"}},{"$error":"#REF!"},{"$error":"#REF!"},null,null,"","","","","","","","","","","","","","","","","","","","","","","","","",""]
[{"$error":"#REF!"},15,83,"14:06",{"$f":"+VLOOKUP($C18,#REF!,2,\"false\")","v":{"$error":"#REF!"}},{"$f":"+VLOOKUP($C18,#REF!,3,\"false\")","v":{"$error":"#REF!"}},{"$f":"+VLOOKUP($C18,#REF!,4,\"false\")","v":{"$error":"#REF!"}},{"$f":"+VLOOKUP($C18,#REF!,5,\"false\")","v":{"$error":"#REF!"}},{"$f":"+VLOOKUP($C18,#REF!,6,\"false\")","v":{"$error":"#REF!"}},{"$error":"#REF!"},{"$error":"#REF!"},null,null,"","","","","","","","","","","","","","","","","","","","","","","","","",""]
[{"$error":"#REF!"},16,94,"14:07",{"$f":"+VLOOKUP($C19,#REF!,2,\"false\")","v":{"$error":"#REF!"}},{"$f":"+VLOOKUP($C19,#REF!,3,\"false\")","v":{"$error":"#REF!"}},{"$f":"+VLOOKUP($C19,#REF!,4,\"false\")","v":{"$error":"#REF!"}},{"$f":"+VLOOKUP($C19,#REF!,5,\"false\")","v":{"$error":"#REF!"}},{"$f":"+VLOOKUP($C19,#REF!,6,\"false\")","v":{"$error":"#REF!"}},{"$error":"#REF!"},{"$error":"#REF!"},null,"Tot",{"$f":"IF(N15=\"\",1000,SUM(N13:N15))","v":1000},{"$f":"IF(O15=\"\",1000,SUM(O13:O15))","v":1000},1000,1000,1000,1000,1000,1000,1000,1000,1000,1000,1000,1000,1000,1000,1000,1000,1000,1000,1000,1000,1000,1000,1000,1000]
[{"$error":"#REF!"},17,95,"14:08",{"$f":"+VLOOKUP($C20,#REF!,2,\"false\")","v":{"$error":"#REF!"}},{"$f":"+VLOOKUP($C20,#REF!,3,\"false\")","v":{"$error":"#REF!"}},{"$f":"+VLOOKUP($C20,#REF!,4,\"false\")","v":{"$error":"#REF!"}},{"$f":"+VLOOKUP($C20,#REF!,5,\"false\")","v":{"$error":"#REF!"}},{"$f":"+VLOOKUP($C20,#REF!,6,\"false\")","v":{"$error":"#REF!"}},{"$error":"#REF!"},{"$error":"#REF!"},null,"Pos",{"$f":"RANK(N19,($N$10:$AM$10,$N$19:$AM$19,$N$28:$AM$28, $N$37:$AM$37),1)","v":1},{"$f":"RANK(O19,($N$10:$AM$10,$N$19:$AM$19,$N$28:$AM$28, $N$37:$AM$37),1)","v":1},{"$f":"RANK(P19,($N$10:$AM$10,$N$19:$AM$19,$N$28:$AM$28, $N$37:$AM$37),1)","v":1},{"$f":"RANK(Q19,($N$10:$AM$10,$N$19:$AM$19,$N$28:$AM$28, $N$37:$AM$37),1)","v":1},{"$f":"RANK(R19,($N$10:$AM$10,$N$19:$AM$19,$N$28:$AM$28, $N$37:$AM$37),1)","v":1},{"$f":"RANK(S19,($N$10:$AM$10,$N$19:$AM$19,$N$28:$AM$28, $N$37:$AM$37),1)","v":1},{"$f":"RANK(T19,($N$10:$AM$10,$N$19:$AM$19,$N$28:$AM$28, $N$37:$AM$37),1)","v":1},{"$f":"RANK(U19,($N$10:$AM$10,$N$19:$AM$19,$N$28:$AM$28, $N$37:$AM$37),1)","v":1},{"$f":"RANK(V19,($N$10:$AM$10,$N$19:$AM$19,$N$28:$AM$28, $N$37:$AM$37),1)","v":1},{"$f":"RANK(W19,($N$10:$AM$10,$N$19:$AM$19,$N$28:$AM$28, $N$37:$AM$37),1)","v":1},{"$f":"RANK(X19,($N$10:$AM$10,$N$19:$AM$19,$N$28:$AM$28, $N$37:$AM$37),1)","v":1},{"$f":"RANK(Y19,($N$10:$AM$10,$N$19:$AM$19,$N$28:$AM$28, $N$37:$AM$37),1)","v":1},{"$f":"RANK(Z19,($N$10:$AM$10,$N$19:$AM$19,$N$28:$AM$28, $N$37:$AM$37),1)","v":1},{"$f":"RANK(AA19,($N$10:$AM$10,$N$19:$AM$19,$N$28:$AM$28, $N$37:$AM$37),1)","v":1},{"$f":"RANK(AB19,($N$10:$AM$10,$N$19:$AM$19,$N$28:$AM$28, $N$37:$AM$37),1)","v":1},{"$f":"RANK(AC19,($N$10:$AM$10,$N$19:$AM$19,$N$28:$AM$28, $N$37:$AM$37),1)","v":1},{"$f":"RANK(AD19,($N$10:$AM$10,$N$19:$AM$19,$N$28:$AM$28, $N$37:$AM$37),1)","v":1},{"$f":"RANK(AE19,($N$10:$AM$10,$N$19:$AM$19,$N$28:$AM$28, $N$37:$AM$37),1)","v":1},{"$f":"RANK(AF19,($N$10:$AM$10,$N$19:$AM$19,$N$28:$AM$28, $N$37:$AM$37),1)","v":1},{"$f":"RANK(AG19,($N$10:$AM$10,$N$19:$AM$19,$N$28:$AM$28, $N$37:$AM$37),1)","v":1},{"$f":"RANK(AH19,($N$10:$AM$10,$N$19:$AM$19,$N$28:$AM$28, $N$37:$AM$37),1)","v":1},{"$f":"RANK(AI19,($N$10:$AM$10,$N$19:$AM$19,$N$28:$AM$28, $N$37:$AM$37),1)","v":1},{"$f":"RANK(AJ19,($N$10:$AM$10,$N$19:$AM$19,$N$28:$AM$28, $N$37:$AM$37),1)","v":1},{"$f":"RANK(AK19,($N$10:$AM$10,$N$19:$AM$19,$N$28:$AM$28, $N$37:$AM$37),1)","v":1},{"$f":"RANK(AL19,($N$10:$AM$10,$N$19:$AM$19,$N$28:$AM$28, $N$37:$AM$37),1)","v":1},{"$f":"RANK(AM19,($N$10:$AM$10,$N$19:$AM$19,$N$28:$AM$28, $N$37:$AM$37),1)","v":1}]
[{"$error":"#REF!"},18,72,"14:12",{"$f":"+VLOOKUP($C21,#REF!,2,\"false\")","v":{"$error":"#REF!"}},{"$f":"+VLOOKUP($C21,#REF!,3,\"false\")","v":{"$error":"#REF!"}},{"$f":"+VLOOKUP($C21,#REF!,4,\"false\")","v":{"$error":"#REF!"}},{"$f":"+VLOOKUP($C21,#REF!,5,\"false\")","v":{"$error":"#REF!"}},{"$f":"+VLOOKUP($C21,#REF!,6,\"false\")","v":{"$error":"#REF!"}},{"$error":"#REF!"},{"$f":"+G21&\"  \"&J21","v":{"$error":"#REF!"}}]
[{"$error":"#REF!"},19,63,"14:12",{"$f":"+VLOOKUP($C22,#REF!,2,\"false\")","v":{"$error":"#REF!"}},{"$f":"+VLOOKUP($C22,#REF!,3,\"false\")","v":{"$error":"#REF!"}},{"$f":"+VLOOKUP($C22,#REF!,4,\"false\")","v":{"$error":"#REF!"}},{"$f":"+VLOOKUP($C22,#REF!,5,\"false\")","v":{"$error":"#REF!"}},{"$f":"+VLOOKUP($C22,#REF!,6,\"false\")","v":{"$error":"#REF!"}},{"$error":"#REF!"},{"$error":"#REF!"},null,7,{"$f":"+IF(ISNA(VLOOKUP(N$3&\"  \"&$M22,$A$3:$I$109,2,0)),\"\",VLOOKUP(N$3&\"  \"&$M22,$A$3:$I$109,2,0))","v":""},"","","","","","","","","",{"$f":"+IF(ISNA(VLOOKUP(X$3&\"  \"&$M22,$A$3:$I$109,2,0)),\"\",VLOOKUP(X$3&\"  \"&$M22,$A$3:$I$109,2,0))","v":""},"","","","","","","","","",{"$f":"+IF(ISNA(VLOOKUP(AH$3&\"  \"&$M22,$A$3:$I$109,2,0)),\"\",VLOOKUP(AH$3&\"  \"&$M22,$A$3:$I$109,2,0))","v":""},"","","","",""]
[{"$error":"#REF!"},20,76,"14:16",{"$f":"+VLOOKUP($C23,#REF!,2,\"false\")","v":{"$error":"#REF!"}},{"$f":"+VLOOKUP($C23,#REF!,3,\"false\")","v":{"$error":"#REF!"}},{"$f":"+VLOOKUP($C23,#REF!,4,\"false\")","v":{"$error":"#REF!"}},{"$f":"+VLOOKUP($C23,#REF!,5,\"false\")","v":{"$error":"#REF!"}},{"$f":"+VLOOKUP($C23,#REF!,6,\"false\")","v":{"$error":"#REF!"}},{"$error":"#REF!"},{"$error":"#REF!"},null,8,"","","","","","","","","","","","","","","","","","","","","","","","","",""]
[{"$error":"#REF!"},21,117,"14:22",{"$f":"+VLOOKUP($C24,#REF!,2,\"false\")","v":{"$error":"#REF!"}},{"$f":"+VLOOKUP($C24,#REF!,3,\"false\")","v":{"$error":"#REF!"}},{"$f":"+VLOOKUP($C24,#REF!,4,\"false\")","v":{"$error":"#REF!"}},{"$f":"+VLOOKUP($C24,#REF!,5,\"false\")","v":{"$error":"#REF!"}},{"$f":"+VLOOKUP($C24,#REF!,6,\"false\")","v":{"$error":"#REF!"}},{"$error":"#REF!"},{"$error":"#REF!"},null,9,"","","","","","","","","","","","","","","","","","","","","","","","","",""]
[{"$error":"#REF!"},22,100,"14:24",{"$f":"+VLOOKUP($C25,#REF!,2,\"false\")","v":{"$error":"#REF!"}},{"$f":"+VLOOKUP($C25,#REF!,3,\"false\")","v":{"$error":"#REF!"}},{"$f":"+VLOOKUP($C25,#REF!,4,\"false\")","v":{"$error":"#REF!"}},{"$f":"+VLOOKUP($C25,#REF!,5,\"false\")","v":{"$error":"#REF!"}},{"$f":"+VLOOKUP($C25,#REF!,6,\"false\")","v":{"$error":"#REF!"}},{"$error":"#REF!"},{"$error":"#REF!"},null,null,"","","","","","","","","","","","","","","","","","","","","","","","","",""]
[{"$error":"#REF!"},23,108,"14:25",{"$f":"+VLOOKUP($C26,#REF!,2,\"false\")","v":{"$error":"#REF!"}},{"$f":"+VLOOKUP($C26,#REF!,3,\"false\")","v":{"$error":"#REF!"}},{"$f":"+VLOOKUP($C26,#REF!,4,\"false\")","v":{"$error":"#REF!"}},{"$f":"+VLOOKUP($C26,#REF!,5,\"false\")","v":{"$error":"#REF!"}},{"$f":"+VLOOKUP($C26,#REF!,6,\"false\")","v":{"$error":"#REF!"}},{"$error":"#REF!"},{"$error":"#REF!"},null,null,"","","","","","","","","","","","","","","","","","","","","","","","","",""]
[{"$error":"#REF!"},24,64,"14:26",{"$f":"+VLOOKUP($C27,#REF!,2,\"false\")","v":{"$error":"#REF!"}},{"$f":"+VLOOKUP($C27,#REF!,3,\"false\")","v":{"$error":"#REF!"}},{"$f":"+VLOOKUP($C27,#REF!,4,\"false\")","v":{"$error":"#REF!"}},{"$f":"+VLOOKUP($C27,#REF!,5,\"false\")","v":{"$error":"#REF!"}},{"$f":"+VLOOKUP($C27,#REF!,6,\"false\")","v":{"$error":"#REF!"}},{"$error":"#REF!"},{"$error":"#REF!"},null,null,"","","","","","","","","","","","","","","","","","","","","","","","","",""]
[{"$error":"#REF!"},25,78,"14:27",{"$f":"+VLOOKUP($C28,#REF!,2,\"false\")","v":{"$error":"#REF!"}},{"$f":"+VLOOKUP($C28,#REF!,3,\"false\")","v":{"$error":"#REF!"}},{"$f":"+VLOOKUP($C28,#REF!,4,\"false\")","v":{"$error":"#REF!"}},{"$f":"+VLOOKUP($C28,#REF!,5,\"false\")","v":{"$error":"#REF!"}},{"$f":"+VLOOKUP($C28,#REF!,6,\"false\")","v":{"$error":"#REF!"}},{"$error":"#REF!"},{"$error":"#REF!"},null,"Tot",{"$f":"IF(N24=\"\",1000,SUM(N22:N24))","v":1000},{"$f":"IF(O24=\"\",1000,SUM(O22:O24))","v":1000},1000,1000,1000,1000,1000,1000,1000,1000,1000,1000,1000,1000,1000,1000,1000,1000,1000,1000,1000,1000,1000,1000,1000,1000]
[{"$error":"#REF!"},26,115,"14:29",{"$f":"+VLOOKUP($C29,#REF!,2,\"false\")","v":{"$error":"#REF!"}},{"$f":"+VLOOKUP($C29,#REF!,3,\"false\")","v":{"$error":"#REF!"}},{"$f":"+VLOOKUP($C29,#REF!,4,\"false\")","v":{"$error":"#REF!"}},{"$f":"+VLOOKUP($C29,#REF!,5,\"false\")","v":{"$error":"#REF!"}},{"$f":"+VLOOKUP($C29,#REF!,6,\"false\")","v":{"$error":"#REF!"}},{"$error":"#REF!"},{"$error":"#REF!"},null,"Pos",{"$f":"RANK(N28,($N$10:$AM$10,$N$19:$AM$19,$N$28:$AM$28, $N$37:$AM$37),1)","v":1},{"$f":"RANK(O28,($N$10:$AM$10,$N$19:$AM$19,$N$28:$AM$28, $N$37:$AM$37),1)","v":1},{"$f":"RANK(P28,($N$10:$AM$10,$N$19:$AM$19,$N$28:$AM$28, $N$37:$AM$37),1)","v":1},{"$f":"RANK(Q28,($N$10:$AM$10,$N$19:$AM$19,$N$28:$AM$28, $N$37:$AM$37),1)","v":1},{"$f":"RANK(R28,($N$10:$AM$10,$N$19:$AM$19,$N$28:$AM$28, $N$37:$AM$37),1)","v":1},{"$f":"RANK(S28,($N$10:$AM$10,$N$19:$AM$19,$N$28:$AM$28, $N$37:$AM$37),1)","v":1},{"$f":"RANK(T28,($N$10:$AM$10,$N$19:$AM$19,$N$28:$AM$28, $N$37:$AM$37),1)","v":1},{"$f":"RANK(U28,($N$10:$AM$10,$N$19:$AM$19,$N$28:$AM$28, $N$37:$AM$37),1)","v":1},{"$f":"RANK(V28,($N$10:$AM$10,$N$19:$AM$19,$N$28:$AM$28, $N$37:$AM$37),1)","v":1},{"$f":"RANK(W28,($N$10:$AM$10,$N$19:$AM$19,$N$28:$AM$28, $N$37:$AM$37),1)","v":1},{"$f":"RANK(X28,($N$10:$AM$10,$N$19:$AM$19,$N$28:$AM$28, $N$37:$AM$37),1)","v":1},{"$f":"RANK(Y28,($N$10:$AM$10,$N$19:$AM$19,$N$28:$AM$28, $N$37:$AM$37),1)","v":1},{"$f":"RANK(Z28,($N$10:$AM$10,$N$19:$AM$19,$N$28:$AM$28, $N$37:$AM$37),1)","v":1},{"$f":"RANK(AA28,($N$10:$AM$10,$N$19:$AM$19,$N$28:$AM$28, $N$37:$AM$37),1)","v":1},{"$f":"RANK(AB28,($N$10:$AM$10,$N$19:$AM$19,$N$28:$AM$28, $N$37:$AM$37),1)","v":1},{"$f":"RANK(AC28,($N$10:$AM$10,$N$19:$AM$19,$N$28:$AM$28, $N$37:$AM$37),1)","v":1},{"$f":"RANK(AD28,($N$10:$AM$10,$N$19:$AM$19,$N$28:$AM$28, $N$37:$AM$37),1)","v":1},{"$f":"RANK(AE28,($N$10:$AM$10,$N$19:$AM$19,$N$28:$AM$28, $N$37:$AM$37),1)","v":1},{"$f":"RANK(AF28,($N$10:$AM$10,$N$19:$AM$19,$N$28:$AM$28, $N$37:$AM$37),1)","v":1},{"$f":"RANK(AG28,($N$10:$AM$10,$N$19:$AM$19,$N$28:$AM$28, $N$37:$AM$37),1)","v":1},{"$f":"RANK(AH28,($N$10:$AM$10,$N$19:$AM$19,$N$28:$AM$28, $N$37:$AM$37),1)","v":1},{"$f":"RANK(AI28,($N$10:$AM$10,$N$19:$AM$19,$N$28:$AM$28, $N$37:$AM$37),1)","v":1},{"$f":"RANK(AJ28,($N$10:$AM$10,$N$19:$AM$19,$N$28:$AM$28, $N$37:$AM$37),1)","v":1},{"$f":"RANK(AK28,($N$10:$AM$10,$N$19:$AM$19,$N$28:$AM$28, $N$37:$AM$37),1)","v":1},{"$f":"RANK(AL28,($N$10:$AM$10,$N$19:$AM$19,$N$28:$AM$28, $N$37:$AM$37),1)","v":1},{"$f":"RANK(AM28,($N$10:$AM$10,$N$19:$AM$19,$N$28:$AM$28, $N$37:$AM$37),1)","v":1}]
[{"$error":"#REF!"},27,91,"14:37",{"$f":"+VLOOKUP($C30,#REF!,2,\"false\")","v":{"$error":"#REF!"}},{"$f":"+VLOOKUP($C30,#REF!,3,\"false\")","v":{"$error":"#REF!"}},{"$f":"+VLOOKUP($C30,#REF!,4,\"false\")","v":{"$error":"#REF!"}},{"$f":"+VLOOKUP($C30,#REF!,5,\"false\")","v":{"$error":"#REF!"}},{"$f":"+VLOOKUP($C30,#REF!,6,\"false\")","v":{"$error":"#REF!"}},{"$error":"#REF!"},{"$error":"#REF!"}]
[{"$error":"#REF!"},28,79,"14:43",{"$f":"+VLOOKUP($C31,#REF!,2,\"false\")","v":{"$error":"#REF!"}},{"$f":"+VLOOKUP($C31,#REF!,3,\"false\")","v":{"$error":"#REF!"}},{"$f":"+VLOOKUP($C31,#REF!,4,\"false\")","v":{"$error":"#REF!"}},{"$f":"+VLOOKUP($C31,#REF!,5,\"false\")","v":{"$error":"#REF!"}},{"$f":"+VLOOKUP($C31,#REF!,6,\"false\")","v":{"$error":"#REF!"}},{"$error":"#REF!"},{"$error":"#REF!"},null,10,{"$f":"+IF(ISNA(VLOOKUP(N$3&\"  \"&$M31,$A$3:$I$109,2,0)),\"\",VLOOKUP(N$3&\"  \"&$M31,$A$3:$I$109,2,0))","v":""},"","","","","","","","","",{"$f":"+IF(ISNA(VLOOKUP(X$3&\"  \"&$M31,$A$3:$I$109,2,0)),\"\",VLOOKUP(X$3&\"  \"&$M31,$A$3:$I$109,2,0))","v":""},"","","","","","","","","",{"$f":"+IF(ISNA(VLOOKUP(AH$3&\"  \"&$M31,$A$3:$I$109,2,0)),\"\",VLOOKUP(AH$3&\"  \"&$M31,$A$3:$I$109,2,0))","v":""},"","","","",""]
[{"$error":"#REF!"},29,90,"14:47",{"$f":"+VLOOKUP($C32,#REF!,2,\"false\")","v":{"$error":"#REF!"}},{"$f":"+VLOOKUP($C32,#REF!,3,\"false\")","v":{"$error":"#REF!"}},{"$f":"+VLOOKUP($C32,#REF!,4,\"false\")","v":{"$error":"#REF!"}},{"$f":"+VLOOKUP($C32,#REF!,5,\"false\")","v":{"$error":"#REF!"}},{"$f":"+VLOOKUP($C32,#REF!,6,\"false\")","v":{"$error":"#REF!"}},{"$error":"#REF!"},{"$error":"#REF!"},null,11,"","","","","","","","","","","","","","","","","","","","","","","","","",""]
[{"$error":"#REF!"},30,113,"14:51",{"$f":"+VLOOKUP($C33,#REF!,2,\"false\")","v":{"$error":"#REF!"}},{"$f":"+VLOOKUP($C33,#REF!,3,\"false\")","v":{"$error":"#REF!"}},{"$f":"+VLOOKUP($C33,#REF!,4,\"false\")","v":{"$error":"#REF!"}},{"$f":"+VLOOKUP($C33,#REF!,5,\"false\")","v":{"$error":"#REF!"}},{"$f":"+VLOOKUP($C33,#REF!,6,\"false\")","v":{"$error":"#REF!"}},{"$error":"#REF!"},{"$error":"#REF!"},null,12,"","","","","","","","","","","","","","","","","","","","","","","","","",""]
[{"$f":"+K34","v":{"$error":"#REF!"}},31,68,"15:05",{"$f":"+VLOOKUP($C34,#REF!,2,\"false\")","v":{"$error":"#REF!"}},{"$f":"+VLOOKUP($C34,#REF!,3,\"false\")","v":{"$error":"#REF!"}},{"$f":"+VLOOKUP($C34,#REF!,4,\"false\")","v":{"$error":"#REF!"}},{"$f":"+VLOOKUP($C34,#REF!,5,\"false\")","v":{"$error":"#REF!"}},{"$f":"+VLOOKUP($C34,#REF!,6,\"false\")","v":{"$error":"#REF!"}},{"$f":"TEXT(SUMPRODUCT(--(G34=$G$4:$G$597),--(B34>$B$4:$B$597))+1,0)","v":{"$error":"#REF!"}},{"$f":"+G34&\"  \"&J34","v":{"$error":"#REF!"}},null,null,"","","","","","","","","","","","","","","","","","","","","","","","","",""]
[{"$error":"#REF!"},32,114,"15:10",{"$f":"+VLOOKUP($C35,#REF!,2,\"false\")","v":{"$error":"#REF!"}},{"$f":"+VLOOKUP($C35,#REF!,3,\"false\")","v":{"$error":"#REF!"}},{"$f":"+VLOOKUP($C35,#REF!,4,\"false\")","v":{"$error":"#REF!"}},{"$f":"+VLOOKUP($C35,#REF!,5,\"false\")","v":{"$error":"#REF!"}},{"$f":"+VLOOKUP($C35,#REF!,6,\"false\")","v":{"$error":"#REF!"}},{"$error":"#REF!"},{"$error":"#REF!"},null,null,"","","","","","","","","","","","","","","","","","","","","","","","","",""]
[{"$error":"#REF!"},33,85,"15:11",{"$f":"+VLOOKUP($C36,#REF!,2,\"false\")","v":{"$error":"#REF!"}},{"$f":"+VLOOKUP($C36,#REF!,3,\"false\")","v":{"$error":"#REF!"}},{"$f":"+VLOOKUP($C36,#REF!,4,\"false\")","v":{"$error":"#REF!"}},{"$f":"+VLOOKUP($C36,#REF!,5,\"false\")","v":{"$error":"#REF!"}},{"$f":"+VLOOKUP($C36,#REF!,6,\"false\")","v":{"$error":"#REF!"}},{"$error":"#REF!"},{"$error":"#REF!"},null,null,"","","","","","","","","","","","","","","","","","","","","","","","","",""]
[{"$error":"#REF!"},34,101,"15:12",{"$f":"+VLOOKUP($C37,#REF!,2,\"false\")","v":{"$error":"#REF!"}},{"$f":"+VLOOKUP($C37,#REF!,3,\"false\")","v":{"$error":"#REF!"}},{"$f":"+VLOOKUP($C37,#REF!,4,\"false\")","v":{"$error":"#REF!"}},{"$f":"+VLOOKUP($C37,#REF!,5,\"false\")","v":{"$error":"#REF!"}},{"$f":"+VLOOKUP($C37,#REF!,6,\"false\")","v":{"$error":"#REF!"}},{"$error":"#REF!"},{"$error":"#REF!"},null,"Tot",{"$f":"IF(N33=\"\",1000,SUM(N31:N33))","v":1000},{"$f":"IF(O33=\"\",1000,SUM(O31:O33))","v":1000},1000,1000,1000,1000,1000,1000,1000,1000,1000,1000,1000,1000,1000,1000,1000,1000,1000,1000,1000,1000,1000,1000,1000,1000]
[{"$error":"#REF!"},35,96,"15:12",{"$f":"+VLOOKUP($C38,#REF!,2,\"false\")","v":{"$error":"#REF!"}},{"$f":"+VLOOKUP($C38,#REF!,3,\"false\")","v":{"$error":"#REF!"}},{"$f":"+VLOOKUP($C38,#REF!,4,\"false\")","v":{"$error":"#REF!"}},{"$f":"+VLOOKUP($C38,#REF!,5,\"false\")","v":{"$error":"#REF!"}},{"$f":"+VLOOKUP($C38,#REF!,6,\"false\")","v":{"$error":"#REF!"}},{"$error":"#REF!"},{"$error":"#REF!"},null,"Pos",{"$f":"RANK(N37,($N$10:$AM$10,$N$19:$AM$19,$N$28:$AM$28, $N$37:$AM$37),1)","v":1},{"$f":"RANK(O37,($N$10:$AM$10,$N$19:$AM$19,$N$28:$AM$28, $N$37:$AM$37),1)","v":1},{"$f":"RANK(P37,($N$10:$AM$10,$N$19:$AM$19,$N$28:$AM$28, $N$37:$AM$37),1)","v":1},{"$f":"RANK(Q37,($N$10:$AM$10,$N$19:$AM$19,$N$28:$AM$28, $N$37:$AM$37),1)","v":1},{"$f":"RANK(R37,($N$10:$AM$10,$N$19:$AM$19,$N$28:$AM$28, $N$37:$AM$37),1)","v":1},{"$f":"RANK(S37,($N$10:$AM$10,$N$19:$AM$19,$N$28:$AM$28, $N$37:$AM$37),1)","v":1},{"$f":"RANK(T37,($N$10:$AM$10,$N$19:$AM$19,$N$28:$AM$28, $N$37:$AM$37),1)","v":1},{"$f":"RANK(U37,($N$10:$AM$10,$N$19:$AM$19,$N$28:$AM$28, $N$37:$AM$37),1)","v":1},{"$f":"RANK(V37,($N$10:$AM$10,$N$19:$AM$19,$N$28:$AM$28, $N$37:$AM$37),1)","v":1},{"$f":"RANK(W37,($N$10:$AM$10,$N$19:$AM$19,$N$28:$AM$28, $N$37:$AM$37),1)","v":1},{"$f":"RANK(X37,($N$10:$AM$10,$N$19:$AM$19,$N$28:$AM$28, $N$37:$AM$37),1)","v":1},{"$f":"RANK(Y37,($N$10:$AM$10,$N$19:$AM$19,$N$28:$AM$28, $N$37:$AM$37),1)","v":1},{"$f":"RANK(Z37,($N$10:$AM$10,$N$19:$AM$19,$N$28:$AM$28, $N$37:$AM$37),1)","v":1},{"$f":"RANK(AA37,($N$10:$AM$10,$N$19:$AM$19,$N$28:$AM$28, $N$37:$AM$37),1)","v":1},{"$f":"RANK(AB37,($N$10:$AM$10,$N$19:$AM$19,$N$28:$AM$28, $N$37:$AM$37),1)","v":1},{"$f":"RANK(AC37,($N$10:$AM$10,$N$19:$AM$19,$N$28:$AM$28, $N$37:$AM$37),1)","v":1},{"$f":"RANK(AD37,($N$10:$AM$10,$N$19:$AM$19,$N$28:$AM$28, $N$37:$AM$37),1)","v":1},{"$f":"RANK(AE37,($N$10:$AM$10,$N$19:$AM$19,$N$28:$AM$28, $N$37:$AM$37),1)","v":1},{"$f":"RANK(AF37,($N$10:$AM$10,$N$19:$AM$19,$N$28:$AM$28, $N$37:$AM$37),1)","v":1},{"$f":"RANK(AG37,($N$10:$AM$10,$N$19:$AM$19,$N$28:$AM$28, $N$37:$AM$37),1)","v":1},{"$f":"RANK(AH37,($N$10:$AM$10,$N$19:$AM$19,$N$28:$AM$28, $N$37:$AM$37),1)","v":1},{"$f":"RANK(AI37,($N$10:$AM$10,$N$19:$AM$19,$N$28:$AM$28, $N$37:$AM$37),1)","v":1},{"$f":"RANK(AJ37,($N$10:$AM$10,$N$19:$AM$19,$N$28:$AM$28, $N$37:$AM$37),1)","v":1},{"$f":"RANK(AK37,($N$10:$AM$10,$N$19:$AM$19,$N$28:$AM$28, $N$37:$AM$37),1)","v":1},{"$f":"RANK(AL37,($N$10:$AM$10,$N$19:$AM$19,$N$28:$AM$28, $N$37:$AM$37),1)","v":1},{"$f":"RANK(AM37,($N$10:$AM$10,$N$19:$AM$19,$N$28:$AM$28, $N$37:$AM$37),1)","v":1}]
[{"$error":"#REF!"},36,102,"15:13",{"$f":"+VLOOKUP($C39,#REF!,2,\"false\")","v":{"$error":"#REF!"}},{"$f":"+VLOOKUP($C39,#REF!,3,\"false\")","v":{"$error":"#REF!"}},{"$f":"+VLOOKUP($C39,#REF!,4,\"false\")","v":{"$error":"#REF!"}},{"$f":"+VLOOKUP($C39,#REF!,5,\"false\")","v":{"$error":"#REF!"}},{"$f":"+VLOOKUP($C39,#REF!,6,\"false\")","v":{"$error":"#REF!"}},{"$error":"#REF!"},{"$error":"#REF!"}]
[{"$error":"#REF!"},37,88,"15:14",{"$f":"+VLOOKUP($C40,#REF!,2,\"false\")","v":{"$error":"#REF!"}},{"$f":"+VLOOKUP($C40,#REF!,3,\"false\")","v":{"$error":"#REF!"}},{"$f":"+VLOOKUP($C40,#REF!,4,\"false\")","v":{"$error":"#REF!"}},{"$f":"+VLOOKUP($C40,#REF!,5,\"false\")","v":{"$error":"#REF!"}},{"$f":"+VLOOKUP($C40,#REF!,6,\"false\")","v":{"$error":"#REF!"}},{"$error":"#REF!"},{"$error":"#REF!"}]
[{"$error":"#REF!"},38,92,"15:31",{"$f":"+VLOOKUP($C41,#REF!,2,\"false\")","v":{"$error":"#REF!"}},{"$f":"+VLOOKUP($C41,#REF!,3,\"false\")","v":{"$error":"#REF!"}},{"$f":"+VLOOKUP($C41,#REF!,4,\"false\")","v":{"$error":"#REF!"}},{"$f":"+VLOOKUP($C41,#REF!,5,\"false\")","v":{"$error":"#REF!"}},{"$f":"+VLOOKUP($C41,#REF!,6,\"false\")","v":{"$error":"#REF!"}},{"$error":"#REF!"},{"$error":"#REF!"}]
[{"$error":"#REF!"},39,87,"15:46",{"$f":"+VLOOKUP($C42,#REF!,2,\"false\")","v":{"$error":"#REF!"}},{"$f":"+VLOOKUP($C42,#REF!,3,\"false\")","v":{"$error":"#REF!"}},{"$f":"+VLOOKUP($C42,#REF!,4,\"false\")","v":{"$error":"#REF!"}},{"$f":"+VLOOKUP($C42,#REF!,5,\"false\")","v":{"$error":"#REF!"}},{"$f":"+VLOOKUP($C42,#REF!,6,\"false\")","v":{"$error":"#REF!"}},{"$error":"#REF!"},{"$error":"#REF!"}]
[{"$error":"#REF!"},40,82,"15:47",{"$f":"+VLOOKUP($C43,#REF!,2,\"false\")","v":{"$error":"#REF!"}},{"$f":"+VLOOKUP($C43,#REF!,3,\"false\")","v":{"$error":"#REF!"}},{"$f":"+VLOOKUP($C43,#REF!,4,\"false\")","v":{"$error":"#REF!"}},{"$f":"+VLOOKUP($C43,#REF!,5,\"false\")","v":{"$error":"#REF!"}},{"$f":"+VLOOKUP($C43,#REF!,6,\"false\")","v":{"$error":"#REF!"}},{"$error":"#REF!"},{"$error":"#REF!"}]
[{"$error":"#REF!"},41,93,"16:00",{"$f":"+VLOOKUP($C44,#REF!,2,\"false\")","v":{"$error":"#REF!"}},{"$f":"+VLOOKUP($C44,#REF!,3,\"false\")","v":{"$error":"#REF!"}},{"$f":"+VLOOKUP($C44,#REF!,4,\"false\")","v":{"$error":"#REF!"}},{"$f":"+VLOOKUP($C44,#REF!,5,\"false\")","v":{"$error":"#REF!"}},{"$f":"+VLOOKUP($C44,#REF!,6,\"false\")","v":{"$error":"#REF!"}},{"$error":"#REF!"},{"$error":"#REF!"}]
[{"$error":"#REF!"},42,74,"16:10",{"$f":"+VLOOKUP($C45,#REF!,2,\"false\")","v":{"$error":"#REF!"}},{"$f":"+VLOOKUP($C45,#REF!,3,\"false\")","v":{"$error":"#REF!"}},{"$f":"+VLOOKUP($C45,#REF!,4,\"false\")","v":{"$error":"#REF!"}},{"$f":"+VLOOKUP($C45,#REF!,5,\"false\")","v":{"$error":"#REF!"}},{"$f":"+VLOOKUP($C45,#REF!,6,\"false\")","v":{"$error":"#REF!"}},{"$error":"#REF!"},{"$error":"#REF!"}]
[{"$error":"#REF!"},43,106,"16:15",{"$f":"+VLOOKUP($C46,#REF!,2,\"false\")","v":{"$error":"#REF!"}},{"$f":"+VLOOKUP($C46,#REF!,3,\"false\")","v":{"$error":"#REF!"}},{"$f":"+VLOOKUP($C46,#REF!,4,\"false\")","v":{"$error":"#REF!"}},{"$f":"+VLOOKUP($C46,#REF!,5,\"false\")","v":{"$error":"#REF!"}},{"$f":"+VLOOKUP($C46,#REF!,6,\"false\")","v":{"$error":"#REF!"}},{"$error":"#REF!"},{"$error":"#REF!"}]
[{"$error":"#REF!"},44,112,"16:52",{"$f":"+VLOOKUP($C47,#REF!,2,\"false\")","v":{"$error":"#REF!"}},{"$f":"+VLOOKUP($C47,#REF!,3,\"false\")","v":{"$error":"#REF!"}},{"$f":"+VLOOKUP($C47,#REF!,4,\"false\")","v":{"$error":"#REF!"}},{"$f":"+VLOOKUP($C47,#REF!,5,\"false\")","v":{"$error":"#REF!"}},{"$f":"+VLOOKUP($C47,#REF!,6,\"false\")","v":{"$error":"#REF!"}},{"$error":"#REF!"},{"$error":"#REF!"}]
[{"$error":"#REF!"},45,103,"17:09",{"$f":"+VLOOKUP($C48,#REF!,2,\"false\")","v":{"$error":"#REF!"}},{"$f":"+VLOOKUP($C48,#REF!,3,\"false\")","v":{"$error":"#REF!"}},{"$f":"+VLOOKUP($C48,#REF!,4,\"false\")","v":{"$error":"#REF!"}},{"$f":"+VLOOKUP($C48,#REF!,5,\"false\")","v":{"$error":"#REF!"}},{"$f":"+VLOOKUP($C48,#REF!,6,\"false\")","v":{"$error":"#REF!"}},{"$error":"#REF!"},{"$error":"#REF!"}]
[{"$error":"#REF!"},46,86,"17:19",{"$f":"+VLOOKUP($C49,#REF!,2,\"false\")","v":{"$error":"#REF!"}},{"$f":"+VLOOKUP($C49,#REF!,3,\"false\")","v":{"$error":"#REF!"}},{"$f":"+VLOOKUP($C49,#REF!,4,\"false\")","v":{"$error":"#REF!"}},{"$f":"+VLOOKUP($C49,#REF!,5,\"false\")","v":{"$error":"#REF!"}},{"$f":"+VLOOKUP($C49,#REF!,6,\"false\")","v":{"$error":"#REF!"}},{"$error":"#REF!"},{"$error":"#REF!"}]
[{"$error":"#REF!"},47,524,"18:04",{"$f":"+VLOOKUP($C50,#REF!,2,\"false\")","v":{"$error":"#REF!"}},{"$f":"+VLOOKUP($C50,#REF!,3,\"false\")","v":{"$error":"#REF!"}},{"$f":"+VLOOKUP($C50,#REF!,4,\"false\")","v":{"$error":"#REF!"}},{"$f":"+VLOOKUP($C50,#REF!,5,\"false\")","v":{"$error":"#REF!"}},{"$f":"+VLOOKUP($C50,#REF!,6,\"false\")","v":{"$error":"#REF!"}},{"$error":"#REF!"},{"$error":"#REF!"}]
[{"$f":"+K51","v":{"$error":"#REF!"}},48,104,"19:04",{"$f":"+VLOOKUP($C51,#REF!,2,\"false\")","v":{"$error":"#REF!"}},{"$f":"+VLOOKUP($C51,#REF!,3,\"false\")","v":{"$error":"#REF!"}},{"$f":"+VLOOKUP($C51,#REF!,4,\"false\")","v":{"$error":"#REF!"}},{"$f":"+VLOOKUP($C51,#REF!,5,\"false\")","v":{"$error":"#REF!"}},{"$f":"+VLOOKUP($C51,#REF!,6,\"false\")","v":{"$error":"#REF!"}},{"$f":"TEXT(SUMPRODUCT(--(G51=$G$4:$G$597),--(B51>$B$4:$B$597))+1,0)","v":{"$error":"#REF!"}},{"$f":"+G51&\"  \"&J51","v":{"$error":"#REF!"}}]
{"$rows_empty":48}
[{"$nulls":13},"B&H"]
[{"$nulls":13},"LEW"]
[{"$nulls":13},"CHI"]
[{"$nulls":13},"POR"]
[{"$nulls":13},"PHX"]
[{"$nulls":13},"EBR"]
[{"$nulls":13},"BWK"]
[null,"Pos","Bib","Time",{"$nulls":9},"HY"]
[null,1,97,"12:11",{"$nulls":9},"HAS"]
[null,{"$f":"+B108+1","v":2},107,"12:40",{"$nulls":9},"CRA"]
[null,{"$f":"+B109+1","v":3},69,"12:47",{"$nulls":9},"WDH"]
[null,4,116,"12:49",{"$nulls":9},"HBS"]
[null,5,62,"13:08"]
[null,6,111,"13:20"]
[null,7,75,"13:27"]
[null,8,81,"13:29"]
[null,9,66,"13:30"]
[null,10,99,"13:30"]
[null,11,77,"13:53"]
[null,12,84,"13:59"]
[null,13,110,"14:00"]
[null,14,105,"14:02"]
[null,15,83,"14:06"]
[null,16,94,"14:07"]
[null,17,95,"14:08"]
[null,18,72,"14:12"]
[null,19,63,"14:12"]
[null,20,76,"14:16"]
[null,21,117,"14:22"]
[null,22,100,"14:24"]
[null,23,108,"14:25"]
[null,24,64,"14:26"]
[null,25,78,"14:27"]
[null,26,115,"14:29"]
[null,27,91,"14:37"]
[null,28,79,"14:43"]
[null,29,90,"14:47"]
[null,30,113,"14:51"]
[null,31,68,"15:05"]
[null,32,114,"15:10"]
[null,33,85,"15:11"]
[null,34,101,"15:12"]
[null,35,96,"15:12"]
[null,36,102,"15:13"]
[null,37,88,"15:14"]
[null,38,92,"15:31"]
[null,39,87,"15:46"]
[null,40,82,"15:47"]
[null,41,93,"16:00"]
[null,42,74,"16:10"]
[null,43,106,"16:15"]
[null,44,112,"16:52"]
[null,45,103,"17:09"]
[null,46,86,"17:19"]
[null,47,524,"18:04"]
[null,48,104,"19:04"]
[null,49]
[null,50]
[null,51]
[null,52]
[null,53]
[null,54]
[null,55]
[null,56]
[null,57]
[null,58]
[null,59]
[null,60]
[null,61]
[null,62]
[null,63]
[null,64]
[null,65]
[null,66]
[null,{"$f":"+B173+1","v":67}]
[null,68]
[null,69]
[null,70]
[null,71]
[null,72]
[null,73]
[null,74]
[null,75]
[null,76]
[null,77]
[null,78]
[null,79]
[null,80]
[null,81]
[null,82]
[null,83]
[null,84]
[null,85]
[null,86]
[null,87]
[null,88]
[null,89]
[null,90]
[null,91]
[null,92]
[null,93]
[null,94]
[null,95]
[null,96]
[null,97]
[null,98]
[null,99]
[null,100]

{"sheet":"U15G","index":4,"n_rows":198,"n_cols":39,"rows_kept":198,"hidden":true,"merged":[[0,1,0,6],[1,1,1,6]]}
[null,"Sussex Athletics XC Championships\nBexhill, 07/01/2023",{"$nulls":11},"26 clubs - cols N to AM"]
[null,"U15 Girls"]
["Temp","Pos","Bib","Time","Forename","Surname","Club","Cat ","Sex","Rk","Club Rk",null,null,"EBR","LEW","CHI","CRA","SYN","WDH","B&H","BWK","PHX","HY","HBS","HAS"]
[{"$f":"+K4","v":{"$error":"#REF!"}},1,521,"16:25",{"$f":"+VLOOKUP($C4,#REF!,2,\"false\")","v":{"$error":"#REF!"}},{"$f":"+VLOOKUP($C4,#REF!,3,\"false\")","v":{"$error":"#REF!"}},{"$f":"+VLOOKUP($C4,#REF!,4,\"false\")","v":{"$error":"#REF!"}},{"$f":"+VLOOKUP($C4,#REF!,5,\"false\")","v":{"$error":"#REF!"}},{"$f":"+VLOOKUP($C4,#REF!,6,\"false\")","v":{"$error":"#REF!"}},{"$f":"TEXT(SUMPRODUCT(--(G4=$G$4:$G$588),--(B4>$B$4:$B$588))+1,0)","v":{"$error":"#REF!"}},{"$f":"+G4&\"  \"&J4","v":{"$error":"#REF!"}},null,1,{"$f":"+IF(ISNA(VLOOKUP(N$3&\"  \"&$M4,$A$3:$I$100,2,0)),\"\",VLOOKUP(N$3&\"  \"&$M4,$A$3:$I$100,2,0))","v":""},"","","","","","","","","",{"$f":"+IF(ISNA(VLOOKUP(X$3&\"  \"&$M4,$A$3:$I$100,2,0)),\"\",VLOOKUP(X$3&\"  \"&$M4,$A$3:$I$100,2,0))","v":""},"","","","","","","","","",{"$f":"+IF(ISNA(VLOOKUP(AH$3&\"  \"&$M4,$A$3:$I$100,2,0)),\"\",VLOOKUP(AH$3&\"  \"&$M4,$A$3:$I$100,2,0))","v":""},"","","","",""]
[{"$f":"+K5","v":{"$error":"#REF!"}},{"$f":"+B4+1","v":2},217,"16:32",{"$f":"+VLOOKUP($C5,#REF!,2,\"false\")","v":{"$error":"#REF!"}},{"$f":"+VLOOKUP($C5,#REF!,3,\"false\")","v":{"$error":"#REF!"}},{"$f":"+VLOOKUP($C5,#REF!,4,\"false\")","v":{"$error":"#REF!"}},{"$f":"+VLOOKUP($C5,#REF!,5,\"false\")","v":{"$error":"#REF!"}},{"$f":"+VLOOKUP($C5,#REF!,6,\"false\")","v":{"$error":"#REF!"}},{"$error":"#REF!"},{"$f":"+G5&\"  \"&J5","v":{"$error":"#REF!"}},null,2,"","","","","","","","","","","","","","","","","","","","","","","","","",""]
[{"$error":"#REF!"},{"$f":"+B5+1","v":3},212,"16:33",{"$f":"+VLOOKUP($C6,#REF!,2,\"false\")","v":{"$error":"#REF!"}},{"$f":"+VLOOKUP($C6,#REF!,3,\"false\")","v":{"$error":"#REF!"}},{"$f":"+VLOOKUP($C6,#REF!,4,\"false\")","v":{"$error":"#REF!"}},{"$f":"+VLOOKUP($C6,#REF!,5,\"false\")","v":{"$error":"#REF!"}},{"$f":"+VLOOKUP($C6,#REF!,6,\"false\")","v":{"$error":"#REF!"}},{"$error":"#REF!"},{"$error":"#REF!"},null,3,"","","","","","","","","","","","","","","","","","","","","","","","","",""]
[{"$error":"#REF!"},4,201,"16:37",{"$f":"+VLOOKUP($C7,#REF!,2,\"false\")","v":{"$error":"#REF!"}},{"$f":"+VLOOKUP($C7,#REF!,3,\"false\")","v":{"$error":"#REF!"}},{"$f":"+VLOOKUP($C7,#REF!,4,\"false\")","v":{"$error":"#REF!"}},{"$f":"+VLOOKUP($C7,#REF!,5,\"false\")","v":{"$error":"#REF!"}},{"$f":"+VLOOKUP($C7,#REF!,6,\"false\")","v":{"$error":"#REF!"}},{"$error":"#REF!"},{"$error":"#REF!"},null,null,"","","","","","","","","","","","","","","","","","","","","","","","","",""]
[{"$error":"#REF!"},5,214,"16:52",{"$f":"+VLOOKUP($C8,#REF!,2,\"false\")","v":{"$error":"#REF!"}},{"$f":"+VLOOKUP($C8,#REF!,3,\"false\")","v":{"$error":"#REF!"}},{"$f":"+VLOOKUP($C8,#REF!,4,\"false\")","v":{"$error":"#REF!"}},{"$f":"+VLOOKUP($C8,#REF!,5,\"false\")","v":{"$error":"#REF!"}},{"$f":"+VLOOKUP($C8,#REF!,6,\"false\")","v":{"$error":"#REF!"}},{"$error":"#REF!"},{"$error":"#REF!"},null,null,"","","","","","","","","","","","","","","","","","","","","","","","","",""]
[{"$error":"#REF!"},6,245,"16:57",{"$f":"+VLOOKUP($C9,#REF!,2,\"false\")","v":{"$error":"#REF!"}},{"$f":"+VLOOKUP($C9,#REF!,3,\"false\")","v":{"$error":"#REF!"}},{"$f":"+VLOOKUP($C9,#REF!,4,\"false\")","v":{"$error":"#REF!"}},{"$f":"+VLOOKUP($C9,#REF!,5,\"false\")","v":{"$error":"#REF!"}},{"$f":"+VLOOKUP($C9,#REF!,6,\"false\")","v":{"$error":"#REF!"}},{"$error":"#REF!"},{"$error":"#REF!"},null,null,"","","","","","","","","","","","","","","","","","","","","","","","","",""]
[{"$error":"#REF!"},7,237,"17:00",{"$f":"+VLOOKUP($C10,#REF!,2,\"false\")","v":{"$error":"#REF!"}},{"$f":"+VLOOKUP($C10,#REF!,3,\"false\")","v":{"$error":"#REF!"}},{"$f":"+VLOOKUP($C10,#REF!,4,\"false\")","v":{"$error":"#REF!"}},{"$f":"+VLOOKUP($C10,#REF!,5,\"false\")","v":{"$error":"#REF!"}},{"$f":"+VLOOKUP($C10,#REF!,6,\"false\")","v":{"$error":"#REF!"}},{"$error":"#REF!"},{"$error":"#REF!"},null,"Tot",{"$f":"IF(N6=\"\",1000,SUM(N4:N6))","v":1000},{"$f":"IF(O6=\"\",1000,SUM(O4:O6))","v":1000},1000,1000,1000,1000,1000,1000,1000,1000,1000,1000,1000,1000,1000,1000,1000,1000,1000,1000,1000,1000,1000,1000,1000,1000]
[{"$error":"#REF!"},8,218,"17:06",{"$f":"+VLOOKUP($C11,#REF!,2,\"false\")","v":{"$error":"#REF!"}},{"$f":"+VLOOKUP($C11,#REF!,3,\"false\")","v":{"$error":"#REF!"}},{"$f":"+VLOOKUP($C11,#REF!,4,\"false\")","v":{"$error":"#REF!"}},{"$f":"+VLOOKUP($C11,#REF!,5,\"false\")","v":{"$error":"#REF!"}},{"$f":"+VLOOKUP($C11,#REF!,6,\"false\")","v":{"$error":"#REF!"}},{"$error":"#REF!"},{"$error":"#REF!"},null,"Pos",{"$f":"RANK(N10,($N$10:$AM$10,$N$19:$AM$19,$N$28:$AM$28, $N$37:$AM$37),1)","v":1},{"$f":"RANK(O10,($N$10:$AM$10,$N$19:$AM$19,$N$28:$AM$28, $N$37:$AM$37),1)","v":1},{"$f":"RANK(P10,($N$10:$AM$10,$N$19:$AM$19,$N$28:$AM$28, $N$37:$AM$37),1)","v":1},{"$f":"RANK(Q10,($N$10:$AM$10,$N$19:$AM$19,$N$28:$AM$28, $N$37:$AM$37),1)","v":1},{"$f":"RANK(R10,($N$10:$AM$10,$N$19:$AM$19,$N$28:$AM$28, $N$37:$AM$37),1)","v":1},{"$f":"RANK(S10,($N$10:$AM$10,$N$19:$AM$19,$N$28:$AM$28, $N$37:$AM$37),1)","v":1},{"$f":"RANK(T10,($N$10:$AM$10,$N$19:$AM$19,$N$28:$AM$28, $N$37:$AM$37),1)","v":1},{"$f":"RANK(U10,($N$10:$AM$10,$N$19:$AM$19,$N$28:$AM$28, $N$37:$AM$37),1)","v":1},{"$f":"RANK(V10,($N$10:$AM$10,$N$19:$AM$19,$N$28:$AM$28, $N$37:$AM$37),1)","v":1},{"$f":"RANK(W10,($N$10:$AM$10,$N$19:$AM$19,$N$28:$AM$28, $N$37:$AM$37),1)","v":1},{"$f":"RANK(X10,($N$10:$AM$10,$N$19:$AM$19,$N$28:$AM$28, $N$37:$AM$37),1)","v":1},{"$f":"RANK(Y10,($N$10:$AM$10,$N$19:$AM$19,$N$28:$AM$28, $N$37:$AM$37),1)","v":1},{"$f":"RANK(Z10,($N$10:$AM$10,$N$19:$AM$19,$N$28:$AM$28, $N$37:$AM$37),1)","v":1},{"$f":"RANK(AA10,($N$10:$AM$10,$N$19:$AM$19,$N$28:$AM$28, $N$37:$AM$37),1)","v":1},{"$f":"RANK(AB10,($N$10:$AM$10,$N$19:$AM$19,$N$28:$AM$28, $N$37:$AM$37),1)","v":1},{"$f":"RANK(AC10,($N$10:$AM$10,$N$19:$AM$19,$N$28:$AM$28, $N$37:$AM$37),1)","v":1},{"$f":"RANK(AD10,($N$10:$AM$10,$N$19:$AM$19,$N$28:$AM$28, $N$37:$AM$37),1)","v":1},{"$f":"RANK(AE10,($N$10:$AM$10,$N$19:$AM$19,$N$28:$AM$28, $N$37:$AM$37),1)","v":1},{"$f":"RANK(AF10,($N$10:$AM$10,$N$19:$AM$19,$N$28:$AM$28, $N$37:$AM$37),1)","v":1},{"$f":"RANK(AG10,($N$10:$AM$10,$N$19:$AM$19,$N$28:$AM$28, $N$37:$AM$37),1)","v":1},{"$f":"RANK(AH10,($N$10:$AM$10,$N$19:$AM$19,$N$28:$AM$28, $N$37:$AM$37),1)","v":1},{"$f":"RANK(AI10,($N$10:$AM$10,$N$19:$AM$19,$N$28:$AM$28, $N$37:$AM$37),1)","v":1},{"$f":"RANK(AJ10,($N$10:$AM$10,$N$19:$AM$19,$N$28:$AM$28, $N$37:$AM$37),1)","v":1},{"$f":"RANK(AK10,($N$10:$AM$10,$N$19:$AM$19,$N$28:$AM$28, $N$37:$AM$37),1)","v":1},{"$f":"RANK(AL10,($N$10:$AM$10,$N$19:$AM$19,$N$28:$AM$28, $N$37:$AM$37),1)","v":1},{"$f":"RANK(AM10,($N$10:$AM$10,$N$19:$AM$19,$N$28:$AM$28, $N$37:$AM$37),1)","v":1}]
[{"$error":"#REF!"},9,232,"17:24",{"$f":"+VLOOKUP($C12,#REF!,2,\"false\")","v":{"$error":"#REF!"}},{"$f":"+VLOOKUP($C12,#REF!,3,\"false\")","v":{"$error":"#REF!"}},{"$f":"+VLOOKUP($C12,#REF!,4,\"false\")","v":{"$error":"#REF!"}},{"$f":"+VLOOKUP($C12,#REF!,5,\"false\")","v":{"$error":"#REF!"}},{"$f":"+VLOOKUP($C12,#REF!,6,\"false\")","v":{"$error":"#REF!"}},{"$error":"#REF!"},{"$error":"#REF!"}]
[{"$error":"#REF!"},10,207,"17:31",{"$f":"+VLOOKUP($C13,#REF!,2,\"false\")","v":{"$error":"#REF!"}},{"$f":"+VLOOKUP($C13,#REF!,3,\"false\")","v":{"$error":"#REF!"}},{"$f":"+VLOOKUP($C13,#REF!,4,\"false\")","v":{"$error":"#REF!"}},{"$f":"+VLOOKUP($C13,#REF!,5,\"false\")","v":{"$error":"#REF!"}},{"$f":"+VLOOKUP($C13,#REF!,6,\"false\")","v":{"$error":"#REF!"}},{"$error":"#REF!"},{"$error":"#REF!"},null,4,{"$f":"+IF(ISNA(VLOOKUP(N$3&\"  \"&$M13,$A$3:$I$100,2,0)),\"\",VLOOKUP(N$3&\"  \"&$M13,$A$3:$I$100,2,0))","v":""},"","","","","","","","","",{"$f":"+IF(ISNA(VLOOKUP(X$3&\"  \"&$M13,$A$3:$I$100,2,0)),\"\",VLOOKUP(X$3&\"  \"&$M13,$A$3:$I$100,2,0))","v":""},"","","","","","","","","",{"$f":"+IF(ISNA(VLOOKUP(AH$3&\"  \"&$M13,$A$3:$I$100,2,0)),\"\",VLOOKUP(AH$3&\"  \"&$M13,$A$3:$I$100,2,0))","v":""},"","","","",""]
[{"$error":"#REF!"},11,220,"17:52",{"$f":"+VLOOKUP($C14,#REF!,2,\"false\")","v":{"$error":"#REF!"}},{"$f":"+VLOOKUP($C14,#REF!,3,\"false\")","v":{"$error":"#REF!"}},{"$f":"+VLOOKUP($C14,#REF!,4,\"false\")","v":{"$error":"#REF!"}},{"$f":"+VLOOKUP($C14,#REF!,5,\"false\")","v":{"$error":"#REF!"}},{"$f":"+VLOOKUP($C14,#REF!,6,\"false\")","v":{"$error":"#REF!"}},{"$error":"#REF!"},{"$error":"#REF!"},null,5,"","","","","","","","","","","","","","","","","","","","","","","","","",""]
[{"$error":"#REF!"},12,227,"17:55",{"$f":"+VLOOKUP($C15,#REF!,2,\"false\")","v":{"$error":"#REF!"}},{"$f":"+VLOOKUP($C15,#REF!,3,\"false\")","v":{"$error":"#REF!"}},{"$f":"+VLOOKUP($C15,#REF!,4,\"false\")","v":{"$error":"#REF!"}},{"$f":"+VLOOKUP($C15,#REF!,5,\"false\")","v":{"$error":"#REF!"}},{"$f":"+VLOOKUP($C15,#REF!,6,\"false\")","v":{"$error":"#REF!"}},{"$error":"#REF!"},{"$error":"#REF!"},null,6,"","","","","","","","","","","","","","","","","","","","","","","","","",""]
[{"$error":"#REF!"},13,222,"18:06",{"$f":"+VLOOKUP($C16,#REF!,2,\"false\")","v":{"$error":"#REF!"}},{"$f":"+VLOOKUP($C16,#REF!,3,\"false\")","v":{"$error":"#REF!"}},{"$f":"+VLOOKUP($C16,#REF!,4,\"false\")","v":{"$error":"#REF!"}},{"$f":"+VLOOKUP($C16,#REF!,5,\"false\")","v":{"$error":"#REF!"}},{"$f":"+VLOOKUP($C16,#REF!,6,\"false\")","v":{"$error":"#REF!"}},{"$error":"#REF!"},{"$error":"#REF!"},null,null,"","","","","","","","","","","","","","","","","","","","","","","","","",""]
[{"$error":"#REF!"},14,211,"18:09",{"$f":"+VLOOKUP($C17,#REF!,2,\"false\")","v":{"$error":"#REF!"}},{"$f":"+VLOOKUP($C17,#REF!,3,\"false\")","v":{"$error":"#REF!"}},{"$f":"+VLOOKUP($C17,#REF!,4,\"false\")","v":{"$error":"#REF!"}},{"$f":"+VLOOKUP($C17,#REF!,5,\"false\")","v":{"$error":"#REF!"}},{"$f":"+VLOOKUP($C17,#REF!,6,\"false\")","v":{"$error":"#REF!"}},{"$error":"#REF!"},{"$error":"#REF!"},null,null,"","","","","","","","","","","","","","","","","","","","","","","","","",""]
[{"$error":"#REF!"},15,224,"18:15",{"$f":"+VLOOKUP($C18,#REF!,2,\"false\")","v":{"$error":"#REF!"}},{"$f":"+VLOOKUP($C18,#REF!,3,\"false\")","v":{"$error":"#REF!"}},{"$f":"+VLOOKUP($C18,#REF!,4,\"false\")","v":{"$error":"#REF!"}},{"$f":"+VLOOKUP($C18,#REF!,5,\"false\")","v":{"$error":"#REF!"}},{"$f":"+VLOOKUP($C18,#REF!,6,\"false\")","v":{"$error":"#REF!"}},{"$error":"#REF!"},{"$error":"#REF!"},null,null,"","","","","","","","","","","","","","","","","","","","","","","","","",""]
[{"$error":"#REF!"},16,241,"18:22",{"$f":"+VLOOKUP($C19,#REF!,2,\"false\")","v":{"$error":"#REF!"}},{"$f":"+VLOOKUP($C19,#REF!,3,\"false\")","v":{"$error":"#REF!"}},{"$f":"+VLOOKUP($C19,#REF!,4,\"false\")","v":{"$error":"#REF!"}},{"$f":"+VLOOKUP($C19,#REF!,5,\"false\")","v":{"$error":"#REF!"}},{"$f":"+VLOOKUP($C19,#REF!,6,\"false\")","v":{"$error":"#REF!"}},{"$error":"#REF!"},{"$error":"#REF!"},null,"Tot",{"$f":"IF(N15=\"\",1000,SUM(N13:N15))","v":1000},{"$f":"IF(O15=\"\",1000,SUM(O13:O15))","v":1000},1000,1000,1000,1000,1000,1000,1000,1000,1000,1000,1000,1000,1000,1000,1000,1000,1000,1000,1000,1000,1000,1000,1000,1000]
[{"$error":"#REF!"},17,223,"18:38",{"$f":"+VLOOKUP($C20,#REF!,2,\"false\")","v":{"$error":"#REF!"}},{"$f":"+VLOOKUP($C20,#REF!,3,\"false\")","v":{"$error":"#REF!"}},{"$f":"+VLOOKUP($C20,#REF!,4,\"false\")","v":{"$error":"#REF!"}},{"$f":"+VLOOKUP($C20,#REF!,5,\"false\")","v":{"$error":"#REF!"}},{"$f":"+VLOOKUP($C20,#REF!,6,\"false\")","v":{"$error":"#REF!"}},{"$error":"#REF!"},{"$error":"#REF!"},null,"Pos",{"$f":"RANK(N19,($N$10:$AM$10,$N$19:$AM$19,$N$28:$AM$28, $N$37:$AM$37),1)","v":1},{"$f":"RANK(O19,($N$10:$AM$10,$N$19:$AM$19,$N$28:$AM$28, $N$37:$AM$37),1)","v":1},{"$f":"RANK(P19,($N$10:$AM$10,$N$19:$AM$19,$N$28:$AM$28, $N$37:$AM$37),1)","v":1},{"$f":"RANK(Q19,($N$10:$AM$10,$N$19:$AM$19,$N$28:$AM$28, $N$37:$AM$37),1)","v":1},{"$f":"RANK(R19,($N$10:$AM$10,$N$19:$AM$19,$N$28:$AM$28, $N$37:$AM$37),1)","v":1},{"$f":"RANK(S19,($N$10:$AM$10,$N$19:$AM$19,$N$28:$AM$28, $N$37:$AM$37),1)","v":1},{"$f":"RANK(T19,($N$10:$AM$10,$N$19:$AM$19,$N$28:$AM$28, $N$37:$AM$37),1)","v":1},{"$f":"RANK(U19,($N$10:$AM$10,$N$19:$AM$19,$N$28:$AM$28, $N$37:$AM$37),1)","v":1},{"$f":"RANK(V19,($N$10:$AM$10,$N$19:$AM$19,$N$28:$AM$28, $N$37:$AM$37),1)","v":1},{"$f":"RANK(W19,($N$10:$AM$10,$N$19:$AM$19,$N$28:$AM$28, $N$37:$AM$37),1)","v":1},{"$f":"RANK(X19,($N$10:$AM$10,$N$19:$AM$19,$N$28:$AM$28, $N$37:$AM$37),1)","v":1},{"$f":"RANK(Y19,($N$10:$AM$10,$N$19:$AM$19,$N$28:$AM$28, $N$37:$AM$37),1)","v":1},{"$f":"RANK(Z19,($N$10:$AM$10,$N$19:$AM$19,$N$28:$AM$28, $N$37:$AM$37),1)","v":1},{"$f":"RANK(AA19,($N$10:$AM$10,$N$19:$AM$19,$N$28:$AM$28, $N$37:$AM$37),1)","v":1},{"$f":"RANK(AB19,($N$10:$AM$10,$N$19:$AM$19,$N$28:$AM$28, $N$37:$AM$37),1)","v":1},{"$f":"RANK(AC19,($N$10:$AM$10,$N$19:$AM$19,$N$28:$AM$28, $N$37:$AM$37),1)","v":1},{"$f":"RANK(AD19,($N$10:$AM$10,$N$19:$AM$19,$N$28:$AM$28, $N$37:$AM$37),1)","v":1},{"$f":"RANK(AE19,($N$10:$AM$10,$N$19:$AM$19,$N$28:$AM$28, $N$37:$AM$37),1)","v":1},{"$f":"RANK(AF19,($N$10:$AM$10,$N$19:$AM$19,$N$28:$AM$28, $N$37:$AM$37),1)","v":1},{"$f":"RANK(AG19,($N$10:$AM$10,$N$19:$AM$19,$N$28:$AM$28, $N$37:$AM$37),1)","v":1},{"$f":"RANK(AH19,($N$10:$AM$10,$N$19:$AM$19,$N$28:$AM$28, $N$37:$AM$37),1)","v":1},{"$f":"RANK(AI19,($N$10:$AM$10,$N$19:$AM$19,$N$28:$AM$28, $N$37:$AM$37),1)","v":1},{"$f":"RANK(AJ19,($N$10:$AM$10,$N$19:$AM$19,$N$28:$AM$28, $N$37:$AM$37),1)","v":1},{"$f":"RANK(AK19,($N$10:$AM$10,$N$19:$AM$19,$N$28:$AM$28, $N$37:$AM$37),1)","v":1},{"$f":"RANK(AL19,($N$10:$AM$10,$N$19:$AM$19,$N$28:$AM$28, $N$37:$AM$37),1)","v":1},{"$f":"RANK(AM19,($N$10:$AM$10,$N$19:$AM$19,$N$28:$AM$28, $N$37:$AM$37),1)","v":1}]
[{"$error":"#REF!"},18,230,"18:44",{"$f":"+VLOOKUP($C21,#REF!,2,\"false\")","v":{"$error":"#REF!"}},{"$f":"+VLOOKUP($C21,#REF!,3,\"false\")","v":{"$error":"#REF!"}},{"$f":"+VLOOKUP($C21,#REF!,4,\"false\")","v":{"$error":"#REF!"}},{"$f":"+VLOOKUP($C21,#REF!,5,\"false\")","v":{"$error":"#REF!"}},{"$f":"+VLOOKUP($C21,#REF!,6,\"false\")","v":{"$error":"#REF!"}},{"$error":"#REF!"},{"$f":"+G21&\"  \"&J21","v":{"$error":"#REF!"}}]
[{"$error":"#REF!"},19,240,"18:48",{"$f":"+VLOOKUP($C22,#REF!,2,\"false\")","v":{"$error":"#REF!"}},{"$f":"+VLOOKUP($C22,#REF!,3,\"false\")","v":{"$error":"#REF!"}},{"$f":"+VLOOKUP($C22,#REF!,4,\"false\")","v":{"$error":"#REF!"}},{"$f":"+VLOOKUP($C22,#REF!,5,\"false\")","v":{"$error":"#REF!"}},{"$f":"+VLOOKUP($C22,#REF!,6,\"false\")","v":{"$error":"#REF!"}},{"$error":"#REF!"},{"$error":"#REF!"},null,7,{"$f":"+IF(ISNA(VLOOKUP(N$3&\"  \"&$M22,$A$3:$I$100,2,0)),\"\",VLOOKUP(N$3&\"  \"&$M22,$A$3:$I$100,2,0))","v":""},"","","","","","","","","",{"$f":"+IF(ISNA(VLOOKUP(X$3&\"  \"&$M22,$A$3:$I$100,2,0)),\"\",VLOOKUP(X$3&\"  \"&$M22,$A$3:$I$100,2,0))","v":""},"","","","","","","","","",{"$f":"+IF(ISNA(VLOOKUP(AH$3&\"  \"&$M22,$A$3:$I$100,2,0)),\"\",VLOOKUP(AH$3&\"  \"&$M22,$A$3:$I$100,2,0))","v":""},"","","","",""]
[{"$error":"#REF!"},20,239,"19:01",{"$f":"+VLOOKUP($C23,#REF!,2,\"false\")","v":{"$error":"#REF!"}},{"$f":"+VLOOKUP($C23,#REF!,3,\"false\")","v":{"$error":"#REF!"}},{"$f":"+VLOOKUP($C23,#REF!,4,\"false\")","v":{"$error":"#REF!"}},{"$f":"+VLOOKUP($C23,#REF!,5,\"false\")","v":{"$error":"#REF!"}},{"$f":"+VLOOKUP($C23,#REF!,6,\"false\")","v":{"$error":"#REF!"}},{"$error":"#REF!"},{"$error":"#REF!"},null,8,"","","","","","","","","","","","","","","","","","","","","","","","","",""]
[{"$error":"#REF!"},21,210,"19:06",{"$f":"+VLOOKUP($C24,#REF!,2,\"false\")","v":{"$error":"#REF!"}},{"$f":"+VLOOKUP($C24,#REF!,3,\"false\")","v":{"$error":"#REF!"}},{"$f":"+VLOOKUP($C24,#REF!,4,\"false\")","v":{"$error":"#REF!"}},{"$f":"+VLOOKUP($C24,#REF!,5,\"false\")","v":{"$error":"#REF!"}},{"$f":"+VLOOKUP($C24,#REF!,6,\"false\")","v":{"$error":"#REF!"}},{"$error":"#REF!"},{"$error":"#REF!"},null,9,"","","","","","","","","","","","","","","","","","","","","","","","","",""]
[{"$error":"#REF!"},22,213,"19:16",{"$f":"+VLOOKUP($C25,#REF!,2,\"false\")","v":{"$error":"#REF!"}},{"$f":"+VLOOKUP($C25,#REF!,3,\"false\")","v":{"$error":"#REF!"}},{"$f":"+VLOOKUP($C25,#REF!,4,\"false\")","v":{"$error":"#REF!"}},{"$f":"+VLOOKUP($C25,#REF!,5,\"false\")","v":{"$error":"#REF!"}},{"$f":"+VLOOKUP($C25,#REF!,6,\"false\")","v":{"$error":"#REF!"}},{"$error":"#REF!"},{"$error":"#REF!"},null,null,"","","","","","","","","","","","","","","","","","","","","","","","","",""]
[{"$error":"#REF!"},23,204,"19:19",{"$f":"+VLOOKUP($C26,#REF!,2,\"false\")","v":{"$error":"#REF!"}},{"$f":"+VLOOKUP($C26,#REF!,3,\"false\")","v":{"$error":"#REF!"}},{"$f":"+VLOOKUP($C26,#REF!,4,\"false\")","v":{"$error":"#REF!"}},{"$f":"+VLOOKUP($C26,#REF!,5,\"false\")","v":{"$error":"#REF!"}},{"$f":"+VLOOKUP($C26,#REF!,6,\"false\")","v":{"$error":"#REF!"}},{"$error":"#REF!"},{"$error":"#REF!"},null,null,"","","","","","","","","","","","","","","","","","","","","","","","","",""]
[{"$error":"#REF!"},24,206,"19:24",{"$f":"+VLOOKUP($C27,#REF!,2,\"false\")","v":{"$error":"#REF!"}},{"$f":"+VLOOKUP($C27,#REF!,3,\"false\")","v":{"$error":"#REF!"}},{"$f":"+VLOOKUP($C27,#REF!,4,\"false\")","v":{"$error":"#REF!"}},{"$f":"+VLOOKUP($C27,#REF!,5,\"false\")","v":{"$error":"#REF!"}},{"$f":"+VLOOKUP($C27,#REF!,6,\"false\")","v":{"$error":"#REF!"}},{"$error":"#REF!"},{"$error":"#REF!"},null,null,"","","","","","","","","","","","","","","","","","","","","","","","","",""]
[{"$error":"#REF!"},25,231,"19:33",{"$f":"+VLOOKUP($C28,#REF!,2,\"false\")","v":{"$error":"#REF!"}},{"$f":"+VLOOKUP($C28,#REF!,3,\"false\")","v":{"$error":"#REF!"}},{"$f":"+VLOOKUP($C28,#REF!,4,\"false\")","v":{"$error":"#REF!"}},{"$f":"+VLOOKUP($C28,#REF!,5,\"false\")","v":{"$error":"#REF!"}},{"$f":"+VLOOKUP($C28,#REF!,6,\"false\")","v":{"$error":"#REF!"}},{"$error":"#REF!"},{"$error":"#REF!"},null,"Tot",{"$f":"IF(N24=\"\",1000,SUM(N22:N24))","v":1000},{"$f":"IF(O24=\"\",1000,SUM(O22:O24))","v":1000},1000,1000,1000,1000,1000,1000,1000,1000,1000,1000,1000,1000,1000,1000,1000,1000,1000,1000,1000,1000,1000,1000,1000,1000]
[{"$error":"#REF!"},26,247,"19:35",{"$f":"+VLOOKUP($C29,#REF!,2,\"false\")","v":{"$error":"#REF!"}},{"$f":"+VLOOKUP($C29,#REF!,3,\"false\")","v":{"$error":"#REF!"}},{"$f":"+VLOOKUP($C29,#REF!,4,\"false\")","v":{"$error":"#REF!"}},{"$f":"+VLOOKUP($C29,#REF!,5,\"false\")","v":{"$error":"#REF!"}},{"$f":"+VLOOKUP($C29,#REF!,6,\"false\")","v":{"$error":"#REF!"}},{"$error":"#REF!"},{"$error":"#REF!"},null,"Pos",{"$f":"RANK(N28,($N$10:$AM$10,$N$19:$AM$19,$N$28:$AM$28, $N$37:$AM$37),1)","v":1},{"$f":"RANK(O28,($N$10:$AM$10,$N$19:$AM$19,$N$28:$AM$28, $N$37:$AM$37),1)","v":1},{"$f":"RANK(P28,($N$10:$AM$10,$N$19:$AM$19,$N$28:$AM$28, $N$37:$AM$37),1)","v":1},{"$f":"RANK(Q28,($N$10:$AM$10,$N$19:$AM$19,$N$28:$AM$28, $N$37:$AM$37),1)","v":1},{"$f":"RANK(R28,($N$10:$AM$10,$N$19:$AM$19,$N$28:$AM$28, $N$37:$AM$37),1)","v":1},{"$f":"RANK(S28,($N$10:$AM$10,$N$19:$AM$19,$N$28:$AM$28, $N$37:$AM$37),1)","v":1},{"$f":"RANK(T28,($N$10:$AM$10,$N$19:$AM$19,$N$28:$AM$28, $N$37:$AM$37),1)","v":1},{"$f":"RANK(U28,($N$10:$AM$10,$N$19:$AM$19,$N$28:$AM$28, $N$37:$AM$37),1)","v":1},{"$f":"RANK(V28,($N$10:$AM$10,$N$19:$AM$19,$N$28:$AM$28, $N$37:$AM$37),1)","v":1},{"$f":"RANK(W28,($N$10:$AM$10,$N$19:$AM$19,$N$28:$AM$28, $N$37:$AM$37),1)","v":1},{"$f":"RANK(X28,($N$10:$AM$10,$N$19:$AM$19,$N$28:$AM$28, $N$37:$AM$37),1)","v":1},{"$f":"RANK(Y28,($N$10:$AM$10,$N$19:$AM$19,$N$28:$AM$28, $N$37:$AM$37),1)","v":1},{"$f":"RANK(Z28,($N$10:$AM$10,$N$19:$AM$19,$N$28:$AM$28, $N$37:$AM$37),1)","v":1},{"$f":"RANK(AA28,($N$10:$AM$10,$N$19:$AM$19,$N$28:$AM$28, $N$37:$AM$37),1)","v":1},{"$f":"RANK(AB28,($N$10:$AM$10,$N$19:$AM$19,$N$28:$AM$28, $N$37:$AM$37),1)","v":1},{"$f":"RANK(AC28,($N$10:$AM$10,$N$19:$AM$19,$N$28:$AM$28, $N$37:$AM$37),1)","v":1},{"$f":"RANK(AD28,($N$10:$AM$10,$N$19:$AM$19,$N$28:$AM$28, $N$37:$AM$37),1)","v":1},{"$f":"RANK(AE28,($N$10:$AM$10,$N$19:$AM$19,$N$28:$AM$28, $N$37:$AM$37),1)","v":1},{"$f":"RANK(AF28,($N$10:$AM$10,$N$19:$AM$19,$N$28:$AM$28, $N$37:$AM$37),1)","v":1},{"$f":"RANK(AG28,($N$10:$AM$10,$N$19:$AM$19,$N$28:$AM$28, $N$37:$AM$37),1)","v":1},{"$f":"RANK(AH28,($N$10:$AM$10,$N$19:$AM$19,$N$28:$AM$28, $N$37:$AM$37),1)","v":1},{"$f":"RANK(AI28,($N$10:$AM$10,$N$19:$AM$19,$N$28:$AM$28, $N$37:$AM$37),1)","v":1},{"$f":"RANK(AJ28,($N$10:$AM$10,$N$19:$AM$19,$N$28:$AM$28, $N$37:$AM$37),1)","v":1},{"$f":"RANK(AK28,($N$10:$AM$10,$N$19:$AM$19,$N$28:$AM$28, $N$37:$AM$37),1)","v":1},{"$f":"RANK(AL28,($N$10:$AM$10,$N$19:$AM$19,$N$28:$AM$28, $N$37:$AM$37),1)","v":1},{"$f":"RANK(AM28,($N$10:$AM$10,$N$19:$AM$19,$N$28:$AM$28, $N$37:$AM$37),1)","v":1}]
[{"$error":"#REF!"},27,249,"19:42",{"$f":"+VLOOKUP($C30,#REF!,2,\"false\")","v":{"$error":"#REF!"}},{"$f":"+VLOOKUP($C30,#REF!,3,\"false\")","v":{"$error":"#REF!"}},{"$f":"+VLOOKUP($C30,#REF!,4,\"false\")","v":{"$error":"#REF!"}},{"$f":"+VLOOKUP($C30,#REF!,5,\"false\")","v":{"$error":"#REF!"}},{"$f":"+VLOOKUP($C30,#REF!,6,\"false\")","v":{"$error":"#REF!"}},{"$error":"#REF!"},{"$error":"#REF!"}]
[{"$error":"#REF!"},28,209,"19:48",{"$f":"+VLOOKUP($C31,#REF!,2,\"false\")","v":{"$error":"#REF!"}},{"$f":"+VLOOKUP($C31,#REF!,3,\"false\")","v":{"$error":"#REF!"}},{"$f":"+VLOOKUP($C31,#REF!,4,\"false\")","v":{"$error":"#REF!"}},{"$f":"+VLOOKUP($C31,#REF!,5,\"false\")","v":{"$error":"#REF!"}},{"$f":"+VLOOKUP($C31,#REF!,6,\"false\")","v":{"$error":"#REF!"}},{"$error":"#REF!"},{"$error":"#REF!"},null,10,{"$f":"+IF(ISNA(VLOOKUP(N$3&\"  \"&$M31,$A$3:$I$100,2,0)),\"\",VLOOKUP(N$3&\"  \"&$M31,$A$3:$I$100,2,0))","v":""},"","","","","","","","","",{"$f":"+IF(ISNA(VLOOKUP(X$3&\"  \"&$M31,$A$3:$I$100,2,0)),\"\",VLOOKUP(X$3&\"  \"&$M31,$A$3:$I$100,2,0))","v":""},"","","","","","","","","",{"$f":"+IF(ISNA(VLOOKUP(AH$3&\"  \"&$M31,$A$3:$I$100,2,0)),\"\",VLOOKUP(AH$3&\"  \"&$M31,$A$3:$I$100,2,0))","v":""},"","","","",""]
[{"$error":"#REF!"},29,205,"19:51",{"$f":"+VLOOKUP($C32,#REF!,2,\"false\")","v":{"$error":"#REF!"}},{"$f":"+VLOOKUP($C32,#REF!,3,\"false\")","v":{"$error":"#REF!"}},{"$f":"+VLOOKUP($C32,#REF!,4,\"false\")","v":{"$error":"#REF!"}},{"$f":"+VLOOKUP($C32,#REF!,5,\"false\")","v":{"$error":"#REF!"}},{"$f":"+VLOOKUP($C32,#REF!,6,\"false\")","v":{"$error":"#REF!"}},{"$error":"#REF!"},{"$error":"#REF!"},null,11,"","","","","","","","","","","","","","","","","","","","","","","","","",""]
[{"$f":"+K33","v":{"$error":"#REF!"}},30,225,"20:08",{"$f":"+VLOOKUP($C33,#REF!,2,\"false\")","v":{"$error":"#REF!"}},{"$f":"+VLOOKUP($C33,#REF!,3,\"false\")","v":{"$error":"#REF!"}},{"$f":"+VLOOKUP($C33,#REF!,4,\"false\")","v":{"$error":"#REF!"}},{"$f":"+VLOOKUP($C33,#REF!,5,\"false\")","v":{"$error":"#REF!"}},{"$f":"+VLOOKUP($C33,#REF!,6,\"false\")","v":{"$error":"#REF!"}},{"$error":"#REF!"},{"$f":"+G33&\"  \"&J33","v":{"$error":"#REF!"}},null,12,"","","","","","","","","","","","","","","","","","","","","","","","","",""]
[{"$error":"#REF!"},31,235,"20:12",{"$f":"+VLOOKUP($C34,#REF!,2,\"false\")","v":{"$error":"#REF!"}},{"$f":"+VLOOKUP($C34,#REF!,3,\"false\")","v":{"$error":"#REF!"}},{"$f":"+VLOOKUP($C34,#REF!,4,\"false\")","v":{"$error":"#REF!"}},{"$f":"+VLOOKUP($C34,#REF!,5,\"false\")","v":{"$error":"#REF!"}},{"$f":"+VLOOKUP($C34,#REF!,6,\"false\")","v":{"$error":"#REF!"}},{"$error":"#REF!"},{"$error":"#REF!"},null,null,"","","","","","","","","","","","","","","","","","","","","","","","","",""]
[{"$error":"#REF!"},32,244,"20:12",{"$f":"+VLOOKUP($C35,#REF!,2,\"false\")","v":{"$error":"#REF!"}},{"$f":"+VLOOKUP($C35,#REF!,3,\"false\")","v":{"$error":"#REF!"}},{"$f":"+VLOOKUP($C35,#REF!,4,\"false\")","v":{"$error":"#REF!"}},{"$f":"+VLOOKUP($C35,#REF!,5,\"false\")","v":{"$error":"#REF!"}},{"$f":"+VLOOKUP($C35,#REF!,6,\"false\")","v":{"$error":"#REF!"}},{"$error":"#REF!"},{"$error":"#REF!"},null,null,"","","","","","","","","","","","","","","","","","","","","","","","","",""]
[{"$error":"#REF!"},33,219,"20:16",{"$f":"+VLOOKUP($C36,#REF!,2,\"false\")","v":{"$error":"#REF!"}},{"$f":"+VLOOKUP($C36,#REF!,3,\"false\")","v":{"$error":"#REF!"}},{"$f":"+VLOOKUP($C36,#REF!,4,\"false\")","v":{"$error":"#REF!"}},{"$f":"+VLOOKUP($C36,#REF!,5,\"false\")","v":{"$error":"#REF!"}},{"$f":"+VLOOKUP($C36,#REF!,6,\"false\")","v":{"$error":"#REF!"}},{"$error":"#REF!"},{"$error":"#REF!"},null,null,"","","","","","","","","","","","","","","","","","","","","","","","","",""]
[{"$error":"#REF!"},34,221,"20:26",{"$f":"+VLOOKUP($C37,#REF!,2,\"false\")","v":{"$error":"#REF!"}},{"$f":"+VLOOKUP($C37,#REF!,3,\"false\")","v":{"$error":"#REF!"}},{"$f":"+VLOOKUP($C37,#REF!,4,\"false\")","v":{"$error":"#REF!"}},{"$f":"+VLOOKUP($C37,#REF!,5,\"false\")","v":{"$error":"#REF!"}},{"$f":"+VLOOKUP($C37,#REF!,6,\"false\")","v":{"$error":"#REF!"}},{"$error":"#REF!"},{"$error":"#REF!"},null,"Tot",{"$f":"IF(N33=\"\",1000,SUM(N31:N33))","v":1000},{"$f":"IF(O33=\"\",1000,SUM(O31:O33))","v":1000},1000,1000,1000,1000,1000,1000,1000,1000,1000,1000,1000,1000,1000,1000,1000,1000,1000,1000,1000,1000,1000,1000,1000,1000]
[{"$error":"#REF!"},35,238,"20:35",{"$f":"+VLOOKUP($C38,#REF!,2,\"false\")","v":{"$error":"#REF!"}},{"$f":"+VLOOKUP($C38,#REF!,3,\"false\")","v":{"$error":"#REF!"}},{"$f":"+VLOOKUP($C38,#REF!,4,\"false\")","v":{"$error":"#REF!"}},{"$f":"+VLOOKUP($C38,#REF!,5,\"false\")","v":{"$error":"#REF!"}},{"$f":"+VLOOKUP($C38,#REF!,6,\"false\")","v":{"$error":"#REF!"}},{"$error":"#REF!"},{"$error":"#REF!"},null,"Pos",{"$f":"RANK(N37,($N$10:$AM$10,$N$19:$AM$19,$N$28:$AM$28, $N$37:$AM$37),1)","v":1},{"$f":"RANK(O37,($N$10:$AM$10,$N$19:$AM$19,$N$28:$AM$28, $N$37:$AM$37),1)","v":1},{"$f":"RANK(P37,($N$10:$AM$10,$N$19:$AM$19,$N$28:$AM$28, $N$37:$AM$37),1)","v":1},{"$f":"RANK(Q37,($N$10:$AM$10,$N$19:$AM$19,$N$28:$AM$28, $N$37:$AM$37),1)","v":1},{"$f":"RANK(R37,($N$10:$AM$10,$N$19:$AM$19,$N$28:$AM$28, $N$37:$AM$37),1)","v":1},{"$f":"RANK(S37,($N$10:$AM$10,$N$19:$AM$19,$N$28:$AM$28, $N$37:$AM$37),1)","v":1},{"$f":"RANK(T37,($N$10:$AM$10,$N$19:$AM$19,$N$28:$AM$28, $N$37:$AM$37),1)","v":1},{"$f":"RANK(U37,($N$10:$AM$10,$N$19:$AM$19,$N$28:$AM$28, $N$37:$AM$37),1)","v":1},{"$f":"RANK(V37,($N$10:$AM$10,$N$19:$AM$19,$N$28:$AM$28, $N$37:$AM$37),1)","v":1},{"$f":"RANK(W37,($N$10:$AM$10,$N$19:$AM$19,$N$28:$AM$28, $N$37:$AM$37),1)","v":1},{"$f":"RANK(X37,($N$10:$AM$10,$N$19:$AM$19,$N$28:$AM$28, $N$37:$AM$37),1)","v":1},{"$f":"RANK(Y37,($N$10:$AM$10,$N$19:$AM$19,$N$28:$AM$28, $N$37:$AM$37),1)","v":1},{"$f":"RANK(Z37,($N$10:$AM$10,$N$19:$AM$19,$N$28:$AM$28, $N$37:$AM$37),1)","v":1},{"$f":"RANK(AA37,($N$10:$AM$10,$N$19:$AM$19,$N$28:$AM$28, $N$37:$AM$37),1)","v":1},{"$f":"RANK(AB37,($N$10:$AM$10,$N$19:$AM$19,$N$28:$AM$28, $N$37:$AM$37),1)","v":1},{"$f":"RANK(AC37,($N$10:$AM$10,$N$19:$AM$19,$N$28:$AM$28, $N$37:$AM$37),1)","v":1},{"$f":"RANK(AD37,($N$10:$AM$10,$N$19:$AM$19,$N$28:$AM$28, $N$37:$AM$37),1)","v":1},{"$f":"RANK(AE37,($N$10:$AM$10,$N$19:$AM$19,$N$28:$AM$28, $N$37:$AM$37),1)","v":1},{"$f":"RANK(AF37,($N$10:$AM$10,$N$19:$AM$19,$N$28:$AM$28, $N$37:$AM$37),1)","v":1},{"$f":"RANK(AG37,($N$10:$AM$10,$N$19:$AM$19,$N$28:$AM$28, $N$37:$AM$37),1)","v":1},{"$f":"RANK(AH37,($N$10:$AM$10,$N$19:$AM$19,$N$28:$AM$28, $N$37:$AM$37),1)","v":1},{"$f":"RANK(AI37,($N$10:$AM$10,$N$19:$AM$19,$N$28:$AM$28, $N$37:$AM$37),1)","v":1},{"$f":"RANK(AJ37,($N$10:$AM$10,$N$19:$AM$19,$N$28:$AM$28, $N$37:$AM$37),1)","v":1},{"$f":"RANK(AK37,($N$10:$AM$10,$N$19:$AM$19,$N$28:$AM$28, $N$37:$AM$37),1)","v":1},{"$f":"RANK(AL37,($N$10:$AM$10,$N$19:$AM$19,$N$28:$AM$28, $N$37:$AM$37),1)","v":1},{"$f":"RANK(AM37,($N$10:$AM$10,$N$19:$AM$19,$N$28:$AM$28, $N$37:$AM$37),1)","v":1}]
[{"$f":"+K39","v":{"$error":"#REF!"}},36,234,"20:45",{"$f":"+VLOOKUP($C39,#REF!,2,\"false\")","v":{"$error":"#REF!"}},{"$f":"+VLOOKUP($C39,#REF!,3,\"false\")","v":{"$error":"#REF!"}},{"$f":"+VLOOKUP($C39,#REF!,4,\"false\")","v":{"$error":"#REF!"}},{"$f":"+VLOOKUP($C39,#REF!,5,\"false\")","v":{"$error":"#REF!"}},{"$f":"+VLOOKUP($C39,#REF!,6,\"false\")","v":{"$error":"#REF!"}},{"$error":"#REF!"},{"$f":"+G39&\"  \"&J39","v":{"$error":"#REF!"}}]
[{"$f":"+K40","v":{"$error":"#REF!"}},37,248,"21:00",{"$f":"+VLOOKUP($C40,#REF!,2,\"false\")","v":{"$error":"#REF!"}},{"$f":"+VLOOKUP($C40,#REF!,3,\"false\")","v":{"$error":"#REF!"}},{"$f":"+VLOOKUP($C40,#REF!,4,\"false\")","v":{"$error":"#REF!"}},{"$f":"+VLOOKUP($C40,#REF!,5,\"false\")","v":{"$error":"#REF!"}},{"$f":"+VLOOKUP($C40,#REF!,6,\"false\")","v":{"$error":"#REF!"}},{"$error":"#REF!"},{"$f":"+G40&\"  \"&J40","v":{"$error":"#REF!"}}]
[{"$f":"+K41","v":{"$error":"#REF!"}},38,246,"21:17",{"$f":"+VLOOKUP($C41,#REF!,2,\"false\")","v":{"$error":"#REF!"}},{"$f":"+VLOOKUP($C41,#REF!,3,\"false\")","v":{"$error":"#REF!"}},{"$f":"+VLOOKUP($C41,#REF!,4,\"false\")","v":{"$error":"#REF!"}},{"$f":"+VLOOKUP($C41,#REF!,5,\"false\")","v":{"$error":"#REF!"}},{"$f":"+VLOOKUP($C41,#REF!,6,\"false\")","v":{"$error":"#REF!"}},{"$error":"#REF!"},{"$f":"+G41&\"  \"&J41","v":{"$error":"#REF!"}}]
{"$rows_empty":56}
[null,"Pos","Bib","Time"]
[null,1,521,"16:25"]
[null,{"$f":"+B99+1","v":2},217,"16:32",{"$nulls":9},"EBR"]
[null,{"$f":"+B100+1","v":3},212,"16:33",{"$nulls":9},"LEW"]
[null,4,201,"16:37",{"$nulls":9},"CHI"]
[null,5,214,"16:52",{"$nulls":9},"CRA"]
[null,6,245,"16:57",{"$nulls":9},"SYN"]
[null,7,237,"17:00",{"$nulls":9},"WDH"]
[null,8,218,"17:06",{"$nulls":9},"B&H"]
[null,9,232,"17:24",{"$nulls":9},"BWK"]
[null,10,207,"17:31",{"$nulls":9},"PHX"]
[null,11,220,"17:52",{"$nulls":9},"HY"]
[null,12,227,"17:55",{"$nulls":9},"HBS"]
[null,13,222,"18:06",{"$nulls":9},"HAS"]
[null,14,211,"18:09"]
[null,15,224,"18:15"]
[null,16,241,"18:22"]
[null,17,223,"18:38"]
[null,18,230,"18:44"]
[null,19,240,"18:48"]
[null,20,239,"19:01"]
[null,21,210,"19:06"]
[null,22,213,"19:16"]
[null,23,204,"19:19"]
[null,24,206,"19:24"]
[null,25,231,"19:33"]
[null,26,247,"19:35"]
[null,27,249,"19:42"]
[null,28,209,"19:48"]
[null,29,205,"19:51"]
[null,30,225,"20:08"]
[null,31,235,"20:12"]
[null,32,244,"20:12"]
[null,33,219,"20:16"]
[null,34,221,"20:26"]
[null,35,238,"20:35"]
[null,36,234,"20:45"]
[null,37,248,"21:00"]
[null,38,246,"21:17"]
[null,39]
[null,40]
[null,41]
[null,42]
[null,43]
[null,44]
[null,45]
[null,46]
[null,47]
[null,48]
[null,49]
[null,50]
[null,51]
[null,52]
[null,53]
[null,54]
[null,55]
[null,56]
[null,57]
[null,58]
[null,59]
[null,60]
[null,61]
[null,62]
[null,63]
[null,64]
[null,65]
[null,66]
[null,{"$f":"+B164+1","v":67}]
[null,68]
[null,69]
[null,70]
[null,71]
[null,72]
[null,73]
[null,74]
[null,75]
[null,76]
[null,77]
[null,78]
[null,79]
[null,80]
[null,81]
[null,82]
[null,83]
[null,84]
[null,85]
[null,86]
[null,87]
[null,88]
[null,89]
[null,90]
[null,91]
[null,92]
[null,93]
[null,94]
[null,95]
[null,96]
[null,97]
[null,98]
[null,99]
[null,100]

{"sheet":"U15B","index":5,"n_rows":207,"n_cols":39,"rows_kept":207,"hidden":true,"merged":[[0,1,0,6],[1,1,1,6]]}
[null,"Sussex Athletics XC Championships\nBexhill, 07/01/2023",{"$nulls":11},"26 clubs - cols N to AM"]
[null,"U15 Boys"]
["Temp","Pos","Bib","Time","Forename","Surname","Club","Cat ","Sex","Rk","Club Rk",null,null,"B&H","BWK","EBR","HHH","HBS","PHX","CHI","LEW","CRA","WDH","HY"]
[{"$f":"+K4","v":{"$error":"#REF!"}},1,192,"14:01",{"$f":"+VLOOKUP($C4,#REF!,2,\"false\")","v":{"$error":"#REF!"}},{"$f":"+VLOOKUP($C4,#REF!,3,\"false\")","v":{"$error":"#REF!"}},{"$f":"+VLOOKUP($C4,#REF!,4,\"false\")","v":{"$error":"#REF!"}},{"$f":"+VLOOKUP($C4,#REF!,5,\"false\")","v":{"$error":"#REF!"}},{"$f":"+VLOOKUP($C4,#REF!,6,\"false\")","v":{"$error":"#REF!"}},{"$f":"TEXT(SUMPRODUCT(--(G4=$G$4:$G$597),--(B4>$B$4:$B$597))+1,0)","v":{"$error":"#REF!"}},{"$f":"+G4&\"  \"&J4","v":{"$error":"#REF!"}},null,1,{"$f":"+IF(ISNA(VLOOKUP(N$3&\"  \"&$M4,$A$3:$I$109,2,0)),\"\",VLOOKUP(N$3&\"  \"&$M4,$A$3:$I$109,2,0))","v":""},"","","","","","","","","",{"$f":"+IF(ISNA(VLOOKUP(X$3&\"  \"&$M4,$A$3:$I$109,2,0)),\"\",VLOOKUP(X$3&\"  \"&$M4,$A$3:$I$109,2,0))","v":""},"","","","","","","","","",{"$f":"+IF(ISNA(VLOOKUP(AH$3&\"  \"&$M4,$A$3:$I$109,2,0)),\"\",VLOOKUP(AH$3&\"  \"&$M4,$A$3:$I$109,2,0))","v":""},"","","","",""]
[{"$f":"+K5","v":{"$error":"#REF!"}},{"$f":"+B4+1","v":2},176,"14:40",{"$f":"+VLOOKUP($C5,#REF!,2,\"false\")","v":{"$error":"#REF!"}},{"$f":"+VLOOKUP($C5,#REF!,3,\"false\")","v":{"$error":"#REF!"}},{"$f":"+VLOOKUP($C5,#REF!,4,\"false\")","v":{"$error":"#REF!"}},{"$f":"+VLOOKUP($C5,#REF!,5,\"false\")","v":{"$error":"#REF!"}},{"$f":"+VLOOKUP($C5,#REF!,6,\"false\")","v":{"$error":"#REF!"}},{"$error":"#REF!"},{"$f":"+G5&\"  \"&J5","v":{"$error":"#REF!"}},null,2,"","","","","","","","","","","","","","","","","","","","","","","","","",""]
[{"$error":"#REF!"},{"$f":"+B5+1","v":3},180,"14:44",{"$f":"+VLOOKUP($C6,#REF!,2,\"false\")","v":{"$error":"#REF!"}},{"$f":"+VLOOKUP($C6,#REF!,3,\"false\")","v":{"$error":"#REF!"}},{"$f":"+VLOOKUP($C6,#REF!,4,\"false\")","v":{"$error":"#REF!"}},{"$f":"+VLOOKUP($C6,#REF!,5,\"false\")","v":{"$error":"#REF!"}},{"$f":"+VLOOKUP($C6,#REF!,6,\"false\")","v":{"$error":"#REF!"}},{"$error":"#REF!"},{"$error":"#REF!"},null,3,"","","","","","","","","","","","","","","","","","","","","","","","","",""]
[{"$error":"#REF!"},4,186,"14:47",{"$f":"+VLOOKUP($C7,#REF!,2,\"false\")","v":{"$error":"#REF!"}},{"$f":"+VLOOKUP($C7,#REF!,3,\"false\")","v":{"$error":"#REF!"}},{"$f":"+VLOOKUP($C7,#REF!,4,\"false\")","v":{"$error":"#REF!"}},{"$f":"+VLOOKUP($C7,#REF!,5,\"false\")","v":{"$error":"#REF!"}},{"$f":"+VLOOKUP($C7,#REF!,6,\"false\")","v":{"$error":"#REF!"}},{"$error":"#REF!"},{"$error":"#REF!"},null,null,"","","","","","","","","","","","","","","","","","","","","","","","","",""]
[{"$error":"#REF!"},5,172,"15:02",{"$f":"+VLOOKUP($C8,#REF!,2,\"false\")","v":{"$error":"#REF!"}},{"$f":"+VLOOKUP($C8,#REF!,3,\"false\")","v":{"$error":"#REF!"}},{"$f":"+VLOOKUP($C8,#REF!,4,\"false\")","v":{"$error":"#REF!"}},{"$f":"+VLOOKUP($C8,#REF!,5,\"false\")","v":{"$error":"#REF!"}},{"$f":"+VLOOKUP($C8,#REF!,6,\"false\")","v":{"$error":"#REF!"}},{"$error":"#REF!"},{"$error":"#REF!"},null,null,"","","","","","","","","","","","","","","","","","","","","","","","","",""]
[{"$error":"#REF!"},6,177,"15:08",{"$f":"+VLOOKUP($C9,#REF!,2,\"false\")","v":{"$error":"#REF!"}},{"$f":"+VLOOKUP($C9,#REF!,3,\"false\")","v":{"$error":"#REF!"}},{"$f":"+VLOOKUP($C9,#REF!,4,\"false\")","v":{"$error":"#REF!"}},{"$f":"+VLOOKUP($C9,#REF!,5,\"false\")","v":{"$error":"#REF!"}},{"$f":"+VLOOKUP($C9,#REF!,6,\"false\")","v":{"$error":"#REF!"}},{"$error":"#REF!"},{"$error":"#REF!"},null,null,"","","","","","","","","","","","","","","","","","","","","","","","","",""]
[{"$error":"#REF!"},7,163,"15:12",{"$f":"+VLOOKUP($C10,#REF!,2,\"false\")","v":{"$error":"#REF!"}},{"$f":"+VLOOKUP($C10,#REF!,3,\"false\")","v":{"$error":"#REF!"}},{"$f":"+VLOOKUP($C10,#REF!,4,\"false\")","v":{"$error":"#REF!"}},{"$f":"+VLOOKUP($C10,#REF!,5,\"false\")","v":{"$error":"#REF!"}},{"$f":"+VLOOKUP($C10,#REF!,6,\"false\")","v":{"$error":"#REF!"}},{"$error":"#REF!"},{"$error":"#REF!"},null,"Tot",{"$f":"IF(N6=\"\",1000,SUM(N4:N6))","v":1000},{"$f":"IF(O6=\"\",1000,SUM(O4:O6))","v":1000},1000,1000,1000,1000,1000,1000,1000,1000,1000,1000,1000,1000,1000,1000,1000,1000,1000,1000,1000,1000,1000,1000,1000,1000]
[{"$error":"#REF!"},8,170,"15:48",{"$f":"+VLOOKUP($C11,#REF!,2,\"false\")","v":{"$error":"#REF!"}},{"$f":"+VLOOKUP($C11,#REF!,3,\"false\")","v":{"$error":"#REF!"}},{"$f":"+VLOOKUP($C11,#REF!,4,\"false\")","v":{"$error":"#REF!"}},{"$f":"+VLOOKUP($C11,#REF!,5,\"false\")","v":{"$error":"#REF!"}},{"$f":"+VLOOKUP($C11,#REF!,6,\"false\")","v":{"$error":"#REF!"}},{"$error":"#REF!"},{"$error":"#REF!"},null,"Pos",{"$f":"RANK(N10,($N$10:$AM$10,$N$19:$AM$19,$N$28:$AM$28, $N$37:$AM$37),1)","v":1},{"$f":"RANK(O10,($N$10:$AM$10,$N$19:$AM$19,$N$28:$AM$28, $N$37:$AM$37),1)","v":1},{"$f":"RANK(P10,($N$10:$AM$10,$N$19:$AM$19,$N$28:$AM$28, $N$37:$AM$37),1)","v":1},{"$f":"RANK(Q10,($N$10:$AM$10,$N$19:$AM$19,$N$28:$AM$28, $N$37:$AM$37),1)","v":1},{"$f":"RANK(R10,($N$10:$AM$10,$N$19:$AM$19,$N$28:$AM$28, $N$37:$AM$37),1)","v":1},{"$f":"RANK(S10,($N$10:$AM$10,$N$19:$AM$19,$N$28:$AM$28, $N$37:$AM$37),1)","v":1},{"$f":"RANK(T10,($N$10:$AM$10,$N$19:$AM$19,$N$28:$AM$28, $N$37:$AM$37),1)","v":1},{"$f":"RANK(U10,($N$10:$AM$10,$N$19:$AM$19,$N$28:$AM$28, $N$37:$AM$37),1)","v":1},{"$f":"RANK(V10,($N$10:$AM$10,$N$19:$AM$19,$N$28:$AM$28, $N$37:$AM$37),1)","v":1},{"$f":"RANK(W10,($N$10:$AM$10,$N$19:$AM$19,$N$28:$AM$28, $N$37:$AM$37),1)","v":1},{"$f":"RANK(X10,($N$10:$AM$10,$N$19:$AM$19,$N$28:$AM$28, $N$37:$AM$37),1)","v":1},{"$f":"RANK(Y10,($N$10:$AM$10,$N$19:$AM$19,$N$28:$AM$28, $N$37:$AM$37),1)","v":1},{"$f":"RANK(Z10,($N$10:$AM$10,$N$19:$AM$19,$N$28:$AM$28, $N$37:$AM$37),1)","v":1},{"$f":"RANK(AA10,($N$10:$AM$10,$N$19:$AM$19,$N$28:$AM$28, $N$37:$AM$37),1)","v":1},{"$f":"RANK(AB10,($N$10:$AM$10,$N$19:$AM$19,$N$28:$AM$28, $N$37:$AM$37),1)","v":1},{"$f":"RANK(AC10,($N$10:$AM$10,$N$19:$AM$19,$N$28:$AM$28, $N$37:$AM$37),1)","v":1},{"$f":"RANK(AD10,($N$10:$AM$10,$N$19:$AM$19,$N$28:$AM$28, $N$37:$AM$37),1)","v":1},{"$f":"RANK(AE10,($N$10:$AM$10,$N$19:$AM$19,$N$28:$AM$28, $N$37:$AM$37),1)","v":1},{"$f":"RANK(AF10,($N$10:$AM$10,$N$19:$AM$19,$N$28:$AM$28, $N$37:$AM$37),1)","v":1},{"$f":"RANK(AG10,($N$10:$AM$10,$N$19:$AM$19,$N$28:$AM$28, $N$37:$AM$37),1)","v":1},{"$f":"RANK(AH10,($N$10:$AM$10,$N$19:$AM$19,$N$28:$AM$28, $N$37:$AM$37),1)","v":1},{"$f":"RANK(AI10,($N$10:$AM$10,$N$19:$AM$19,$N$28:$AM$28, $N$37:$AM$37),1)","v":1},{"$f":"RANK(AJ10,($N$10:$AM$10,$N$19:$AM$19,$N$28:$AM$28, $N$37:$AM$37),1)","v":1},{"$f":"RANK(AK10,($N$10:$AM$10,$N$19:$AM$19,$N$28:$AM$28, $N$37:$AM$37),1)","v":1},{"$f":"RANK(AL10,($N$10:$AM$10,$N$19:$AM$19,$N$28:$AM$28, $N$37:$AM$37),1)","v":1},{"$f":"RANK(AM10,($N$10:$AM$10,$N$19:$AM$19,$N$28:$AM$28, $N$37:$AM$37),1)","v":1}]
[{"$error":"#REF!"},9,187,"15:54",{"$f":"+VLOOKUP($C12,#REF!,2,\"false\")","v":{"$error":"#REF!"}},{"$f":"+VLOOKUP($C12,#REF!,3,\"false\")","v":{"$error":"#REF!"}},{"$f":"+VLOOKUP($C12,#REF!,4,\"false\")","v":{"$error":"#REF!"}},{"$f":"+VLOOKUP($C12,#REF!,5,\"false\")","v":{"$error":"#REF!"}},{"$f":"+VLOOKUP($C12,#REF!,6,\"false\")","v":{"$error":"#REF!"}},{"$error":"#REF!"},{"$error":"#REF!"}]
[{"$error":"#REF!"},10,164,"15:58",{"$f":"+VLOOKUP($C13,#REF!,2,\"false\")","v":{"$error":"#REF!"}},{"$f":"+VLOOKUP($C13,#REF!,3,\"false\")","v":{"$error":"#REF!"}},{"$f":"+VLOOKUP($C13,#REF!,4,\"false\")","v":{"$error":"#REF!"}},{"$f":"+VLOOKUP($C13,#REF!,5,\"false\")","v":{"$error":"#REF!"}},{"$f":"+VLOOKUP($C13,#REF!,6,\"false\")","v":{"$error":"#REF!"}},{"$error":"#REF!"},{"$error":"#REF!"},null,4,{"$f":"+IF(ISNA(VLOOKUP(N$3&\"  \"&$M13,$A$3:$I$109,2,0)),\"\",VLOOKUP(N$3&\"  \"&$M13,$A$3:$I$109,2,0))","v":""},"","","","","","","","","",{"$f":"+IF(ISNA(VLOOKUP(X$3&\"  \"&$M13,$A$3:$I$109,2,0)),\"\",VLOOKUP(X$3&\"  \"&$M13,$A$3:$I$109,2,0))","v":""},"","","","","","","","","",{"$f":"+IF(ISNA(VLOOKUP(AH$3&\"  \"&$M13,$A$3:$I$109,2,0)),\"\",VLOOKUP(AH$3&\"  \"&$M13,$A$3:$I$109,2,0))","v":""},"","","","",""]
[{"$error":"#REF!"},11,181,"15:59",{"$f":"+VLOOKUP($C14,#REF!,2,\"false\")","v":{"$error":"#REF!"}},{"$f":"+VLOOKUP($C14,#REF!,3,\"false\")","v":{"$error":"#REF!"}},{"$f":"+VLOOKUP($C14,#REF!,4,\"false\")","v":{"$error":"#REF!"}},{"$f":"+VLOOKUP($C14,#REF!,5,\"false\")","v":{"$error":"#REF!"}},{"$f":"+VLOOKUP($C14,#REF!,6,\"false\")","v":{"$error":"#REF!"}},{"$error":"#REF!"},{"$error":"#REF!"},null,5,"","","","","","","","","","","","","","","","","","","","","","","","","",""]
[{"$error":"#REF!"},12,191,"16:00",{"$f":"+VLOOKUP($C15,#REF!,2,\"false\")","v":{"$error":"#REF!"}},{"$f":"+VLOOKUP($C15,#REF!,3,\"false\")","v":{"$error":"#REF!"}},{"$f":"+VLOOKUP($C15,#REF!,4,\"false\")","v":{"$error":"#REF!"}},{"$f":"+VLOOKUP($C15,#REF!,5,\"false\")","v":{"$error":"#REF!"}},{"$f":"+VLOOKUP($C15,#REF!,6,\"false\")","v":{"$error":"#REF!"}},{"$error":"#REF!"},{"$error":"#REF!"},null,6,"","","","","","","","","","","","","","","","","","","","","","","","","",""]
[{"$error":"#REF!"},13,178,"16:04",{"$f":"+VLOOKUP($C16,#REF!,2,\"false\")","v":{"$error":"#REF!"}},{"$f":"+VLOOKUP($C16,#REF!,3,\"false\")","v":{"$error":"#REF!"}},{"$f":"+VLOOKUP($C16,#REF!,4,\"false\")","v":{"$error":"#REF!"}},{"$f":"+VLOOKUP($C16,#REF!,5,\"false\")","v":{"$error":"#REF!"}},{"$f":"+VLOOKUP($C16,#REF!,6,\"false\")","v":{"$error":"#REF!"}},{"$error":"#REF!"},{"$error":"#REF!"},null,null,"","","","","","","","","","","","","","","","","","","","","","","","","",""]
[{"$error":"#REF!"},14,196,"16:09",{"$f":"+VLOOKUP($C17,#REF!,2,\"false\")","v":{"$error":"#REF!"}},{"$f":"+VLOOKUP($C17,#REF!,3,\"false\")","v":{"$error":"#REF!"}},{"$f":"+VLOOKUP($C17,#REF!,4,\"false\")","v":{"$error":"#REF!"}},{"$f":"+VLOOKUP($C17,#REF!,5,\"false\")","v":{"$error":"#REF!"}},{"$f":"+VLOOKUP($C17,#REF!,6,\"false\")","v":{"$error":"#REF!"}},{"$error":"#REF!"},{"$error":"#REF!"},null,null,"","","","","","","","","","","","","","","","","","","","","","","","","",""]
[{"$error":"#REF!"},15,167,"16:16",{"$f":"+VLOOKUP($C18,#REF!,2,\"false\")","v":{"$error":"#REF!"}},{"$f":"+VLOOKUP($C18,#REF!,3,\"false\")","v":{"$error":"#REF!"}},{"$f":"+VLOOKUP($C18,#REF!,4,\"false\")","v":{"$error":"#REF!"}},{"$f":"+VLOOKUP($C18,#REF!,5,\"false\")","v":{"$error":"#REF!"}},{"$f":"+VLOOKUP($C18,#REF!,6,\"false\")","v":{"$error":"#REF!"}},{"$error":"#REF!"},{"$error":"#REF!"},null,null,"","","","","","","","","","","","","","","","","","","","","","","","","",""]
[{"$error":"#REF!"},16,182,"16:19",{"$f":"+VLOOKUP($C19,#REF!,2,\"false\")","v":{"$error":"#REF!"}},{"$f":"+VLOOKUP($C19,#REF!,3,\"false\")","v":{"$error":"#REF!"}},{"$f":"+VLOOKUP($C19,#REF!,4,\"false\")","v":{"$error":"#REF!"}},{"$f":"+VLOOKUP($C19,#REF!,5,\"false\")","v":{"$error":"#REF!"}},{"$f":"+VLOOKUP($C19,#REF!,6,\"false\")","v":{"$error":"#REF!"}},{"$error":"#REF!"},{"$error":"#REF!"},null,"Tot",{"$f":"IF(N15=\"\",1000,SUM(N13:N15))","v":1000},{"$f":"IF(O15=\"\",1000,SUM(O13:O15))","v":1000},1000,1000,1000,1000,1000,1000,1000,1000,1000,1000,1000,1000,1000,1000,1000,1000,1000,1000,1000,1000,1000,1000,1000,1000]
[{"$error":"#REF!"},17,168,"16:30",{"$f":"+VLOOKUP($C20,#REF!,2,\"false\")","v":{"$error":"#REF!"}},{"$f":"+VLOOKUP($C20,#REF!,3,\"false\")","v":{"$error":"#REF!"}},{"$f":"+VLOOKUP($C20,#REF!,4,\"false\")","v":{"$error":"#REF!"}},{"$f":"+VLOOKUP($C20,#REF!,5,\"false\")","v":{"$error":"#REF!"}},{"$f":"+VLOOKUP($C20,#REF!,6,\"false\")","v":{"$error":"#REF!"}},{"$error":"#REF!"},{"$error":"#REF!"},null,"Pos",{"$f":"RANK(N19,($N$10:$AM$10,$N$19:$AM$19,$N$28:$AM$28, $N$37:$AM$37),1)","v":1},{"$f":"RANK(O19,($N$10:$AM$10,$N$19:$AM$19,$N$28:$AM$28, $N$37:$AM$37),1)","v":1},{"$f":"RANK(P19,($N$10:$AM$10,$N$19:$AM$19,$N$28:$AM$28, $N$37:$AM$37),1)","v":1},{"$f":"RANK(Q19,($N$10:$AM$10,$N$19:$AM$19,$N$28:$AM$28, $N$37:$AM$37),1)","v":1},{"$f":"RANK(R19,($N$10:$AM$10,$N$19:$AM$19,$N$28:$AM$28, $N$37:$AM$37),1)","v":1},{"$f":"RANK(S19,($N$10:$AM$10,$N$19:$AM$19,$N$28:$AM$28, $N$37:$AM$37),1)","v":1},{"$f":"RANK(T19,($N$10:$AM$10,$N$19:$AM$19,$N$28:$AM$28, $N$37:$AM$37),1)","v":1},{"$f":"RANK(U19,($N$10:$AM$10,$N$19:$AM$19,$N$28:$AM$28, $N$37:$AM$37),1)","v":1},{"$f":"RANK(V19,($N$10:$AM$10,$N$19:$AM$19,$N$28:$AM$28, $N$37:$AM$37),1)","v":1},{"$f":"RANK(W19,($N$10:$AM$10,$N$19:$AM$19,$N$28:$AM$28, $N$37:$AM$37),1)","v":1},{"$f":"RANK(X19,($N$10:$AM$10,$N$19:$AM$19,$N$28:$AM$28, $N$37:$AM$37),1)","v":1},{"$f":"RANK(Y19,($N$10:$AM$10,$N$19:$AM$19,$N$28:$AM$28, $N$37:$AM$37),1)","v":1},{"$f":"RANK(Z19,($N$10:$AM$10,$N$19:$AM$19,$N$28:$AM$28, $N$37:$AM$37),1)","v":1},{"$f":"RANK(AA19,($N$10:$AM$10,$N$19:$AM$19,$N$28:$AM$28, $N$37:$AM$37),1)","v":1},{"$f":"RANK(AB19,($N$10:$AM$10,$N$19:$AM$19,$N$28:$AM$28, $N$37:$AM$37),1)","v":1},{"$f":"RANK(AC19,($N$10:$AM$10,$N$19:$AM$19,$N$28:$AM$28, $N$37:$AM$37),1)","v":1},{"$f":"RANK(AD19,($N$10:$AM$10,$N$19:$AM$19,$N$28:$AM$28, $N$37:$AM$37),1)","v":1},{"$f":"RANK(AE19,($N$10:$AM$10,$N$19:$AM$19,$N$28:$AM$28, $N$37:$AM$37),1)","v":1},{"$f":"RANK(AF19,($N$10:$AM$10,$N$19:$AM$19,$N$28:$AM$28, $N$37:$AM$37),1)","v":1},{"$f":"RANK(AG19,($N$10:$AM$10,$N$19:$AM$19,$N$28:$AM$28, $N$37:$AM$37),1)","v":1},{"$f":"RANK(AH19,($N$10:$AM$10,$N$19:$AM$19,$N$28:$AM$28, $N$37:$AM$37),1)","v":1},{"$f":"RANK(AI19,($N$10:$AM$10,$N$19:$AM$19,$N$28:$AM$28, $N$37:$AM$37),1)","v":1},{"$f":"RANK(AJ19,($N$10:$AM$10,$N$19:$AM$19,$N$28:$AM$28, $N$37:$AM$37),1)","v":1},{"$f":"RANK(AK19,($N$10:$AM$10,$N$19:$AM$19,$N$28:$AM$28, $N$37:$AM$37),1)","v":1},{"$f":"RANK(AL19,($N$10:$AM$10,$N$19:$AM$19,$N$28:$AM$28, $N$37:$AM$37),1)","v":1},{"$f":"RANK(AM19,($N$10:$AM$10,$N$19:$AM$19,$N$28:$AM$28, $N$37:$AM$37),1)","v":1}]
[{"$error":"#REF!"},18,171,"16:31",{"$f":"+VLOOKUP($C21,#REF!,2,\"false\")","v":{"$error":"#REF!"}},{"$f":"+VLOOKUP($C21,#REF!,3,\"false\")","v":{"$error":"#REF!"}},{"$f":"+VLOOKUP($C21,#REF!,4,\"false\")","v":{"$error":"#REF!"}},{"$f":"+VLOOKUP($C21,#REF!,5,\"false\")","v":{"$error":"#REF!"}},{"$f":"+VLOOKUP($C21,#REF!,6,\"false\")","v":{"$error":"#REF!"}},{"$error":"#REF!"},{"$f":"+G21&\"  \"&J21","v":{"$error":"#REF!"}}]
[{"$error":"#REF!"},19,197,"16:43",{"$f":"+VLOOKUP($C22,#REF!,2,\"false\")","v":{"$error":"#REF!"}},{"$f":"+VLOOKUP($C22,#REF!,3,\"false\")","v":{"$error":"#REF!"}},{"$f":"+VLOOKUP($C22,#REF!,4,\"false\")","v":{"$error":"#REF!"}},{"$f":"+VLOOKUP($C22,#REF!,5,\"false\")","v":{"$error":"#REF!"}},{"$f":"+VLOOKUP($C22,#REF!,6,\"false\")","v":{"$error":"#REF!"}},{"$error":"#REF!"},{"$error":"#REF!"},null,7,{"$f":"+IF(ISNA(VLOOKUP(N$3&\"  \"&$M22,$A$3:$I$109,2,0)),\"\",VLOOKUP(N$3&\"  \"&$M22,$A$3:$I$109,2,0))","v":""},"","","","","","","","","",{"$f":"+IF(ISNA(VLOOKUP(X$3&\"  \"&$M22,$A$3:$I$109,2,0)),\"\",VLOOKUP(X$3&\"  \"&$M22,$A$3:$I$109,2,0))","v":""},"","","","","","","","","",{"$f":"+IF(ISNA(VLOOKUP(AH$3&\"  \"&$M22,$A$3:$I$109,2,0)),\"\",VLOOKUP(AH$3&\"  \"&$M22,$A$3:$I$109,2,0))","v":""},"","","","",""]
[{"$error":"#REF!"},20,193,"16:45",{"$f":"+VLOOKUP($C23,#REF!,2,\"false\")","v":{"$error":"#REF!"}},{"$f":"+VLOOKUP($C23,#REF!,3,\"false\")","v":{"$error":"#REF!"}},{"$f":"+VLOOKUP($C23,#REF!,4,\"false\")","v":{"$error":"#REF!"}},{"$f":"+VLOOKUP($C23,#REF!,5,\"false\")","v":{"$error":"#REF!"}},{"$f":"+VLOOKUP($C23,#REF!,6,\"false\")","v":{"$error":"#REF!"}},{"$error":"#REF!"},{"$error":"#REF!"},null,8,"","","","","","","","","","","","","","","","","","","","","","","","","",""]
[{"$error":"#REF!"},21,165,"16:46",{"$f":"+VLOOKUP($C24,#REF!,2,\"false\")","v":{"$error":"#REF!"}},{"$f":"+VLOOKUP($C24,#REF!,3,\"false\")","v":{"$error":"#REF!"}},{"$f":"+VLOOKUP($C24,#REF!,4,\"false\")","v":{"$error":"#REF!"}},{"$f":"+VLOOKUP($C24,#REF!,5,\"false\")","v":{"$error":"#REF!"}},{"$f":"+VLOOKUP($C24,#REF!,6,\"false\")","v":{"$error":"#REF!"}},{"$error":"#REF!"},{"$error":"#REF!"},null,9,"","","","","","","","","","","","","","","","","","","","","","","","","",""]
[{"$error":"#REF!"},22,185,"16:52",{"$f":"+VLOOKUP($C25,#REF!,2,\"false\")","v":{"$error":"#REF!"}},{"$f":"+VLOOKUP($C25,#REF!,3,\"false\")","v":{"$error":"#REF!"}},{"$f":"+VLOOKUP($C25,#REF!,4,\"false\")","v":{"$error":"#REF!"}},{"$f":"+VLOOKUP($C25,#REF!,5,\"false\")","v":{"$error":"#REF!"}},{"$f":"+VLOOKUP($C25,#REF!,6,\"false\")","v":{"$error":"#REF!"}},{"$error":"#REF!"},{"$error":"#REF!"},null,null,"","","","","","","","","","","","","","","","","","","","","","","","","",""]
[{"$error":"#REF!"},23,195,"16:58",{"$f":"+VLOOKUP($C26,#REF!,2,\"false\")","v":{"$error":"#REF!"}},{"$f":"+VLOOKUP($C26,#REF!,3,\"false\")","v":{"$error":"#REF!"}},{"$f":"+VLOOKUP($C26,#REF!,4,\"false\")","v":{"$error":"#REF!"}},{"$f":"+VLOOKUP($C26,#REF!,5,\"false\")","v":{"$error":"#REF!"}},{"$f":"+VLOOKUP($C26,#REF!,6,\"false\")","v":{"$error":"#REF!"}},{"$error":"#REF!"},{"$error":"#REF!"},null,null,"","","","","","","","","","","","","","","","","","","","","","","","","",""]
[{"$error":"#REF!"},24,184,"16:59",{"$f":"+VLOOKUP($C27,#REF!,2,\"false\")","v":{"$error":"#REF!"}},{"$f":"+VLOOKUP($C27,#REF!,3,\"false\")","v":{"$error":"#REF!"}},{"$f":"+VLOOKUP($C27,#REF!,4,\"false\")","v":{"$error":"#REF!"}},{"$f":"+VLOOKUP($C27,#REF!,5,\"false\")","v":{"$error":"#REF!"}},{"$f":"+VLOOKUP($C27,#REF!,6,\"false\")","v":{"$error":"#REF!"}},{"$error":"#REF!"},{"$error":"#REF!"},null,null,"","","","","","","","","","","","","","","","","","","","","","","","","",""]
[{"$error":"#REF!"},25,200,"17:00",{"$f":"+VLOOKUP($C28,#REF!,2,\"false\")","v":{"$error":"#REF!"}},{"$f":"+VLOOKUP($C28,#REF!,3,\"false\")","v":{"$error":"#REF!"}},{"$f":"+VLOOKUP($C28,#REF!,4,\"false\")","v":{"$error":"#REF!"}},{"$f":"+VLOOKUP($C28,#REF!,5,\"false\")","v":{"$error":"#REF!"}},{"$f":"+VLOOKUP($C28,#REF!,6,\"false\")","v":{"$error":"#REF!"}},{"$error":"#REF!"},{"$error":"#REF!"},null,"Tot",{"$f":"IF(N24=\"\",1000,SUM(N22:N24))","v":1000},{"$f":"IF(O24=\"\",1000,SUM(O22:O24))","v":1000},1000,1000,1000,1000,1000,1000,1000,1000,1000,1000,1000,1000,1000,1000,1000,1000,1000,1000,1000,1000,1000,1000,1000,1000]
[{"$error":"#REF!"},26,190,"17:06",{"$f":"+VLOOKUP($C29,#REF!,2,\"false\")","v":{"$error":"#REF!"}},{"$f":"+VLOOKUP($C29,#REF!,3,\"false\")","v":{"$error":"#REF!"}},{"$f":"+VLOOKUP($C29,#REF!,4,\"false\")","v":{"$error":"#REF!"}},{"$f":"+VLOOKUP($C29,#REF!,5,\"false\")","v":{"$error":"#REF!"}},{"$f":"+VLOOKUP($C29,#REF!,6,\"false\")","v":{"$error":"#REF!"}},{"$error":"#REF!"},{"$error":"#REF!"},null,"Pos",{"$f":"RANK(N28,($N$10:$AM$10,$N$19:$AM$19,$N$28:$AM$28, $N$37:$AM$37),1)","v":1},{"$f":"RANK(O28,($N$10:$AM$10,$N$19:$AM$19,$N$28:$AM$28, $N$37:$AM$37),1)","v":1},{"$f":"RANK(P28,($N$10:$AM$10,$N$19:$AM$19,$N$28:$AM$28, $N$37:$AM$37),1)","v":1},{"$f":"RANK(Q28,($N$10:$AM$10,$N$19:$AM$19,$N$28:$AM$28, $N$37:$AM$37),1)","v":1},{"$f":"RANK(R28,($N$10:$AM$10,$N$19:$AM$19,$N$28:$AM$28, $N$37:$AM$37),1)","v":1},{"$f":"RANK(S28,($N$10:$AM$10,$N$19:$AM$19,$N$28:$AM$28, $N$37:$AM$37),1)","v":1},{"$f":"RANK(T28,($N$10:$AM$10,$N$19:$AM$19,$N$28:$AM$28, $N$37:$AM$37),1)","v":1},{"$f":"RANK(U28,($N$10:$AM$10,$N$19:$AM$19,$N$28:$AM$28, $N$37:$AM$37),1)","v":1},{"$f":"RANK(V28,($N$10:$AM$10,$N$19:$AM$19,$N$28:$AM$28, $N$37:$AM$37),1)","v":1},{"$f":"RANK(W28,($N$10:$AM$10,$N$19:$AM$19,$N$28:$AM$28, $N$37:$AM$37),1)","v":1},{"$f":"RANK(X28,($N$10:$AM$10,$N$19:$AM$19,$N$28:$AM$28, $N$37:$AM$37),1)","v":1},{"$f":"RANK(Y28,($N$10:$AM$10,$N$19:$AM$19,$N$28:$AM$28, $N$37:$AM$37),1)","v":1},{"$f":"RANK(Z28,($N$10:$AM$10,$N$19:$AM$19,$N$28:$AM$28, $N$37:$AM$37),1)","v":1},{"$f":"RANK(AA28,($N$10:$AM$10,$N$19:$AM$19,$N$28:$AM$28, $N$37:$AM$37),1)","v":1},{"$f":"RANK(AB28,($N$10:$AM$10,$N$19:$AM$19,$N$28:$AM$28, $N$37:$AM$37),1)","v":1},{"$f":"RANK(AC28,($N$10:$AM$10,$N$19:$AM$19,$N$28:$AM$28, $N$37:$AM$37),1)","v":1},{"$f":"RANK(AD28,($N$10:$AM$10,$N$19:$AM$19,$N$28:$AM$28, $N$37:$AM$37),1)","v":1},{"$f":"RANK(AE28,($N$10:$AM$10,$N$19:$AM$19,$N$28:$AM$28, $N$37:$AM$37),1)","v":1},{"$f":"RANK(AF28,($N$10:$AM$10,$N$19:$AM$19,$N$28:$AM$28, $N$37:$AM$37),1)","v":1},{"$f":"RANK(AG28,($N$10:$AM$10,$N$19:$AM$19,$N$28:$AM$28, $N$37:$AM$37),1)","v":1},{"$f":"RANK(AH28,($N$10:$AM$10,$N$19:$AM$19,$N$28:$AM$28, $N$37:$AM$37),1)","v":1},{"$f":"RANK(AI28,($N$10:$AM$10,$N$19:$AM$19,$N$28:$AM$28, $N$37:$AM$37),1)","v":1},{"$f":"RANK(AJ28,($N$10:$AM$10,$N$19:$AM$19,$N$28:$AM$28, $N$37:$AM$37),1)","v":1},{"$f":"RANK(AK28,($N$10:$AM$10,$N$19:$AM$19,$N$28:$AM$28, $N$37:$AM$37),1)","v":1},{"$f":"RANK(AL28,($N$10:$AM$10,$N$19:$AM$19,$N$28:$AM$28, $N$37:$AM$37),1)","v":1},{"$f":"RANK(AM28,($N$10:$AM$10,$N$19:$AM$19,$N$28:$AM$28, $N$37:$AM$37),1)","v":1}]
[{"$error":"#REF!"},27,189,"17:06",{"$f":"+VLOOKUP($C30,#REF!,2,\"false\")","v":{"$error":"#REF!"}},{"$f":"+VLOOKUP($C30,#REF!,3,\"false\")","v":{"$error":"#REF!"}},{"$f":"+VLOOKUP($C30,#REF!,4,\"false\")","v":{"$error":"#REF!"}},{"$f":"+VLOOKUP($C30,#REF!,5,\"false\")","v":{"$error":"#REF!"}},{"$f":"+VLOOKUP($C30,#REF!,6,\"false\")","v":{"$error":"#REF!"}},{"$error":"#REF!"},{"$error":"#REF!"}]
[{"$error":"#REF!"},28,194,"17:10",{"$f":"+VLOOKUP($C31,#REF!,2,\"false\")","v":{"$error":"#REF!"}},{"$f":"+VLOOKUP($C31,#REF!,3,\"false\")","v":{"$error":"#REF!"}},{"$f":"+VLOOKUP($C31,#REF!,4,\"false\")","v":{"$error":"#REF!"}},{"$f":"+VLOOKUP($C31,#REF!,5,\"false\")","v":{"$error":"#REF!"}},{"$f":"+VLOOKUP($C31,#REF!,6,\"false\")","v":{"$error":"#REF!"}},{"$error":"#REF!"},{"$error":"#REF!"},null,10,{"$f":"+IF(ISNA(VLOOKUP(N$3&\"  \"&$M31,$A$3:$I$109,2,0)),\"\",VLOOKUP(N$3&\"  \"&$M31,$A$3:$I$109,2,0))","v":""},"","","","","","","","","",{"$f":"+IF(ISNA(VLOOKUP(X$3&\"  \"&$M31,$A$3:$I$109,2,0)),\"\",VLOOKUP(X$3&\"  \"&$M31,$A$3:$I$109,2,0))","v":""},"","","","","","","","","",{"$f":"+IF(ISNA(VLOOKUP(AH$3&\"  \"&$M31,$A$3:$I$109,2,0)),\"\",VLOOKUP(AH$3&\"  \"&$M31,$A$3:$I$109,2,0))","v":""},"","","","",""]
[{"$error":"#REF!"},29,174,"17:35",{"$f":"+VLOOKUP($C32,#REF!,2,\"false\")","v":{"$error":"#REF!"}},{"$f":"+VLOOKUP($C32,#REF!,3,\"false\")","v":{"$error":"#REF!"}},{"$f":"+VLOOKUP($C32,#REF!,4,\"false\")","v":{"$error":"#REF!"}},{"$f":"+VLOOKUP($C32,#REF!,5,\"false\")","v":{"$error":"#REF!"}},{"$f":"+VLOOKUP($C32,#REF!,6,\"false\")","v":{"$error":"#REF!"}},{"$error":"#REF!"},{"$error":"#REF!"},null,11,"","","","","","","","","","","","","","","","","","","","","","","","","",""]
[{"$error":"#REF!"},30,198,"17:43",{"$f":"+VLOOKUP($C33,#REF!,2,\"false\")","v":{"$error":"#REF!"}},{"$f":"+VLOOKUP($C33,#REF!,3,\"false\")","v":{"$error":"#REF!"}},{"$f":"+VLOOKUP($C33,#REF!,4,\"false\")","v":{"$error":"#REF!"}},{"$f":"+VLOOKUP($C33,#REF!,5,\"false\")","v":{"$error":"#REF!"}},{"$f":"+VLOOKUP($C33,#REF!,6,\"false\")","v":{"$error":"#REF!"}},{"$error":"#REF!"},{"$error":"#REF!"},null,12,"","","","","","","","","","","","","","","","","","","","","","","","","",""]
[{"$error":"#REF!"},31,173,"18:50",{"$f":"+VLOOKUP($C34,#REF!,2,\"false\")","v":{"$error":"#REF!"}},{"$f":"+VLOOKUP($C34,#REF!,3,\"false\")","v":{"$error":"#REF!"}},{"$f":"+VLOOKUP($C34,#REF!,4,\"false\")","v":{"$error":"#REF!"}},{"$f":"+VLOOKUP($C34,#REF!,5,\"false\")","v":{"$error":"#REF!"}},{"$f":"+VLOOKUP($C34,#REF!,6,\"false\")","v":{"$error":"#REF!"}},{"$error":"#REF!"},{"$error":"#REF!"},null,null,"","","","","","","","","","","","","","","","","","","","","","","","","",""]
[{"$error":"#REF!"},32,188,"19:42",{"$f":"+VLOOKUP($C35,#REF!,2,\"false\")","v":{"$error":"#REF!"}},{"$f":"+VLOOKUP($C35,#REF!,3,\"false\")","v":{"$error":"#REF!"}},{"$f":"+VLOOKUP($C35,#REF!,4,\"false\")","v":{"$error":"#REF!"}},{"$f":"+VLOOKUP($C35,#REF!,5,\"false\")","v":{"$error":"#REF!"}},{"$f":"+VLOOKUP($C35,#REF!,6,\"false\")","v":{"$error":"#REF!"}},{"$error":"#REF!"},{"$error":"#REF!"},null,null,"","","","","","","","","","","","","","","","","","","","","","","","","",""]
[{"$error":"#REF!"},33,183,"21:36",{"$f":"+VLOOKUP($C36,#REF!,2,\"false\")","v":{"$error":"#REF!"}},{"$f":"+VLOOKUP($C36,#REF!,3,\"false\")","v":{"$error":"#REF!"}},{"$f":"+VLOOKUP($C36,#REF!,4,\"false\")","v":{"$error":"#REF!"}},{"$f":"+VLOOKUP($C36,#REF!,5,\"false\")","v":{"$error":"#REF!"}},{"$f":"+VLOOKUP($C36,#REF!,6,\"false\")","v":{"$error":"#REF!"}},{"$f":"TEXT(SUMPRODUCT(--(G36=$G$4:$G$597),--(B36>$B$4:$B$597))+1,0)","v":{"$error":"#REF!"}},{"$error":"#REF!"},null,null,"","","","","","","","","","","","","","","","","","","","","","","","","",""]
[{"$nulls":12},"Tot",{"$f":"IF(N33=\"\",1000,SUM(N31:N33))","v":1000},{"$f":"IF(O33=\"\",1000,SUM(O31:O33))","v":1000},1000,1000,1000,1000,1000,1000,1000,1000,1000,1000,1000,1000,1000,1000,1000,1000,1000,1000,1000,1000,1000,1000,1000,1000]
[{"$nulls":12},"Pos",{"$f":"RANK(N37,($N$10:$AM$10,$N$19:$AM$19,$N$28:$AM$28, $N$37:$AM$37),1)","v":1},{"$f":"RANK(O37,($N$10:$AM$10,$N$19:$AM$19,$N$28:$AM$28, $N$37:$AM$37),1)","v":1},{"$f":"RANK(P37,($N$10:$AM$10,$N$19:$AM$19,$N$28:$AM$28, $N$37:$AM$37),1)","v":1},{"$f":"RANK(Q37,($N$10:$AM$10,$N$19:$AM$19,$N$28:$AM$28, $N$37:$AM$37),1)","v":1},{"$f":"RANK(R37,($N$10:$AM$10,$N$19:$AM$19,$N$28:$AM$28, $N$37:$AM$37),1)","v":1},{"$f":"RANK(S37,($N$10:$AM$10,$N$19:$AM$19,$N$28:$AM$28, $N$37:$AM$37),1)","v":1},{"$f":"RANK(T37,($N$10:$AM$10,$N$19:$AM$19,$N$28:$AM$28, $N$37:$AM$37),1)","v":1},{"$f":"RANK(U37,($N$10:$AM$10,$N$19:$AM$19,$N$28:$AM$28, $N$37:$AM$37),1)","v":1},{"$f":"RANK(V37,($N$10:$AM$10,$N$19:$AM$19,$N$28:$AM$28, $N$37:$AM$37),1)","v":1},{"$f":"RANK(W37,($N$10:$AM$10,$N$19:$AM$19,$N$28:$AM$28, $N$37:$AM$37),1)","v":1},{"$f":"RANK(X37,($N$10:$AM$10,$N$19:$AM$19,$N$28:$AM$28, $N$37:$AM$37),1)","v":1},{"$f":"RANK(Y37,($N$10:$AM$10,$N$19:$AM$19,$N$28:$AM$28, $N$37:$AM$37),1)","v":1},{"$f":"RANK(Z37,($N$10:$AM$10,$N$19:$AM$19,$N$28:$AM$28, $N$37:$AM$37),1)","v":1},{"$f":"RANK(AA37,($N$10:$AM$10,$N$19:$AM$19,$N$28:$AM$28, $N$37:$AM$37),1)","v":1},{"$f":"RANK(AB37,($N$10:$AM$10,$N$19:$AM$19,$N$28:$AM$28, $N$37:$AM$37),1)","v":1},{"$f":"RANK(AC37,($N$10:$AM$10,$N$19:$AM$19,$N$28:$AM$28, $N$37:$AM$37),1)","v":1},{"$f":"RANK(AD37,($N$10:$AM$10,$N$19:$AM$19,$N$28:$AM$28, $N$37:$AM$37),1)","v":1},{"$f":"RANK(AE37,($N$10:$AM$10,$N$19:$AM$19,$N$28:$AM$28, $N$37:$AM$37),1)","v":1},{"$f":"RANK(AF37,($N$10:$AM$10,$N$19:$AM$19,$N$28:$AM$28, $N$37:$AM$37),1)","v":1},{"$f":"RANK(AG37,($N$10:$AM$10,$N$19:$AM$19,$N$28:$AM$28, $N$37:$AM$37),1)","v":1},{"$f":"RANK(AH37,($N$10:$AM$10,$N$19:$AM$19,$N$28:$AM$28, $N$37:$AM$37),1)","v":1},{"$f":"RANK(AI37,($N$10:$AM$10,$N$19:$AM$19,$N$28:$AM$28, $N$37:$AM$37),1)","v":1},{"$f":"RANK(AJ37,($N$10:$AM$10,$N$19:$AM$19,$N$28:$AM$28, $N$37:$AM$37),1)","v":1},{"$f":"RANK(AK37,($N$10:$AM$10,$N$19:$AM$19,$N$28:$AM$28, $N$37:$AM$37),1)","v":1},{"$f":"RANK(AL37,($N$10:$AM$10,$N$19:$AM$19,$N$28:$AM$28, $N$37:$AM$37),1)","v":1},{"$f":"RANK(AM37,($N$10:$AM$10,$N$19:$AM$19,$N$28:$AM$28, $N$37:$AM$37),1)","v":1}]
{"$rows_empty":61}
[{"$nulls":13},"B&H"]
[{"$nulls":13},"BWK"]
[{"$nulls":13},"EBR"]
[{"$nulls":13},"HHH"]
[{"$nulls":13},"HBS"]
[{"$nulls":13},"PHX"]
[{"$nulls":13},"CHI"]
[null,"Pos","Bib","Time",{"$nulls":9},"LEW"]
[null,1,192,"14:01",{"$nulls":9},"CRA"]
[null,{"$f":"+B108+1","v":2},176,"14:40",{"$nulls":9},"WDH"]
[null,{"$f":"+B109+1","v":3},180,"14:44",{"$nulls":9},"HY"]
[null,4,186,"14:47"]
[null,5,172,"15:02"]
[null,6,177,"15:08"]
[null,7,163,"15:12"]
[null,8,170,"15:48"]
[null,9,187,"15:54"]
[null,10,164,"15:58"]
[null,11,181,"15:59"]
[null,12,191,"16:00"]
[null,13,178,"16:04"]
[null,14,196,"16:09"]
[null,15,167,"16:16"]
[null,16,182,"16:19"]
[null,17,168,"16:30"]
[null,18,171,"16:31"]
[null,19,197,"16:43"]
[null,20,193,"16:45"]
[null,21,165,"16:46"]
[null,22,185,"16:52"]
[null,23,195,"16:58"]
[null,24,184,"16:59"]
[null,25,200,"17:00"]
[null,26,190,"17:06"]
[null,27,189,"17:06"]
[null,28,194,"17:10"]
[null,29,174,"17:35"]
[null,30,198,"17:43"]
[null,31,173,"18:50"]
[null,32,188,"19:42"]
[null,33,183,"21:36"]
[null,34]
[null,35]
[null,36]
[null,37]
[null,38]
[null,39]
[null,40]
[null,41]
[null,42]
[null,43]
[null,44]
[null,45]
[null,46]
[null,47]
[null,48]
[null,49]
[null,50]
[null,51]
[null,52]
[null,53]
[null,54]
[null,55]
[null,56]
[null,57]
[null,58]
[null,59]
[null,60]
[null,61]
[null,62]
[null,63]
[null,64]
[null,65]
[null,66]
[null,{"$f":"+B173+1","v":67}]
[null,68]
[null,69]
[null,70]
[null,71]
[null,72]
[null,73]
[null,74]
[null,75]
[null,76]
[null,77]
[null,78]
[null,79]
[null,80]
[null,81]
[null,82]
[null,83]
[null,84]
[null,85]
[null,86]
[null,87]
[null,88]
[null,89]
[null,90]
[null,91]
[null,92]
[null,93]
[null,94]
[null,95]
[null,96]
[null,97]
[null,98]
[null,99]
[null,100]

{"sheet":"U17W","index":6,"n_rows":207,"n_cols":39,"rows_kept":207,"hidden":true,"merged":[[0,1,0,6],[1,1,1,6]]}
[null,"Sussex Athletics XC Championships\nBexhill, 07/01/2023",{"$nulls":11},"26 clubs - cols N to AM"]
[null,"U17 Women"]
["Temp","Pos","Bib","Time","Forename","Surname","Club","Cat ","Sex","Rk","Club Rk",null,null,"CRA","B&H","EBR","WDH","HAS","LEW","CHI","HASR"]
[{"$f":"+K4","v":{"$error":"#REF!"}},1,285,"21:42",{"$f":"+VLOOKUP($C4,#REF!,2,\"false\")","v":{"$error":"#REF!"}},{"$f":"+VLOOKUP($C4,#REF!,3,\"false\")","v":{"$error":"#REF!"}},{"$f":"+VLOOKUP($C4,#REF!,4,\"false\")","v":{"$error":"#REF!"}},{"$f":"+VLOOKUP($C4,#REF!,5,\"false\")","v":{"$error":"#REF!"}},{"$f":"+VLOOKUP($C4,#REF!,6,\"false\")","v":{"$error":"#REF!"}},{"$f":"TEXT(SUMPRODUCT(--(G4=$G$4:$G$597),--(B4>$B$4:$B$597))+1,0)","v":{"$error":"#REF!"}},{"$f":"+G4&\"  \"&J4","v":{"$error":"#REF!"}},null,1,{"$f":"+IF(ISNA(VLOOKUP(N$3&\"  \"&$M4,$A$3:$I$109,2,0)),\"\",VLOOKUP(N$3&\"  \"&$M4,$A$3:$I$109,2,0))","v":""},"","","","","","","","","",{"$f":"+IF(ISNA(VLOOKUP(X$3&\"  \"&$M4,$A$3:$I$109,2,0)),\"\",VLOOKUP(X$3&\"  \"&$M4,$A$3:$I$109,2,0))","v":""},"","","","","","","","","",{"$f":"+IF(ISNA(VLOOKUP(AH$3&\"  \"&$M4,$A$3:$I$109,2,0)),\"\",VLOOKUP(AH$3&\"  \"&$M4,$A$3:$I$109,2,0))","v":""},"","","","",""]
[{"$error":"#REF!"},{"$f":"+B4+1","v":2},280,"22:57",{"$f":"+VLOOKUP($C5,#REF!,2,\"false\")","v":{"$error":"#REF!"}},{"$f":"+VLOOKUP($C5,#REF!,3,\"false\")","v":{"$error":"#REF!"}},{"$f":"+VLOOKUP($C5,#REF!,4,\"false\")","v":{"$error":"#REF!"}},{"$f":"+VLOOKUP($C5,#REF!,5,\"false\")","v":{"$error":"#REF!"}},{"$f":"+VLOOKUP($C5,#REF!,6,\"false\")","v":{"$error":"#REF!"}},{"$error":"#REF!"},{"$error":"#REF!"},null,2,"","","","","","","","","","","","","","","","","","","","","","","","","",""]
[{"$error":"#REF!"},3,502,"23:06",{"$f":"+VLOOKUP($C6,#REF!,2,\"false\")","v":{"$error":"#REF!"}},{"$f":"+VLOOKUP($C6,#REF!,3,\"false\")","v":{"$error":"#REF!"}},{"$f":"+VLOOKUP($C6,#REF!,4,\"false\")","v":{"$error":"#REF!"}},{"$f":"+VLOOKUP($C6,#REF!,5,\"false\")","v":{"$error":"#REF!"}},{"$f":"+VLOOKUP($C6,#REF!,6,\"false\")","v":{"$error":"#REF!"}},{"$error":"#REF!"},{"$error":"#REF!"},null,3,"","","","","","","","","","","","","","","","","","","","","","","","","",""]
[{"$error":"#REF!"},4,292,"23:22",{"$f":"+VLOOKUP($C7,#REF!,2,\"false\")","v":{"$error":"#REF!"}},{"$f":"+VLOOKUP($C7,#REF!,3,\"false\")","v":{"$error":"#REF!"}},{"$f":"+VLOOKUP($C7,#REF!,4,\"false\")","v":{"$error":"#REF!"}},{"$f":"+VLOOKUP($C7,#REF!,5,\"false\")","v":{"$error":"#REF!"}},{"$f":"+VLOOKUP($C7,#REF!,6,\"false\")","v":{"$error":"#REF!"}},{"$error":"#REF!"},{"$error":"#REF!"},null,null,"","","","","","","","","","","","","","","","","","","","","","","","","",""]
[{"$error":"#REF!"},5,288,"23:28",{"$f":"+VLOOKUP($C8,#REF!,2,\"false\")","v":{"$error":"#REF!"}},{"$f":"+VLOOKUP($C8,#REF!,3,\"false\")","v":{"$error":"#REF!"}},{"$f":"+VLOOKUP($C8,#REF!,4,\"false\")","v":{"$error":"#REF!"}},{"$f":"+VLOOKUP($C8,#REF!,5,\"false\")","v":{"$error":"#REF!"}},{"$f":"+VLOOKUP($C8,#REF!,6,\"false\")","v":{"$error":"#REF!"}},{"$error":"#REF!"},{"$error":"#REF!"},null,null,"","","","","","","","","","","","","","","","","","","","","","","","","",""]
[{"$error":"#REF!"},6,283,"23:39",{"$f":"+VLOOKUP($C9,#REF!,2,\"false\")","v":{"$error":"#REF!"}},{"$f":"+VLOOKUP($C9,#REF!,3,\"false\")","v":{"$error":"#REF!"}},{"$f":"+VLOOKUP($C9,#REF!,4,\"false\")","v":{"$error":"#REF!"}},{"$f":"+VLOOKUP($C9,#REF!,5,\"false\")","v":{"$error":"#REF!"}},{"$f":"+VLOOKUP($C9,#REF!,6,\"false\")","v":{"$error":"#REF!"}},{"$error":"#REF!"},{"$error":"#REF!"},null,null,"","","","","","","","","","","","","","","","","","","","","","","","","",""]
[{"$f":"+K10","v":{"$error":"#REF!"}},7,295,"23:59",{"$f":"+VLOOKUP($C10,#REF!,2,\"false\")","v":{"$error":"#REF!"}},{"$f":"+VLOOKUP($C10,#REF!,3,\"false\")","v":{"$error":"#REF!"}},{"$f":"+VLOOKUP($C10,#REF!,4,\"false\")","v":{"$error":"#REF!"}},{"$f":"+VLOOKUP($C10,#REF!,5,\"false\")","v":{"$error":"#REF!"}},{"$f":"+VLOOKUP($C10,#REF!,6,\"false\")","v":{"$error":"#REF!"}},{"$error":"#REF!"},{"$f":"+G10&\"  \"&J10","v":{"$error":"#REF!"}},null,"Tot",{"$f":"IF(N6=\"\",1000,SUM(N4:N6))","v":1000},{"$f":"IF(O6=\"\",1000,SUM(O4:O6))","v":1000},1000,1000,1000,1000,1000,1000,1000,1000,1000,1000,1000,1000,1000,1000,1000,1000,1000,1000,1000,1000,1000,1000,1000,1000]
[{"$error":"#REF!"},8,278,"24:34",{"$f":"+VLOOKUP($C11,#REF!,2,\"false\")","v":{"$error":"#REF!"}},{"$f":"+VLOOKUP($C11,#REF!,3,\"false\")","v":{"$error":"#REF!"}},{"$f":"+VLOOKUP($C11,#REF!,4,\"false\")","v":{"$error":"#REF!"}},{"$f":"+VLOOKUP($C11,#REF!,5,\"false\")","v":{"$error":"#REF!"}},{"$f":"+VLOOKUP($C11,#REF!,6,\"false\")","v":{"$error":"#REF!"}},{"$error":"#REF!"},{"$error":"#REF!"},null,"Pos",{"$f":"RANK(N10,($N$10:$AM$10,$N$19:$AM$19,$N$28:$AM$28, $N$37:$AM$37),1)","v":1},{"$f":"RANK(O10,($N$10:$AM$10,$N$19:$AM$19,$N$28:$AM$28, $N$37:$AM$37),1)","v":1},{"$f":"RANK(P10,($N$10:$AM$10,$N$19:$AM$19,$N$28:$AM$28, $N$37:$AM$37),1)","v":1},{"$f":"RANK(Q10,($N$10:$AM$10,$N$19:$AM$19,$N$28:$AM$28, $N$37:$AM$37),1)","v":1},{"$f":"RANK(R10,($N$10:$AM$10,$N$19:$AM$19,$N$28:$AM$28, $N$37:$AM$37),1)","v":1},{"$f":"RANK(S10,($N$10:$AM$10,$N$19:$AM$19,$N$28:$AM$28, $N$37:$AM$37),1)","v":1},{"$f":"RANK(T10,($N$10:$AM$10,$N$19:$AM$19,$N$28:$AM$28, $N$37:$AM$37),1)","v":1},{"$f":"RANK(U10,($N$10:$AM$10,$N$19:$AM$19,$N$28:$AM$28, $N$37:$AM$37),1)","v":1},{"$f":"RANK(V10,($N$10:$AM$10,$N$19:$AM$19,$N$28:$AM$28, $N$37:$AM$37),1)","v":1},{"$f":"RANK(W10,($N$10:$AM$10,$N$19:$AM$19,$N$28:$AM$28, $N$37:$AM$37),1)","v":1},{"$f":"RANK(X10,($N$10:$AM$10,$N$19:$AM$19,$N$28:$AM$28, $N$37:$AM$37),1)","v":1},{"$f":"RANK(Y10,($N$10:$AM$10,$N$19:$AM$19,$N$28:$AM$28, $N$37:$AM$37),1)","v":1},{"$f":"RANK(Z10,($N$10:$AM$10,$N$19:$AM$19,$N$28:$AM$28, $N$37:$AM$37),1)","v":1},{"$f":"RANK(AA10,($N$10:$AM$10,$N$19:$AM$19,$N$28:$AM$28, $N$37:$AM$37),1)","v":1},{"$f":"RANK(AB10,($N$10:$AM$10,$N$19:$AM$19,$N$28:$AM$28, $N$37:$AM$37),1)","v":1},{"$f":"RANK(AC10,($N$10:$AM$10,$N$19:$AM$19,$N$28:$AM$28, $N$37:$AM$37),1)","v":1},{"$f":"RANK(AD10,($N$10:$AM$10,$N$19:$AM$19,$N$28:$AM$28, $N$37:$AM$37),1)","v":1},{"$f":"RANK(AE10,($N$10:$AM$10,$N$19:$AM$19,$N$28:$AM$28, $N$37:$AM$37),1)","v":1},{"$f":"RANK(AF10,($N$10:$AM$10,$N$19:$AM$19,$N$28:$AM$28, $N$37:$AM$37),1)","v":1},{"$f":"RANK(AG10,($N$10:$AM$10,$N$19:$AM$19,$N$28:$AM$28, $N$37:$AM$37),1)","v":1},{"$f":"RANK(AH10,($N$10:$AM$10,$N$19:$AM$19,$N$28:$AM$28, $N$37:$AM$37),1)","v":1},{"$f":"RANK(AI10,($N$10:$AM$10,$N$19:$AM$19,$N$28:$AM$28, $N$37:$AM$37),1)","v":1},{"$f":"RANK(AJ10,($N$10:$AM$10,$N$19:$AM$19,$N$28:$AM$28, $N$37:$AM$37),1)","v":1},{"$f":"RANK(AK10,($N$10:$AM$10,$N$19:$AM$19,$N$28:$AM$28, $N$37:$AM$37),1)","v":1},{"$f":"RANK(AL10,($N$10:$AM$10,$N$19:$AM$19,$N$28:$AM$28, $N$37:$AM$37),1)","v":1},{"$f":"RANK(AM10,($N$10:$AM$10,$N$19:$AM$19,$N$28:$AM$28, $N$37:$AM$37),1)","v":1}]
[{"$error":"#REF!"},9,284,"24:41",{"$f":"+VLOOKUP($C12,#REF!,2,\"false\")","v":{"$error":"#REF!"}},{"$f":"+VLOOKUP($C12,#REF!,3,\"false\")","v":{"$error":"#REF!"}},{"$f":"+VLOOKUP($C12,#REF!,4,\"false\")","v":{"$error":"#REF!"}},{"$f":"+VLOOKUP($C12,#REF!,5,\"false\")","v":{"$error":"#REF!"}},{"$f":"+VLOOKUP($C12,#REF!,6,\"false\")","v":{"$error":"#REF!"}},{"$error":"#REF!"},{"$error":"#REF!"}]
[{"$error":"#REF!"},10,290,"25:44",{"$f":"+VLOOKUP($C13,#REF!,2,\"false\")","v":{"$error":"#REF!"}},{"$f":"+VLOOKUP($C13,#REF!,3,\"false\")","v":{"$error":"#REF!"}},{"$f":"+VLOOKUP($C13,#REF!,4,\"false\")","v":{"$error":"#REF!"}},{"$f":"+VLOOKUP($C13,#REF!,5,\"false\")","v":{"$error":"#REF!"}},{"$f":"+VLOOKUP($C13,#REF!,6,\"false\")","v":{"$error":"#REF!"}},{"$error":"#REF!"},{"$error":"#REF!"},null,4,{"$f":"+IF(ISNA(VLOOKUP(N$3&\"  \"&$M13,$A$3:$I$109,2,0)),\"\",VLOOKUP(N$3&\"  \"&$M13,$A$3:$I$109,2,0))","v":""},"","","","","","","","","",{"$f":"+IF(ISNA(VLOOKUP(X$3&\"  \"&$M13,$A$3:$I$109,2,0)),\"\",VLOOKUP(X$3&\"  \"&$M13,$A$3:$I$109,2,0))","v":""},"","","","","","","","","",{"$f":"+IF(ISNA(VLOOKUP(AH$3&\"  \"&$M13,$A$3:$I$109,2,0)),\"\",VLOOKUP(AH$3&\"  \"&$M13,$A$3:$I$109,2,0))","v":""},"","","","",""]
[{"$error":"#REF!"},11,277,"27:49",{"$f":"+VLOOKUP($C14,#REF!,2,\"false\")","v":{"$error":"#REF!"}},{"$f":"+VLOOKUP($C14,#REF!,3,\"false\")","v":{"$error":"#REF!"}},{"$f":"+VLOOKUP($C14,#REF!,4,\"false\")","v":{"$error":"#REF!"}},{"$f":"+VLOOKUP($C14,#REF!,5,\"false\")","v":{"$error":"#REF!"}},{"$f":"+VLOOKUP($C14,#REF!,6,\"false\")","v":{"$error":"#REF!"}},{"$error":"#REF!"},{"$error":"#REF!"},null,5,"","","","","","","","","","","","","","","","","","","","","","","","","",""]
[{"$error":"#REF!"},12,287,"28:00",{"$f":"+VLOOKUP($C15,#REF!,2,\"false\")","v":{"$error":"#REF!"}},{"$f":"+VLOOKUP($C15,#REF!,3,\"false\")","v":{"$error":"#REF!"}},{"$f":"+VLOOKUP($C15,#REF!,4,\"false\")","v":{"$error":"#REF!"}},{"$f":"+VLOOKUP($C15,#REF!,5,\"false\")","v":{"$error":"#REF!"}},{"$f":"+VLOOKUP($C15,#REF!,6,\"false\")","v":{"$error":"#REF!"}},{"$error":"#REF!"},{"$error":"#REF!"},null,6,"","","","","","","","","","","","","","","","","","","","","","","","","",""]
[{"$error":"#REF!"},13,291,"28:20",{"$f":"+VLOOKUP($C16,#REF!,2,\"false\")","v":{"$error":"#REF!"}},{"$f":"+VLOOKUP($C16,#REF!,3,\"false\")","v":{"$error":"#REF!"}},{"$f":"+VLOOKUP($C16,#REF!,4,\"false\")","v":{"$error":"#REF!"}},{"$f":"+VLOOKUP($C16,#REF!,5,\"false\")","v":{"$error":"#REF!"}},{"$f":"+VLOOKUP($C16,#REF!,6,\"false\")","v":{"$error":"#REF!"}},{"$error":"#REF!"},{"$error":"#REF!"},null,null,"","","","","","","","","","","","","","","","","","","","","","","","","",""]
[{"$error":"#REF!"},14,282,"28:47",{"$f":"+VLOOKUP($C17,#REF!,2,\"false\")","v":{"$error":"#REF!"}},{"$f":"+VLOOKUP($C17,#REF!,3,\"false\")","v":{"$error":"#REF!"}},{"$f":"+VLOOKUP($C17,#REF!,4,\"false\")","v":{"$error":"#REF!"}},{"$f":"+VLOOKUP($C17,#REF!,5,\"false\")","v":{"$error":"#REF!"}},{"$f":"+VLOOKUP($C17,#REF!,6,\"false\")","v":{"$error":"#REF!"}},{"$error":"#REF!"},{"$error":"#REF!"},null,null,"","","","","","","","","","","","","","","","","","","","","","","","","",""]
[{"$error":"#REF!"},15,296,"28:57",{"$f":"+VLOOKUP($C18,#REF!,2,\"false\")","v":{"$error":"#REF!"}},{"$f":"+VLOOKUP($C18,#REF!,3,\"false\")","v":{"$error":"#REF!"}},{"$f":"+VLOOKUP($C18,#REF!,4,\"false\")","v":{"$error":"#REF!"}},{"$f":"+VLOOKUP($C18,#REF!,5,\"false\")","v":{"$error":"#REF!"}},{"$f":"+VLOOKUP($C18,#REF!,6,\"false\")","v":{"$error":"#REF!"}},{"$error":"#REF!"},{"$error":"#REF!"},null,null,"","","","","","","","","","","","","","","","","","","","","","","","","",""]
[{"$error":"#REF!"},16,293,"29:20",{"$f":"+VLOOKUP($C19,#REF!,2,\"false\")","v":{"$error":"#REF!"}},{"$f":"+VLOOKUP($C19,#REF!,3,\"false\")","v":{"$error":"#REF!"}},{"$f":"+VLOOKUP($C19,#REF!,4,\"false\")","v":{"$error":"#REF!"}},{"$f":"+VLOOKUP($C19,#REF!,5,\"false\")","v":{"$error":"#REF!"}},{"$f":"+VLOOKUP($C19,#REF!,6,\"false\")","v":{"$error":"#REF!"}},{"$error":"#REF!"},{"$error":"#REF!"},null,"Tot",{"$f":"IF(N15=\"\",1000,SUM(N13:N15))","v":1000},{"$f":"IF(O15=\"\",1000,SUM(O13:O15))","v":1000},1000,1000,1000,1000,1000,1000,1000,1000,1000,1000,1000,1000,1000,1000,1000,1000,1000,1000,1000,1000,1000,1000,1000,1000]
[{"$error":"#REF!"},17,289,"29:37",{"$f":"+VLOOKUP($C20,#REF!,2,\"false\")","v":{"$error":"#REF!"}},{"$f":"+VLOOKUP($C20,#REF!,3,\"false\")","v":{"$error":"#REF!"}},{"$f":"+VLOOKUP($C20,#REF!,4,\"false\")","v":{"$error":"#REF!"}},{"$f":"+VLOOKUP($C20,#REF!,5,\"false\")","v":{"$error":"#REF!"}},{"$f":"+VLOOKUP($C20,#REF!,6,\"false\")","v":{"$error":"#REF!"}},{"$error":"#REF!"},{"$error":"#REF!"},null,"Pos",{"$f":"RANK(N19,($N$10:$AM$10,$N$19:$AM$19,$N$28:$AM$28, $N$37:$AM$37),1)","v":1},{"$f":"RANK(O19,($N$10:$AM$10,$N$19:$AM$19,$N$28:$AM$28, $N$37:$AM$37),1)","v":1},{"$f":"RANK(P19,($N$10:$AM$10,$N$19:$AM$19,$N$28:$AM$28, $N$37:$AM$37),1)","v":1},{"$f":"RANK(Q19,($N$10:$AM$10,$N$19:$AM$19,$N$28:$AM$28, $N$37:$AM$37),1)","v":1},{"$f":"RANK(R19,($N$10:$AM$10,$N$19:$AM$19,$N$28:$AM$28, $N$37:$AM$37),1)","v":1},{"$f":"RANK(S19,($N$10:$AM$10,$N$19:$AM$19,$N$28:$AM$28, $N$37:$AM$37),1)","v":1},{"$f":"RANK(T19,($N$10:$AM$10,$N$19:$AM$19,$N$28:$AM$28, $N$37:$AM$37),1)","v":1},{"$f":"RANK(U19,($N$10:$AM$10,$N$19:$AM$19,$N$28:$AM$28, $N$37:$AM$37),1)","v":1},{"$f":"RANK(V19,($N$10:$AM$10,$N$19:$AM$19,$N$28:$AM$28, $N$37:$AM$37),1)","v":1},{"$f":"RANK(W19,($N$10:$AM$10,$N$19:$AM$19,$N$28:$AM$28, $N$37:$AM$37),1)","v":1},{"$f":"RANK(X19,($N$10:$AM$10,$N$19:$AM$19,$N$28:$AM$28, $N$37:$AM$37),1)","v":1},{"$f":"RANK(Y19,($N$10:$AM$10,$N$19:$AM$19,$N$28:$AM$28, $N$37:$AM$37),1)","v":1},{"$f":"RANK(Z19,($N$10:$AM$10,$N$19:$AM$19,$N$28:$AM$28, $N$37:$AM$37),1)","v":1},{"$f":"RANK(AA19,($N$10:$AM$10,$N$19:$AM$19,$N$28:$AM$28, $N$37:$AM$37),1)","v":1},{"$f":"RANK(AB19,($N$10:$AM$10,$N$19:$AM$19,$N$28:$AM$28, $N$37:$AM$37),1)","v":1},{"$f":"RANK(AC19,($N$10:$AM$10,$N$19:$AM$19,$N$28:$AM$28, $N$37:$AM$37),1)","v":1},{"$f":"RANK(AD19,($N$10:$AM$10,$N$19:$AM$19,$N$28:$AM$28, $N$37:$AM$37),1)","v":1},{"$f":"RANK(AE19,($N$10:$AM$10,$N$19:$AM$19,$N$28:$AM$28, $N$37:$AM$37),1)","v":1},{"$f":"RANK(AF19,($N$10:$AM$10,$N$19:$AM$19,$N$28:$AM$28, $N$37:$AM$37),1)","v":1},{"$f":"RANK(AG19,($N$10:$AM$10,$N$19:$AM$19,$N$28:$AM$28, $N$37:$AM$37),1)","v":1},{"$f":"RANK(AH19,($N$10:$AM$10,$N$19:$AM$19,$N$28:$AM$28, $N$37:$AM$37),1)","v":1},{"$f":"RANK(AI19,($N$10:$AM$10,$N$19:$AM$19,$N$28:$AM$28, $N$37:$AM$37),1)","v":1},{"$f":"RANK(AJ19,($N$10:$AM$10,$N$19:$AM$19,$N$28:$AM$28, $N$37:$AM$37),1)","v":1},{"$f":"RANK(AK19,($N$10:$AM$10,$N$19:$AM$19,$N$28:$AM$28, $N$37:$AM$37),1)","v":1},{"$f":"RANK(AL19,($N$10:$AM$10,$N$19:$AM$19,$N$28:$AM$28, $N$37:$AM$37),1)","v":1},{"$f":"RANK(AM19,($N$10:$AM$10,$N$19:$AM$19,$N$28:$AM$28, $N$37:$AM$37),1)","v":1}]
[{"$error":"#REF!"},18,281,"29:45",{"$f":"+VLOOKUP($C21,#REF!,2,\"false\")","v":{"$error":"#REF!"}},{"$f":"+VLOOKUP($C21,#REF!,3,\"false\")","v":{"$error":"#REF!"}},{"$f":"+VLOOKUP($C21,#REF!,4,\"false\")","v":{"$error":"#REF!"}},{"$f":"+VLOOKUP($C21,#REF!,5,\"false\")","v":{"$error":"#REF!"}},{"$f":"+VLOOKUP($C21,#REF!,6,\"false\")","v":{"$error":"#REF!"}},{"$error":"#REF!"},{"$error":"#REF!"}]
[{"$error":"#REF!"},19,279,"30:25",{"$f":"+VLOOKUP($C22,#REF!,2,\"false\")","v":{"$error":"#REF!"}},{"$f":"+VLOOKUP($C22,#REF!,3,\"false\")","v":{"$error":"#REF!"}},{"$f":"+VLOOKUP($C22,#REF!,4,\"false\")","v":{"$error":"#REF!"}},{"$f":"+VLOOKUP($C22,#REF!,5,\"false\")","v":{"$error":"#REF!"}},{"$f":"+VLOOKUP($C22,#REF!,6,\"false\")","v":{"$error":"#REF!"}},{"$error":"#REF!"},{"$error":"#REF!"},null,7,{"$f":"+IF(ISNA(VLOOKUP(N$3&\"  \"&$M22,$A$3:$I$109,2,0)),\"\",VLOOKUP(N$3&\"  \"&$M22,$A$3:$I$109,2,0))","v":""},"","","","","","","","","",{"$f":"+IF(ISNA(VLOOKUP(X$3&\"  \"&$M22,$A$3:$I$109,2,0)),\"\",VLOOKUP(X$3&\"  \"&$M22,$A$3:$I$109,2,0))","v":""},"","","","","","","","","",{"$f":"+IF(ISNA(VLOOKUP(AH$3&\"  \"&$M22,$A$3:$I$109,2,0)),\"\",VLOOKUP(AH$3&\"  \"&$M22,$A$3:$I$109,2,0))","v":""},"","","","",""]
[{"$nulls":12},8,"","","","","","","","","","","","","","","","","","","","","","","","","",""]
[{"$nulls":12},9,"","","","","","","","","","","","","","","","","","","","","","","","","",""]
[{"$nulls":13},"","","","","","","","","","","","","","","","","","","","","","","","","",""]
[{"$nulls":13},"","","","","","","","","","","","","","","","","","","","","","","","","",""]
[{"$nulls":13},"","","","","","","","","","","","","","","","","","","","","","","","","",""]
[{"$nulls":12},"Tot",{"$f":"IF(N24=\"\",1000,SUM(N22:N24))","v":1000},{"$f":"IF(O24=\"\",1000,SUM(O22:O24))","v":1000},1000,1000,1000,1000,1000,1000,1000,1000,1000,1000,1000,1000,1000,1000,1000,1000,1000,1000,1000,1000,1000,1000,1000,1000]
[{"$nulls":12},"Pos",{"$f":"RANK(N28,($N$10:$AM$10,$N$19:$AM$19,$N$28:$AM$28, $N$37:$AM$37),1)","v":1},{"$f":"RANK(O28,($N$10:$AM$10,$N$19:$AM$19,$N$28:$AM$28, $N$37:$AM$37),1)","v":1},{"$f":"RANK(P28,($N$10:$AM$10,$N$19:$AM$19,$N$28:$AM$28, $N$37:$AM$37),1)","v":1},{"$f":"RANK(Q28,($N$10:$AM$10,$N$19:$AM$19,$N$28:$AM$28, $N$37:$AM$37),1)","v":1},{"$f":"RANK(R28,($N$10:$AM$10,$N$19:$AM$19,$N$28:$AM$28, $N$37:$AM$37),1)","v":1},{"$f":"RANK(S28,($N$10:$AM$10,$N$19:$AM$19,$N$28:$AM$28, $N$37:$AM$37),1)","v":1},{"$f":"RANK(T28,($N$10:$AM$10,$N$19:$AM$19,$N$28:$AM$28, $N$37:$AM$37),1)","v":1},{"$f":"RANK(U28,($N$10:$AM$10,$N$19:$AM$19,$N$28:$AM$28, $N$37:$AM$37),1)","v":1},{"$f":"RANK(V28,($N$10:$AM$10,$N$19:$AM$19,$N$28:$AM$28, $N$37:$AM$37),1)","v":1},{"$f":"RANK(W28,($N$10:$AM$10,$N$19:$AM$19,$N$28:$AM$28, $N$37:$AM$37),1)","v":1},{"$f":"RANK(X28,($N$10:$AM$10,$N$19:$AM$19,$N$28:$AM$28, $N$37:$AM$37),1)","v":1},{"$f":"RANK(Y28,($N$10:$AM$10,$N$19:$AM$19,$N$28:$AM$28, $N$37:$AM$37),1)","v":1},{"$f":"RANK(Z28,($N$10:$AM$10,$N$19:$AM$19,$N$28:$AM$28, $N$37:$AM$37),1)","v":1},{"$f":"RANK(AA28,($N$10:$AM$10,$N$19:$AM$19,$N$28:$AM$28, $N$37:$AM$37),1)","v":1},{"$f":"RANK(AB28,($N$10:$AM$10,$N$19:$AM$19,$N$28:$AM$28, $N$37:$AM$37),1)","v":1},{"$f":"RANK(AC28,($N$10:$AM$10,$N$19:$AM$19,$N$28:$AM$28, $N$37:$AM$37),1)","v":1},{"$f":"RANK(AD28,($N$10:$AM$10,$N$19:$AM$19,$N$28:$AM$28, $N$37:$AM$37),1)","v":1},{"$f":"RANK(AE28,($N$10:$AM$10,$N$19:$AM$19,$N$28:$AM$28, $N$37:$AM$37),1)","v":1},{"$f":"RANK(AF28,($N$10:$AM$10,$N$19:$AM$19,$N$28:$AM$28, $N$37:$AM$37),1)","v":1},{"$f":"RANK(AG28,($N$10:$AM$10,$N$19:$AM$19,$N$28:$AM$28, $N$37:$AM$37),1)","v":1},{"$f":"RANK(AH28,($N$10:$AM$10,$N$19:$AM$19,$N$28:$AM$28, $N$37:$AM$37),1)","v":1},{"$f":"RANK(AI28,($N$10:$AM$10,$N$19:$AM$19,$N$28:$AM$28, $N$37:$AM$37),1)","v":1},{"$f":"RANK(AJ28,($N$10:$AM$10,$N$19:$AM$19,$N$28:$AM$28, $N$37:$AM$37),1)","v":1},{"$f":"RANK(AK28,($N$10:$AM$10,$N$19:$AM$19,$N$28:$AM$28, $N$37:$AM$37),1)","v":1},{"$f":"RANK(AL28,($N$10:$AM$10,$N$19:$AM$19,$N$28:$AM$28, $N$37:$AM$37),1)","v":1},{"$f":"RANK(AM28,($N$10:$AM$10,$N$19:$AM$19,$N$28:$AM$28, $N$37:$AM$37),1)","v":1}]
[]
[{"$nulls":12},10,{"$f":"+IF(ISNA(VLOOKUP(N$3&\"  \"&$M31,$A$3:$I$109,2,0)),\"\",VLOOKUP(N$3&\"  \"&$M31,$A$3:$I$109,2,0))","v":""},"","","","","","","","","",{"$f":"+IF(ISNA(VLOOKUP(X$3&\"  \"&$M31,$A$3:$I$109,2,0)),\"\",VLOOKUP(X$3&\"  \"&$M31,$A$3:$I$109,2,0))","v":""},"","","","","","","","","",{"$f":"+IF(ISNA(VLOOKUP(AH$3&\"  \"&$M31,$A$3:$I$109,2,0)),\"\",VLOOKUP(AH$3&\"  \"&$M31,$A$3:$I$109,2,0))","v":""},"","","","",""]
[{"$nulls":12},11,"","","","","","","","","","","","","","","","","","","","","","","","","",""]
[{"$nulls":12},12,"","","","","","","","","","","","","","","","","","","","","","","","","",""]
[{"$nulls":13},"","","","","","","","","","","","","","","","","","","","","","","","","",""]
[{"$nulls":13},"","","","","","","","","","","","","","","","","","","","","","","","","",""]
[{"$nulls":13},"","","","","","","","","","","","","","","","","","","","","","","","","",""]
[{"$nulls":12},"Tot",{"$f":"IF(N33=\"\",1000,SUM(N31:N33))","v":1000},{"$f":"IF(O33=\"\",1000,SUM(O31:O33))","v":1000},1000,1000,1000,1000,1000,1000,1000,1000,1000,1000,1000,1000,1000,1000,1000,1000,1000,1000,1000,1000,1000,1000,1000,1000]
[{"$nulls":12},"Pos",{"$f":"RANK(N37,($N$10:$AM$10,$N$19:$AM$19,$N$28:$AM$28, $N$37:$AM$37),1)","v":1},{"$f":"RANK(O37,($N$10:$AM$10,$N$19:$AM$19,$N$28:$AM$28, $N$37:$AM$37),1)","v":1},{"$f":"RANK(P37,($N$10:$AM$10,$N$19:$AM$19,$N$28:$AM$28, $N$37:$AM$37),1)","v":1},{"$f":"RANK(Q37,($N$10:$AM$10,$N$19:$AM$19,$N$28:$AM$28, $N$37:$AM$37),1)","v":1},{"$f":"RANK(R37,($N$10:$AM$10,$N$19:$AM$19,$N$28:$AM$28, $N$37:$AM$37),1)","v":1},{"$f":"RANK(S37,($N$10:$AM$10,$N$19:$AM$19,$N$28:$AM$28, $N$37:$AM$37),1)","v":1},{"$f":"RANK(T37,($N$10:$AM$10,$N$19:$AM$19,$N$28:$AM$28, $N$37:$AM$37),1)","v":1},{"$f":"RANK(U37,($N$10:$AM$10,$N$19:$AM$19,$N$28:$AM$28, $N$37:$AM$37),1)","v":1},{"$f":"RANK(V37,($N$10:$AM$10,$N$19:$AM$19,$N$28:$AM$28, $N$37:$AM$37),1)","v":1},{"$f":"RANK(W37,($N$10:$AM$10,$N$19:$AM$19,$N$28:$AM$28, $N$37:$AM$37),1)","v":1},{"$f":"RANK(X37,($N$10:$AM$10,$N$19:$AM$19,$N$28:$AM$28, $N$37:$AM$37),1)","v":1},{"$f":"RANK(Y37,($N$10:$AM$10,$N$19:$AM$19,$N$28:$AM$28, $N$37:$AM$37),1)","v":1},{"$f":"RANK(Z37,($N$10:$AM$10,$N$19:$AM$19,$N$28:$AM$28, $N$37:$AM$37),1)","v":1},{"$f":"RANK(AA37,($N$10:$AM$10,$N$19:$AM$19,$N$28:$AM$28, $N$37:$AM$37),1)","v":1},{"$f":"RANK(AB37,($N$10:$AM$10,$N$19:$AM$19,$N$28:$AM$28, $N$37:$AM$37),1)","v":1},{"$f":"RANK(AC37,($N$10:$AM$10,$N$19:$AM$19,$N$28:$AM$28, $N$37:$AM$37),1)","v":1},{"$f":"RANK(AD37,($N$10:$AM$10,$N$19:$AM$19,$N$28:$AM$28, $N$37:$AM$37),1)","v":1},{"$f":"RANK(AE37,($N$10:$AM$10,$N$19:$AM$19,$N$28:$AM$28, $N$37:$AM$37),1)","v":1},{"$f":"RANK(AF37,($N$10:$AM$10,$N$19:$AM$19,$N$28:$AM$28, $N$37:$AM$37),1)","v":1},{"$f":"RANK(AG37,($N$10:$AM$10,$N$19:$AM$19,$N$28:$AM$28, $N$37:$AM$37),1)","v":1},{"$f":"RANK(AH37,($N$10:$AM$10,$N$19:$AM$19,$N$28:$AM$28, $N$37:$AM$37),1)","v":1},{"$f":"RANK(AI37,($N$10:$AM$10,$N$19:$AM$19,$N$28:$AM$28, $N$37:$AM$37),1)","v":1},{"$f":"RANK(AJ37,($N$10:$AM$10,$N$19:$AM$19,$N$28:$AM$28, $N$37:$AM$37),1)","v":1},{"$f":"RANK(AK37,($N$10:$AM$10,$N$19:$AM$19,$N$28:$AM$28, $N$37:$AM$37),1)","v":1},{"$f":"RANK(AL37,($N$10:$AM$10,$N$19:$AM$19,$N$28:$AM$28, $N$37:$AM$37),1)","v":1},{"$f":"RANK(AM37,($N$10:$AM$10,$N$19:$AM$19,$N$28:$AM$28, $N$37:$AM$37),1)","v":1}]
{"$rows_empty":61}
[{"$nulls":13},"CRA"]
[{"$nulls":13},"B&H"]
[{"$nulls":13},"EBR"]
[{"$nulls":13},"WDH"]
[{"$nulls":13},"HAS"]
[{"$nulls":13},"LEW"]
[{"$nulls":13},"CHI"]
[null,"Pos","Bib","Time",{"$nulls":9},"HASR"]
[null,1,285,"21:42"]
[null,{"$f":"+B108+1","v":2},280,"22:57"]
[null,{"$f":"+B109+1","v":3},502,"23:06"]
[null,4,292,"23:22"]
[null,5,288,"23:28"]
[null,6,283,"23:39"]
[null,7,295,"23:59"]
[null,8,278,"24:34"]
[null,9,284,"24:41"]
[null,10,290,"25:44"]
[null,11,277,"27:49"]
[null,12,287,"28:00"]
[null,13,291,"28:20"]
[null,14,282,"28:47"]
[null,15,296,"28:57"]
[null,16,293,"29:20"]
[null,17,289,"29:37"]
[null,18,281,"29:45"]
[null,19,279,"30:25"]
[null,20]
[null,21]
[null,22]
[null,23]
[null,24]
[null,25]
[null,26]
[null,27]
[null,28]
[null,29]
[null,30]
[null,31]
[null,32]
[null,33]
[null,34]
[null,35]
[null,36]
[null,37]
[null,38]
[null,39]
[null,40]
[null,41]
[null,42]
[null,43]
[null,44]
[null,45]
[null,46]
[null,47]
[null,48]
[null,49]
[null,50]
[null,51]
[null,52]
[null,53]
[null,54]
[null,55]
[null,56]
[null,57]
[null,58]
[null,59]
[null,60]
[null,61]
[null,62]
[null,63]
[null,64]
[null,65]
[null,66]
[null,{"$f":"+B173+1","v":67}]
[null,68]
[null,69]
[null,70]
[null,71]
[null,72]
[null,73]
[null,74]
[null,75]
[null,76]
[null,77]
[null,78]
[null,79]
[null,80]
[null,81]
[null,82]
[null,83]
[null,84]
[null,85]
[null,86]
[null,87]
[null,88]
[null,89]
[null,90]
[null,91]
[null,92]
[null,93]
[null,94]
[null,95]
[null,96]
[null,97]
[null,98]
[null,99]
[null,100]

{"sheet":"U17M","index":7,"n_rows":207,"n_cols":39,"rows_kept":207,"hidden":true,"merged":[[0,1,0,6],[1,1,1,6]]}
[null,"Sussex Athletics XC Championships\nBexhill, 07/01/2023",{"$nulls":11},"26 clubs - cols N to AM"]
[null,"U17 Men"]
["Temp","Pos","Bib","Time","Forename","Surname","Club","Cat ","Sex","Rk","Club Rk",null,null,"B&H","LEW","PHX","WDH","HAS","CRA","EBR"]
[{"$f":"+K4","v":{"$error":"#REF!"}},1,255,"18:48",{"$f":"+VLOOKUP($C4,#REF!,2,\"false\")","v":{"$error":"#REF!"}},{"$f":"+VLOOKUP($C4,#REF!,3,\"false\")","v":{"$error":"#REF!"}},{"$f":"+VLOOKUP($C4,#REF!,4,\"false\")","v":{"$error":"#REF!"}},{"$f":"+VLOOKUP($C4,#REF!,5,\"false\")","v":{"$error":"#REF!"}},{"$f":"+VLOOKUP($C4,#REF!,6,\"false\")","v":{"$error":"#REF!"}},{"$f":"TEXT(SUMPRODUCT(--(G4=$G$4:$G$597),--(B4>$B$4:$B$597))+1,0)","v":{"$error":"#REF!"}},{"$f":"+G4&\"  \"&J4","v":{"$error":"#REF!"}},null,1,{"$f":"+IF(ISNA(VLOOKUP(N$3&\"  \"&$M4,$A$3:$I$109,2,0)),\"\",VLOOKUP(N$3&\"  \"&$M4,$A$3:$I$109,2,0))","v":""},"","","","","","","","","",{"$f":"+IF(ISNA(VLOOKUP(X$3&\"  \"&$M4,$A$3:$I$109,2,0)),\"\",VLOOKUP(X$3&\"  \"&$M4,$A$3:$I$109,2,0))","v":""},"","","","","","","","","",{"$f":"+IF(ISNA(VLOOKUP(AH$3&\"  \"&$M4,$A$3:$I$109,2,0)),\"\",VLOOKUP(AH$3&\"  \"&$M4,$A$3:$I$109,2,0))","v":""},"","","","",""]
[{"$f":"+K5","v":{"$error":"#REF!"}},{"$f":"+B4+1","v":2},266,"18:56",{"$f":"+VLOOKUP($C5,#REF!,2,\"false\")","v":{"$error":"#REF!"}},{"$f":"+VLOOKUP($C5,#REF!,3,\"false\")","v":{"$error":"#REF!"}},{"$f":"+VLOOKUP($C5,#REF!,4,\"false\")","v":{"$error":"#REF!"}},{"$f":"+VLOOKUP($C5,#REF!,5,\"false\")","v":{"$error":"#REF!"}},{"$f":"+VLOOKUP($C5,#REF!,6,\"false\")","v":{"$error":"#REF!"}},{"$error":"#REF!"},{"$f":"+G5&\"  \"&J5","v":{"$error":"#REF!"}},null,2,"","","","","","","","","","","","","","","","","","","","","","","","","",""]
[{"$error":"#REF!"},3,252,"19:14",{"$f":"+VLOOKUP($C6,#REF!,2,\"false\")","v":{"$error":"#REF!"}},{"$f":"+VLOOKUP($C6,#REF!,3,\"false\")","v":{"$error":"#REF!"}},{"$f":"+VLOOKUP($C6,#REF!,4,\"false\")","v":{"$error":"#REF!"}},{"$f":"+VLOOKUP($C6,#REF!,5,\"false\")","v":{"$error":"#REF!"}},{"$f":"+VLOOKUP($C6,#REF!,6,\"false\")","v":{"$error":"#REF!"}},{"$error":"#REF!"},{"$error":"#REF!"},null,3,"","","","","","","","","","","","","","","","","","","","","","","","","",""]
[{"$error":"#REF!"},4,257,"19:17",{"$f":"+VLOOKUP($C7,#REF!,2,\"false\")","v":{"$error":"#REF!"}},{"$f":"+VLOOKUP($C7,#REF!,3,\"false\")","v":{"$error":"#REF!"}},{"$f":"+VLOOKUP($C7,#REF!,4,\"false\")","v":{"$error":"#REF!"}},{"$f":"+VLOOKUP($C7,#REF!,5,\"false\")","v":{"$error":"#REF!"}},{"$f":"+VLOOKUP($C7,#REF!,6,\"false\")","v":{"$error":"#REF!"}},{"$error":"#REF!"},{"$error":"#REF!"},null,null,"","","","","","","","","","","","","","","","","","","","","","","","","",""]
[{"$error":"#REF!"},5,261,"19:29",{"$f":"+VLOOKUP($C8,#REF!,2,\"false\")","v":{"$error":"#REF!"}},{"$f":"+VLOOKUP($C8,#REF!,3,\"false\")","v":{"$error":"#REF!"}},{"$f":"+VLOOKUP($C8,#REF!,4,\"false\")","v":{"$error":"#REF!"}},{"$f":"+VLOOKUP($C8,#REF!,5,\"false\")","v":{"$error":"#REF!"}},{"$f":"+VLOOKUP($C8,#REF!,6,\"false\")","v":{"$error":"#REF!"}},{"$error":"#REF!"},{"$error":"#REF!"},null,null,"","","","","","","","","","","","","","","","","","","","","","","","","",""]
[{"$error":"#REF!"},6,250,"19:47",{"$f":"+VLOOKUP($C9,#REF!,2,\"false\")","v":{"$error":"#REF!"}},{"$f":"+VLOOKUP($C9,#REF!,3,\"false\")","v":{"$error":"#REF!"}},{"$f":"+VLOOKUP($C9,#REF!,4,\"false\")","v":{"$error":"#REF!"}},{"$f":"+VLOOKUP($C9,#REF!,5,\"false\")","v":{"$error":"#REF!"}},{"$f":"+VLOOKUP($C9,#REF!,6,\"false\")","v":{"$error":"#REF!"}},{"$error":"#REF!"},{"$error":"#REF!"},null,null,"","","","","","","","","","","","","","","","","","","","","","","","","",""]
[{"$error":"#REF!"},7,254,"20:06",{"$f":"+VLOOKUP($C10,#REF!,2,\"false\")","v":{"$error":"#REF!"}},{"$f":"+VLOOKUP($C10,#REF!,3,\"false\")","v":{"$error":"#REF!"}},{"$f":"+VLOOKUP($C10,#REF!,4,\"false\")","v":{"$error":"#REF!"}},{"$f":"+VLOOKUP($C10,#REF!,5,\"false\")","v":{"$error":"#REF!"}},{"$f":"+VLOOKUP($C10,#REF!,6,\"false\")","v":{"$error":"#REF!"}},{"$error":"#REF!"},{"$error":"#REF!"},null,"Tot",{"$f":"IF(N6=\"\",1000,SUM(N4:N6))","v":1000},{"$f":"IF(O6=\"\",1000,SUM(O4:O6))","v":1000},1000,1000,1000,1000,1000,1000,1000,1000,1000,1000,1000,1000,1000,1000,1000,1000,1000,1000,1000,1000,1000,1000,1000,1000]
[{"$error":"#REF!"},8,256,"20:07",{"$f":"+VLOOKUP($C11,#REF!,2,\"false\")","v":{"$error":"#REF!"}},{"$f":"+VLOOKUP($C11,#REF!,3,\"false\")","v":{"$error":"#REF!"}},{"$f":"+VLOOKUP($C11,#REF!,4,\"false\")","v":{"$error":"#REF!"}},{"$f":"+VLOOKUP($C11,#REF!,5,\"false\")","v":{"$error":"#REF!"}},{"$f":"+VLOOKUP($C11,#REF!,6,\"false\")","v":{"$error":"#REF!"}},{"$error":"#REF!"},{"$error":"#REF!"},null,"Pos",{"$f":"RANK(N10,($N$10:$AM$10,$N$19:$AM$19,$N$28:$AM$28, $N$37:$AM$37),1)","v":1},{"$f":"RANK(O10,($N$10:$AM$10,$N$19:$AM$19,$N$28:$AM$28, $N$37:$AM$37),1)","v":1},{"$f":"RANK(P10,($N$10:$AM$10,$N$19:$AM$19,$N$28:$AM$28, $N$37:$AM$37),1)","v":1},{"$f":"RANK(Q10,($N$10:$AM$10,$N$19:$AM$19,$N$28:$AM$28, $N$37:$AM$37),1)","v":1},{"$f":"RANK(R10,($N$10:$AM$10,$N$19:$AM$19,$N$28:$AM$28, $N$37:$AM$37),1)","v":1},{"$f":"RANK(S10,($N$10:$AM$10,$N$19:$AM$19,$N$28:$AM$28, $N$37:$AM$37),1)","v":1},{"$f":"RANK(T10,($N$10:$AM$10,$N$19:$AM$19,$N$28:$AM$28, $N$37:$AM$37),1)","v":1},{"$f":"RANK(U10,($N$10:$AM$10,$N$19:$AM$19,$N$28:$AM$28, $N$37:$AM$37),1)","v":1},{"$f":"RANK(V10,($N$10:$AM$10,$N$19:$AM$19,$N$28:$AM$28, $N$37:$AM$37),1)","v":1},{"$f":"RANK(W10,($N$10:$AM$10,$N$19:$AM$19,$N$28:$AM$28, $N$37:$AM$37),1)","v":1},{"$f":"RANK(X10,($N$10:$AM$10,$N$19:$AM$19,$N$28:$AM$28, $N$37:$AM$37),1)","v":1},{"$f":"RANK(Y10,($N$10:$AM$10,$N$19:$AM$19,$N$28:$AM$28, $N$37:$AM$37),1)","v":1},{"$f":"RANK(Z10,($N$10:$AM$10,$N$19:$AM$19,$N$28:$AM$28, $N$37:$AM$37),1)","v":1},{"$f":"RANK(AA10,($N$10:$AM$10,$N$19:$AM$19,$N$28:$AM$28, $N$37:$AM$37),1)","v":1},{"$f":"RANK(AB10,($N$10:$AM$10,$N$19:$AM$19,$N$28:$AM$28, $N$37:$AM$37),1)","v":1},{"$f":"RANK(AC10,($N$10:$AM$10,$N$19:$AM$19,$N$28:$AM$28, $N$37:$AM$37),1)","v":1},{"$f":"RANK(AD10,($N$10:$AM$10,$N$19:$AM$19,$N$28:$AM$28, $N$37:$AM$37),1)","v":1},{"$f":"RANK(AE10,($N$10:$AM$10,$N$19:$AM$19,$N$28:$AM$28, $N$37:$AM$37),1)","v":1},{"$f":"RANK(AF10,($N$10:$AM$10,$N$19:$AM$19,$N$28:$AM$28, $N$37:$AM$37),1)","v":1},{"$f":"RANK(AG10,($N$10:$AM$10,$N$19:$AM$19,$N$28:$AM$28, $N$37:$AM$37),1)","v":1},{"$f":"RANK(AH10,($N$10:$AM$10,$N$19:$AM$19,$N$28:$AM$28, $N$37:$AM$37),1)","v":1},{"$f":"RANK(AI10,($N$10:$AM$10,$N$19:$AM$19,$N$28:$AM$28, $N$37:$AM$37),1)","v":1},{"$f":"RANK(AJ10,($N$10:$AM$10,$N$19:$AM$19,$N$28:$AM$28, $N$37:$AM$37),1)","v":1},{"$f":"RANK(AK10,($N$10:$AM$10,$N$19:$AM$19,$N$28:$AM$28, $N$37:$AM$37),1)","v":1},{"$f":"RANK(AL10,($N$10:$AM$10,$N$19:$AM$19,$N$28:$AM$28, $N$37:$AM$37),1)","v":1},{"$f":"RANK(AM10,($N$10:$AM$10,$N$19:$AM$19,$N$28:$AM$28, $N$37:$AM$37),1)","v":1}]
[{"$error":"#REF!"},9,272,"20:14",{"$f":"+VLOOKUP($C12,#REF!,2,\"false\")","v":{"$error":"#REF!"}},{"$f":"+VLOOKUP($C12,#REF!,3,\"false\")","v":{"$error":"#REF!"}},{"$f":"+VLOOKUP($C12,#REF!,4,\"false\")","v":{"$error":"#REF!"}},{"$f":"+VLOOKUP($C12,#REF!,5,\"false\")","v":{"$error":"#REF!"}},{"$f":"+VLOOKUP($C12,#REF!,6,\"false\")","v":{"$error":"#REF!"}},{"$error":"#REF!"},{"$error":"#REF!"}]
[{"$error":"#REF!"},10,273,"20:29",{"$f":"+VLOOKUP($C13,#REF!,2,\"false\")","v":{"$error":"#REF!"}},{"$f":"+VLOOKUP($C13,#REF!,3,\"false\")","v":{"$error":"#REF!"}},{"$f":"+VLOOKUP($C13,#REF!,4,\"false\")","v":{"$error":"#REF!"}},{"$f":"+VLOOKUP($C13,#REF!,5,\"false\")","v":{"$error":"#REF!"}},{"$f":"+VLOOKUP($C13,#REF!,6,\"false\")","v":{"$error":"#REF!"}},{"$error":"#REF!"},{"$error":"#REF!"},null,4,{"$f":"+IF(ISNA(VLOOKUP(N$3&\"  \"&$M13,$A$3:$I$109,2,0)),\"\",VLOOKUP(N$3&\"  \"&$M13,$A$3:$I$109,2,0))","v":""},"","","","","","","","","",{"$f":"+IF(ISNA(VLOOKUP(X$3&\"  \"&$M13,$A$3:$I$109,2,0)),\"\",VLOOKUP(X$3&\"  \"&$M13,$A$3:$I$109,2,0))","v":""},"","","","","","","","","",{"$f":"+IF(ISNA(VLOOKUP(AH$3&\"  \"&$M13,$A$3:$I$109,2,0)),\"\",VLOOKUP(AH$3&\"  \"&$M13,$A$3:$I$109,2,0))","v":""},"","","","",""]
[{"$error":"#REF!"},11,253,"20:35",{"$f":"+VLOOKUP($C14,#REF!,2,\"false\")","v":{"$error":"#REF!"}},{"$f":"+VLOOKUP($C14,#REF!,3,\"false\")","v":{"$error":"#REF!"}},{"$f":"+VLOOKUP($C14,#REF!,4,\"false\")","v":{"$error":"#REF!"}},{"$f":"+VLOOKUP($C14,#REF!,5,\"false\")","v":{"$error":"#REF!"}},{"$f":"+VLOOKUP($C14,#REF!,6,\"false\")","v":{"$error":"#REF!"}},{"$error":"#REF!"},{"$error":"#REF!"},null,5,"","","","","","","","","","","","","","","","","","","","","","","","","",""]
[{"$error":"#REF!"},12,274,"20:36",{"$f":"+VLOOKUP($C15,#REF!,2,\"false\")","v":{"$error":"#REF!"}},{"$f":"+VLOOKUP($C15,#REF!,3,\"false\")","v":{"$error":"#REF!"}},{"$f":"+VLOOKUP($C15,#REF!,4,\"false\")","v":{"$error":"#REF!"}},{"$f":"+VLOOKUP($C15,#REF!,5,\"false\")","v":{"$error":"#REF!"}},{"$f":"+VLOOKUP($C15,#REF!,6,\"false\")","v":{"$error":"#REF!"}},{"$error":"#REF!"},{"$error":"#REF!"},null,6,"","","","","","","","","","","","","","","","","","","","","","","","","",""]
[{"$error":"#REF!"},13,267,"20:56",{"$f":"+VLOOKUP($C16,#REF!,2,\"false\")","v":{"$error":"#REF!"}},{"$f":"+VLOOKUP($C16,#REF!,3,\"false\")","v":{"$error":"#REF!"}},{"$f":"+VLOOKUP($C16,#REF!,4,\"false\")","v":{"$error":"#REF!"}},{"$f":"+VLOOKUP($C16,#REF!,5,\"false\")","v":{"$error":"#REF!"}},{"$f":"+VLOOKUP($C16,#REF!,6,\"false\")","v":{"$error":"#REF!"}},{"$error":"#REF!"},{"$error":"#REF!"},null,null,"","","","","","","","","","","","","","","","","","","","","","","","","",""]
[{"$error":"#REF!"},14,268,"21:03",{"$f":"+VLOOKUP($C17,#REF!,2,\"false\")","v":{"$error":"#REF!"}},{"$f":"+VLOOKUP($C17,#REF!,3,\"false\")","v":{"$error":"#REF!"}},{"$f":"+VLOOKUP($C17,#REF!,4,\"false\")","v":{"$error":"#REF!"}},{"$f":"+VLOOKUP($C17,#REF!,5,\"false\")","v":{"$error":"#REF!"}},{"$f":"+VLOOKUP($C17,#REF!,6,\"false\")","v":{"$error":"#REF!"}},{"$error":"#REF!"},{"$error":"#REF!"},null,null,"","","","","","","","","","","","","","","","","","","","","","","","","",""]
[{"$error":"#REF!"},15,269,"21:05",{"$f":"+VLOOKUP($C18,#REF!,2,\"false\")","v":{"$error":"#REF!"}},{"$f":"+VLOOKUP($C18,#REF!,3,\"false\")","v":{"$error":"#REF!"}},{"$f":"+VLOOKUP($C18,#REF!,4,\"false\")","v":{"$error":"#REF!"}},{"$f":"+VLOOKUP($C18,#REF!,5,\"false\")","v":{"$error":"#REF!"}},{"$f":"+VLOOKUP($C18,#REF!,6,\"false\")","v":{"$error":"#REF!"}},{"$error":"#REF!"},{"$error":"#REF!"},null,null,"","","","","","","","","","","","","","","","","","","","","","","","","",""]
[{"$error":"#REF!"},16,271,"21:23",{"$f":"+VLOOKUP($C19,#REF!,2,\"false\")","v":{"$error":"#REF!"}},{"$f":"+VLOOKUP($C19,#REF!,3,\"false\")","v":{"$error":"#REF!"}},{"$f":"+VLOOKUP($C19,#REF!,4,\"false\")","v":{"$error":"#REF!"}},{"$f":"+VLOOKUP($C19,#REF!,5,\"false\")","v":{"$error":"#REF!"}},{"$f":"+VLOOKUP($C19,#REF!,6,\"false\")","v":{"$error":"#REF!"}},{"$error":"#REF!"},{"$error":"#REF!"},null,"Tot",{"$f":"IF(N15=\"\",1000,SUM(N13:N15))","v":1000},{"$f":"IF(O15=\"\",1000,SUM(O13:O15))","v":1000},1000,1000,1000,1000,1000,1000,1000,1000,1000,1000,1000,1000,1000,1000,1000,1000,1000,1000,1000,1000,1000,1000,1000,1000]
[{"$error":"#REF!"},17,258,"21:30",{"$f":"+VLOOKUP($C20,#REF!,2,\"false\")","v":{"$error":"#REF!"}},{"$f":"+VLOOKUP($C20,#REF!,3,\"false\")","v":{"$error":"#REF!"}},{"$f":"+VLOOKUP($C20,#REF!,4,\"false\")","v":{"$error":"#REF!"}},{"$f":"+VLOOKUP($C20,#REF!,5,\"false\")","v":{"$error":"#REF!"}},{"$f":"+VLOOKUP($C20,#REF!,6,\"false\")","v":{"$error":"#REF!"}},{"$error":"#REF!"},{"$error":"#REF!"},null,"Pos",{"$f":"RANK(N19,($N$10:$AM$10,$N$19:$AM$19,$N$28:$AM$28, $N$37:$AM$37),1)","v":1},{"$f":"RANK(O19,($N$10:$AM$10,$N$19:$AM$19,$N$28:$AM$28, $N$37:$AM$37),1)","v":1},{"$f":"RANK(P19,($N$10:$AM$10,$N$19:$AM$19,$N$28:$AM$28, $N$37:$AM$37),1)","v":1},{"$f":"RANK(Q19,($N$10:$AM$10,$N$19:$AM$19,$N$28:$AM$28, $N$37:$AM$37),1)","v":1},{"$f":"RANK(R19,($N$10:$AM$10,$N$19:$AM$19,$N$28:$AM$28, $N$37:$AM$37),1)","v":1},{"$f":"RANK(S19,($N$10:$AM$10,$N$19:$AM$19,$N$28:$AM$28, $N$37:$AM$37),1)","v":1},{"$f":"RANK(T19,($N$10:$AM$10,$N$19:$AM$19,$N$28:$AM$28, $N$37:$AM$37),1)","v":1},{"$f":"RANK(U19,($N$10:$AM$10,$N$19:$AM$19,$N$28:$AM$28, $N$37:$AM$37),1)","v":1},{"$f":"RANK(V19,($N$10:$AM$10,$N$19:$AM$19,$N$28:$AM$28, $N$37:$AM$37),1)","v":1},{"$f":"RANK(W19,($N$10:$AM$10,$N$19:$AM$19,$N$28:$AM$28, $N$37:$AM$37),1)","v":1},{"$f":"RANK(X19,($N$10:$AM$10,$N$19:$AM$19,$N$28:$AM$28, $N$37:$AM$37),1)","v":1},{"$f":"RANK(Y19,($N$10:$AM$10,$N$19:$AM$19,$N$28:$AM$28, $N$37:$AM$37),1)","v":1},{"$f":"RANK(Z19,($N$10:$AM$10,$N$19:$AM$19,$N$28:$AM$28, $N$37:$AM$37),1)","v":1},{"$f":"RANK(AA19,($N$10:$AM$10,$N$19:$AM$19,$N$28:$AM$28, $N$37:$AM$37),1)","v":1},{"$f":"RANK(AB19,($N$10:$AM$10,$N$19:$AM$19,$N$28:$AM$28, $N$37:$AM$37),1)","v":1},{"$f":"RANK(AC19,($N$10:$AM$10,$N$19:$AM$19,$N$28:$AM$28, $N$37:$AM$37),1)","v":1},{"$f":"RANK(AD19,($N$10:$AM$10,$N$19:$AM$19,$N$28:$AM$28, $N$37:$AM$37),1)","v":1},{"$f":"RANK(AE19,($N$10:$AM$10,$N$19:$AM$19,$N$28:$AM$28, $N$37:$AM$37),1)","v":1},{"$f":"RANK(AF19,($N$10:$AM$10,$N$19:$AM$19,$N$28:$AM$28, $N$37:$AM$37),1)","v":1},{"$f":"RANK(AG19,($N$10:$AM$10,$N$19:$AM$19,$N$28:$AM$28, $N$37:$AM$37),1)","v":1},{"$f":"RANK(AH19,($N$10:$AM$10,$N$19:$AM$19,$N$28:$AM$28, $N$37:$AM$37),1)","v":1},{"$f":"RANK(AI19,($N$10:$AM$10,$N$19:$AM$19,$N$28:$AM$28, $N$37:$AM$37),1)","v":1},{"$f":"RANK(AJ19,($N$10:$AM$10,$N$19:$AM$19,$N$28:$AM$28, $N$37:$AM$37),1)","v":1},{"$f":"RANK(AK19,($N$10:$AM$10,$N$19:$AM$19,$N$28:$AM$28, $N$37:$AM$37),1)","v":1},{"$f":"RANK(AL19,($N$10:$AM$10,$N$19:$AM$19,$N$28:$AM$28, $N$37:$AM$37),1)","v":1},{"$f":"RANK(AM19,($N$10:$AM$10,$N$19:$AM$19,$N$28:$AM$28, $N$37:$AM$37),1)","v":1}]
[{"$error":"#REF!"},18,260,"21:53",{"$f":"+VLOOKUP($C21,#REF!,2,\"false\")","v":{"$error":"#REF!"}},{"$f":"+VLOOKUP($C21,#REF!,3,\"false\")","v":{"$error":"#REF!"}},{"$f":"+VLOOKUP($C21,#REF!,4,\"false\")","v":{"$error":"#REF!"}},{"$f":"+VLOOKUP($C21,#REF!,5,\"false\")","v":{"$error":"#REF!"}},{"$f":"+VLOOKUP($C21,#REF!,6,\"false\")","v":{"$error":"#REF!"}},{"$error":"#REF!"},{"$f":"+G21&\"  \"&J21","v":{"$error":"#REF!"}}]
[{"$error":"#REF!"},19,262,"21:54",{"$f":"+VLOOKUP($C22,#REF!,2,\"false\")","v":{"$error":"#REF!"}},{"$f":"+VLOOKUP($C22,#REF!,3,\"false\")","v":{"$error":"#REF!"}},{"$f":"+VLOOKUP($C22,#REF!,4,\"false\")","v":{"$error":"#REF!"}},{"$f":"+VLOOKUP($C22,#REF!,5,\"false\")","v":{"$error":"#REF!"}},{"$f":"+VLOOKUP($C22,#REF!,6,\"false\")","v":{"$error":"#REF!"}},{"$error":"#REF!"},{"$error":"#REF!"},null,7,{"$f":"+IF(ISNA(VLOOKUP(N$3&\"  \"&$M22,$A$3:$I$109,2,0)),\"\",VLOOKUP(N$3&\"  \"&$M22,$A$3:$I$109,2,0))","v":""},"","","","","","","","","",{"$f":"+IF(ISNA(VLOOKUP(X$3&\"  \"&$M22,$A$3:$I$109,2,0)),\"\",VLOOKUP(X$3&\"  \"&$M22,$A$3:$I$109,2,0))","v":""},"","","","","","","","","",{"$f":"+IF(ISNA(VLOOKUP(AH$3&\"  \"&$M22,$A$3:$I$109,2,0)),\"\",VLOOKUP(AH$3&\"  \"&$M22,$A$3:$I$109,2,0))","v":""},"","","","",""]
[{"$error":"#REF!"},20,265,"23:15",{"$f":"+VLOOKUP($C23,#REF!,2,\"false\")","v":{"$error":"#REF!"}},{"$f":"+VLOOKUP($C23,#REF!,3,\"false\")","v":{"$error":"#REF!"}},{"$f":"+VLOOKUP($C23,#REF!,4,\"false\")","v":{"$error":"#REF!"}},{"$f":"+VLOOKUP($C23,#REF!,5,\"false\")","v":{"$error":"#REF!"}},{"$f":"+VLOOKUP($C23,#REF!,6,\"false\")","v":{"$error":"#REF!"}},{"$error":"#REF!"},{"$error":"#REF!"},null,8,"","","","","","","","","","","","","","","","","","","","","","","","","",""]
[{"$error":"#REF!"},21,264,"23:47",{"$f":"+VLOOKUP($C24,#REF!,2,\"false\")","v":{"$error":"#REF!"}},{"$f":"+VLOOKUP($C24,#REF!,3,\"false\")","v":{"$error":"#REF!"}},{"$f":"+VLOOKUP($C24,#REF!,4,\"false\")","v":{"$error":"#REF!"}},{"$f":"+VLOOKUP($C24,#REF!,5,\"false\")","v":{"$error":"#REF!"}},{"$f":"+VLOOKUP($C24,#REF!,6,\"false\")","v":{"$error":"#REF!"}},{"$error":"#REF!"},{"$error":"#REF!"},null,9,"","","","","","","","","","","","","","","","","","","","","","","","","",""]
[{"$error":"#REF!"},22,263,"23:54",{"$f":"+VLOOKUP($C25,#REF!,2,\"false\")","v":{"$error":"#REF!"}},{"$f":"+VLOOKUP($C25,#REF!,3,\"false\")","v":{"$error":"#REF!"}},{"$f":"+VLOOKUP($C25,#REF!,4,\"false\")","v":{"$error":"#REF!"}},{"$f":"+VLOOKUP($C25,#REF!,5,\"false\")","v":{"$error":"#REF!"}},{"$f":"+VLOOKUP($C25,#REF!,6,\"false\")","v":{"$error":"#REF!"}},{"$error":"#REF!"},{"$error":"#REF!"},null,null,"","","","","","","","","","","","","","","","","","","","","","","","","",""]
[{"$error":"#REF!"},23,270,"24:09",{"$f":"+VLOOKUP($C26,#REF!,2,\"false\")","v":{"$error":"#REF!"}},{"$f":"+VLOOKUP($C26,#REF!,3,\"false\")","v":{"$error":"#REF!"}},{"$f":"+VLOOKUP($C26,#REF!,4,\"false\")","v":{"$error":"#REF!"}},{"$f":"+VLOOKUP($C26,#REF!,5,\"false\")","v":{"$error":"#REF!"}},{"$f":"+VLOOKUP($C26,#REF!,6,\"false\")","v":{"$error":"#REF!"}},{"$error":"#REF!"},{"$error":"#REF!"},null,null,"","","","","","","","","","","","","","","","","","","","","","","","","",""]
[{"$error":"#REF!"},24,275,"26:03",{"$f":"+VLOOKUP($C27,#REF!,2,\"false\")","v":{"$error":"#REF!"}},{"$f":"+VLOOKUP($C27,#REF!,3,\"false\")","v":{"$error":"#REF!"}},{"$f":"+VLOOKUP($C27,#REF!,4,\"false\")","v":{"$error":"#REF!"}},{"$f":"+VLOOKUP($C27,#REF!,5,\"false\")","v":{"$error":"#REF!"}},{"$f":"+VLOOKUP($C27,#REF!,6,\"false\")","v":{"$error":"#REF!"}},{"$error":"#REF!"},{"$error":"#REF!"},null,null,"","","","","","","","","","","","","","","","","","","","","","","","","",""]
[{"$nulls":12},"Tot",{"$f":"IF(N24=\"\",1000,SUM(N22:N24))","v":1000},{"$f":"IF(O24=\"\",1000,SUM(O22:O24))","v":1000},1000,1000,1000,1000,1000,1000,1000,1000,1000,1000,1000,1000,1000,1000,1000,1000,1000,1000,1000,1000,1000,1000,1000,1000]
[{"$nulls":12},"Pos",{"$f":"RANK(N28,($N$10:$AM$10,$N$19:$AM$19,$N$28:$AM$28, $N$37:$AM$37),1)","v":1},{"$f":"RANK(O28,($N$10:$AM$10,$N$19:$AM$19,$N$28:$AM$28, $N$37:$AM$37),1)","v":1},{"$f":"RANK(P28,($N$10:$AM$10,$N$19:$AM$19,$N$28:$AM$28, $N$37:$AM$37),1)","v":1},{"$f":"RANK(Q28,($N$10:$AM$10,$N$19:$AM$19,$N$28:$AM$28, $N$37:$AM$37),1)","v":1},{"$f":"RANK(R28,($N$10:$AM$10,$N$19:$AM$19,$N$28:$AM$28, $N$37:$AM$37),1)","v":1},{"$f":"RANK(S28,($N$10:$AM$10,$N$19:$AM$19,$N$28:$AM$28, $N$37:$AM$37),1)","v":1},{"$f":"RANK(T28,($N$10:$AM$10,$N$19:$AM$19,$N$28:$AM$28, $N$37:$AM$37),1)","v":1},{"$f":"RANK(U28,($N$10:$AM$10,$N$19:$AM$19,$N$28:$AM$28, $N$37:$AM$37),1)","v":1},{"$f":"RANK(V28,($N$10:$AM$10,$N$19:$AM$19,$N$28:$AM$28, $N$37:$AM$37),1)","v":1},{"$f":"RANK(W28,($N$10:$AM$10,$N$19:$AM$19,$N$28:$AM$28, $N$37:$AM$37),1)","v":1},{"$f":"RANK(X28,($N$10:$AM$10,$N$19:$AM$19,$N$28:$AM$28, $N$37:$AM$37),1)","v":1},{"$f":"RANK(Y28,($N$10:$AM$10,$N$19:$AM$19,$N$28:$AM$28, $N$37:$AM$37),1)","v":1},{"$f":"RANK(Z28,($N$10:$AM$10,$N$19:$AM$19,$N$28:$AM$28, $N$37:$AM$37),1)","v":1},{"$f":"RANK(AA28,($N$10:$AM$10,$N$19:$AM$19,$N$28:$AM$28, $N$37:$AM$37),1)","v":1},{"$f":"RANK(AB28,($N$10:$AM$10,$N$19:$AM$19,$N$28:$AM$28, $N$37:$AM$37),1)","v":1},{"$f":"RANK(AC28,($N$10:$AM$10,$N$19:$AM$19,$N$28:$AM$28, $N$37:$AM$37),1)","v":1},{"$f":"RANK(AD28,($N$10:$AM$10,$N$19:$AM$19,$N$28:$AM$28, $N$37:$AM$37),1)","v":1},{"$f":"RANK(AE28,($N$10:$AM$10,$N$19:$AM$19,$N$28:$AM$28, $N$37:$AM$37),1)","v":1},{"$f":"RANK(AF28,($N$10:$AM$10,$N$19:$AM$19,$N$28:$AM$28, $N$37:$AM$37),1)","v":1},{"$f":"RANK(AG28,($N$10:$AM$10,$N$19:$AM$19,$N$28:$AM$28, $N$37:$AM$37),1)","v":1},{"$f":"RANK(AH28,($N$10:$AM$10,$N$19:$AM$19,$N$28:$AM$28, $N$37:$AM$37),1)","v":1},{"$f":"RANK(AI28,($N$10:$AM$10,$N$19:$AM$19,$N$28:$AM$28, $N$37:$AM$37),1)","v":1},{"$f":"RANK(AJ28,($N$10:$AM$10,$N$19:$AM$19,$N$28:$AM$28, $N$37:$AM$37),1)","v":1},{"$f":"RANK(AK28,($N$10:$AM$10,$N$19:$AM$19,$N$28:$AM$28, $N$37:$AM$37),1)","v":1},{"$f":"RANK(AL28,($N$10:$AM$10,$N$19:$AM$19,$N$28:$AM$28, $N$37:$AM$37),1)","v":1},{"$f":"RANK(AM28,($N$10:$AM$10,$N$19:$AM$19,$N$28:$AM$28, $N$37:$AM$37),1)","v":1}]
[]
[{"$nulls":12},10,{"$f":"+IF(ISNA(VLOOKUP(N$3&\"  \"&$M31,$A$3:$I$109,2,0)),\"\",VLOOKUP(N$3&\"  \"&$M31,$A$3:$I$109,2,0))","v":""},"","","","","","","","","",{"$f":"+IF(ISNA(VLOOKUP(X$3&\"  \"&$M31,$A$3:$I$109,2,0)),\"\",VLOOKUP(X$3&\"  \"&$M31,$A$3:$I$109,2,0))","v":""},"","","","","","","","","",{"$f":"+IF(ISNA(VLOOKUP(AH$3&\"  \"&$M31,$A$3:$I$109,2,0)),\"\",VLOOKUP(AH$3&\"  \"&$M31,$A$3:$I$109,2,0))","v":""},"","","","",""]
[{"$nulls":12},11,"","","","","","","","","","","","","","","","","","","","","","","","","",""]
[{"$nulls":12},12,"","","","","","","","","","","","","","","","","","","","","","","","","",""]
[{"$nulls":13},"","","","","","","","","","","","","","","","","","","","","","","","","",""]
[{"$nulls":13},"","","","","","","","","","","","","","","","","","","","","","","","","",""]
[{"$nulls":13},"","","","","","","","","","","","","","","","","","","","","","","","","",""]
[{"$nulls":12},"Tot",{"$f":"IF(N33=\"\",1000,SUM(N31:N33))","v":1000},{"$f":"IF(O33=\"\",1000,SUM(O31:O33))","v":1000},1000,1000,1000,1000,1000,1000,1000,1000,1000,1000,1000,1000,1000,1000,1000,1000,1000,1000,1000,1000,1000,1000,1000,1000]
[{"$nulls":12},"Pos",{"$f":"RANK(N37,($N$10:$AM$10,$N$19:$AM$19,$N$28:$AM$28, $N$37:$AM$37),1)","v":1},{"$f":"RANK(O37,($N$10:$AM$10,$N$19:$AM$19,$N$28:$AM$28, $N$37:$AM$37),1)","v":1},{"$f":"RANK(P37,($N$10:$AM$10,$N$19:$AM$19,$N$28:$AM$28, $N$37:$AM$37),1)","v":1},{"$f":"RANK(Q37,($N$10:$AM$10,$N$19:$AM$19,$N$28:$AM$28, $N$37:$AM$37),1)","v":1},{"$f":"RANK(R37,($N$10:$AM$10,$N$19:$AM$19,$N$28:$AM$28, $N$37:$AM$37),1)","v":1},{"$f":"RANK(S37,($N$10:$AM$10,$N$19:$AM$19,$N$28:$AM$28, $N$37:$AM$37),1)","v":1},{"$f":"RANK(T37,($N$10:$AM$10,$N$19:$AM$19,$N$28:$AM$28, $N$37:$AM$37),1)","v":1},{"$f":"RANK(U37,($N$10:$AM$10,$N$19:$AM$19,$N$28:$AM$28, $N$37:$AM$37),1)","v":1},{"$f":"RANK(V37,($N$10:$AM$10,$N$19:$AM$19,$N$28:$AM$28, $N$37:$AM$37),1)","v":1},{"$f":"RANK(W37,($N$10:$AM$10,$N$19:$AM$19,$N$28:$AM$28, $N$37:$AM$37),1)","v":1},{"$f":"RANK(X37,($N$10:$AM$10,$N$19:$AM$19,$N$28:$AM$28, $N$37:$AM$37),1)","v":1},{"$f":"RANK(Y37,($N$10:$AM$10,$N$19:$AM$19,$N$28:$AM$28, $N$37:$AM$37),1)","v":1},{"$f":"RANK(Z37,($N$10:$AM$10,$N$19:$AM$19,$N$28:$AM$28, $N$37:$AM$37),1)","v":1},{"$f":"RANK(AA37,($N$10:$AM$10,$N$19:$AM$19,$N$28:$AM$28, $N$37:$AM$37),1)","v":1},{"$f":"RANK(AB37,($N$10:$AM$10,$N$19:$AM$19,$N$28:$AM$28, $N$37:$AM$37),1)","v":1},{"$f":"RANK(AC37,($N$10:$AM$10,$N$19:$AM$19,$N$28:$AM$28, $N$37:$AM$37),1)","v":1},{"$f":"RANK(AD37,($N$10:$AM$10,$N$19:$AM$19,$N$28:$AM$28, $N$37:$AM$37),1)","v":1},{"$f":"RANK(AE37,($N$10:$AM$10,$N$19:$AM$19,$N$28:$AM$28, $N$37:$AM$37),1)","v":1},{"$f":"RANK(AF37,($N$10:$AM$10,$N$19:$AM$19,$N$28:$AM$28, $N$37:$AM$37),1)","v":1},{"$f":"RANK(AG37,($N$10:$AM$10,$N$19:$AM$19,$N$28:$AM$28, $N$37:$AM$37),1)","v":1},{"$f":"RANK(AH37,($N$10:$AM$10,$N$19:$AM$19,$N$28:$AM$28, $N$37:$AM$37),1)","v":1},{"$f":"RANK(AI37,($N$10:$AM$10,$N$19:$AM$19,$N$28:$AM$28, $N$37:$AM$37),1)","v":1},{"$f":"RANK(AJ37,($N$10:$AM$10,$N$19:$AM$19,$N$28:$AM$28, $N$37:$AM$37),1)","v":1},{"$f":"RANK(AK37,($N$10:$AM$10,$N$19:$AM$19,$N$28:$AM$28, $N$37:$AM$37),1)","v":1},{"$f":"RANK(AL37,($N$10:$AM$10,$N$19:$AM$19,$N$28:$AM$28, $N$37:$AM$37),1)","v":1},{"$f":"RANK(AM37,($N$10:$AM$10,$N$19:$AM$19,$N$28:$AM$28, $N$37:$AM$37),1)","v":1}]
{"$rows_empty":61}
[{"$nulls":13},"B&H"]
[{"$nulls":13},"LEW"]
[{"$nulls":13},"PHX"]
[{"$nulls":13},"WDH"]
[{"$nulls":13},"HAS"]
[{"$nulls":13},"CRA"]
[{"$nulls":13},"EBR"]
[null,"Pos","Bib","Time"]
[null,1,255,"18:48"]
[null,{"$f":"+B108+1","v":2},266,"18:56"]
[null,{"$f":"+B109+1","v":3},252,"19:14"]
[null,4,257,"19:17"]
[null,5,261,"19:29"]
[null,6,250,"19:47"]
[null,7,254,"20:06"]
[null,8,256,"20:07"]
[null,9,272,"20:14"]
[null,10,273,"20:29"]
[null,11,253,"20:35"]
[null,12,274,"20:36"]
[null,13,267,"20:56"]
[null,14,268,"21:03"]
[null,15,269,"21:05"]
[null,16,271,"21:23"]
[null,17,258,"21:30"]
[null,18,260,"21:53"]
[null,19,262,"21:54"]
[null,20,265,"23:15"]
[null,21,264,"23:47"]
[null,22,263,"23:54"]
[null,23,270,"24:09"]
[null,24,275,"26:03"]
[null,25]
[null,26]
[null,27]
[null,28]
[null,29]
[null,30]
[null,31]
[null,32]
[null,33]
[null,34]
[null,35]
[null,36]
[null,37]
[null,38]
[null,39]
[null,40]
[null,41]
[null,42]
[null,43]
[null,44]
[null,45]
[null,46]
[null,47]
[null,48]
[null,49]
[null,50]
[null,51]
[null,52]
[null,53]
[null,54]
[null,55]
[null,56]
[null,57]
[null,58]
[null,59]
[null,60]
[null,61]
[null,62]
[null,63]
[null,64]
[null,65]
[null,66]
[null,{"$f":"+B173+1","v":67}]
[null,68]
[null,69]
[null,70]
[null,71]
[null,72]
[null,73]
[null,74]
[null,75]
[null,76]
[null,77]
[null,78]
[null,79]
[null,80]
[null,81]
[null,82]
[null,83]
[null,84]
[null,85]
[null,86]
[null,87]
[null,88]
[null,89]
[null,90]
[null,91]
[null,92]
[null,93]
[null,94]
[null,95]
[null,96]
[null,97]
[null,98]
[null,99]
[null,100]

{"sheet":"U20M","index":8,"n_rows":284,"n_cols":39,"rows_kept":284,"hidden":true,"merged":[[0,1,0,6],[1,1,1,8]]}
[null,"Sussex Athletics XC Championships\nBexhill, 07/01/2023",{"$nulls":11},"26 clubs - cols N to AM"]
[null,"U20 Men"]
["Temp","Pos","Bib","Time","Forename","Surname","Club","Cat ","Sex","Rk","Club Rk",null,null,"PHX","B&H","CRA","WDH","HBS"]
[{"$f":"+K4","v":{"$error":"#REF!"}},1,298,"29:38",{"$f":"+VLOOKUP($C4,#REF!,2,\"false\")","v":{"$error":"#REF!"}},{"$f":"+VLOOKUP($C4,#REF!,3,\"false\")","v":{"$error":"#REF!"}},{"$f":"+VLOOKUP($C4,#REF!,4,\"false\")","v":{"$error":"#REF!"}},{"$f":"+VLOOKUP($C4,#REF!,5,\"false\")","v":{"$error":"#REF!"}},{"$f":"+VLOOKUP($C4,#REF!,6,\"false\")","v":{"$error":"#REF!"}},{"$f":"TEXT(SUMPRODUCT(--(G4=$G$4:$G$598),--(B4>$B$4:$B$598))+1,0)","v":{"$error":"#REF!"}},{"$f":"+G4&\"  \"&J4","v":{"$error":"#REF!"}},null,1,{"$f":"+IF(ISNA(VLOOKUP(N$3&\"  \"&$M4,$A$3:$I$110,2,0)),\"\",VLOOKUP(N$3&\"  \"&$M4,$A$3:$I$110,2,0))","v":""},{"$f":"+IF(ISNA(VLOOKUP(O$3&\"  \"&$M4,$A$3:$I$110,2,0)),\"\",VLOOKUP(O$3&\"  \"&$M4,$A$3:$I$110,2,0))","v":""},"","","","","","","","","","","","","","","","","","","","","","","",""]
[{"$error":"#REF!"},{"$f":"+B4+1","v":2},307,"29:51",{"$f":"+VLOOKUP($C5,#REF!,2,\"false\")","v":{"$error":"#REF!"}},{"$f":"+VLOOKUP($C5,#REF!,3,\"false\")","v":{"$error":"#REF!"}},{"$f":"+VLOOKUP($C5,#REF!,4,\"false\")","v":{"$error":"#REF!"}},{"$f":"+VLOOKUP($C5,#REF!,5,\"false\")","v":{"$error":"#REF!"}},{"$f":"+VLOOKUP($C5,#REF!,6,\"false\")","v":{"$error":"#REF!"}},{"$f":"TEXT(SUMPRODUCT(--(G5=$G$4:$G$598),--(B5>$B$4:$B$598))+1,0)","v":{"$error":"#REF!"}},{"$f":"+G5&\"  \"&J5","v":{"$error":"#REF!"}},null,2,"",{"$f":"+IF(ISNA(VLOOKUP(O$3&\"  \"&$M5,$A$3:$I$110,2,0)),\"\",VLOOKUP(O$3&\"  \"&$M5,$A$3:$I$110,2,0))","v":""},"","","","","","","","","","","","","","","","","","","","","","","",""]
[{"$error":"#REF!"},{"$f":"+B5+1","v":3},299,"30:23",{"$f":"+VLOOKUP($C6,#REF!,2,\"false\")","v":{"$error":"#REF!"}},{"$f":"+VLOOKUP($C6,#REF!,3,\"false\")","v":{"$error":"#REF!"}},{"$f":"+VLOOKUP($C6,#REF!,4,\"false\")","v":{"$error":"#REF!"}},{"$f":"+VLOOKUP($C6,#REF!,5,\"false\")","v":{"$error":"#REF!"}},{"$f":"+VLOOKUP($C6,#REF!,6,\"false\")","v":{"$error":"#REF!"}},{"$error":"#REF!"},{"$error":"#REF!"},null,3,"","","","","","","","","","","","","","","","","","","","","","","","","",""]
[{"$error":"#REF!"},4,309,"30:25",{"$f":"+VLOOKUP($C7,#REF!,2,\"false\")","v":{"$error":"#REF!"}},{"$f":"+VLOOKUP($C7,#REF!,3,\"false\")","v":{"$error":"#REF!"}},{"$f":"+VLOOKUP($C7,#REF!,4,\"false\")","v":{"$error":"#REF!"}},{"$f":"+VLOOKUP($C7,#REF!,5,\"false\")","v":{"$error":"#REF!"}},{"$f":"+VLOOKUP($C7,#REF!,6,\"false\")","v":{"$error":"#REF!"}},{"$error":"#REF!"},{"$error":"#REF!"},null,null,"","","","","","","","","","","","","","","","","","","","","","","","","",""]
[{"$error":"#REF!"},5,500,"30:30",{"$f":"+VLOOKUP($C8,#REF!,2,\"false\")","v":{"$error":"#REF!"}},{"$f":"+VLOOKUP($C8,#REF!,3,\"false\")","v":{"$error":"#REF!"}},{"$f":"+VLOOKUP($C8,#REF!,4,\"false\")","v":{"$error":"#REF!"}},{"$f":"+VLOOKUP($C8,#REF!,5,\"false\")","v":{"$error":"#REF!"}},{"$f":"+VLOOKUP($C8,#REF!,6,\"false\")","v":{"$error":"#REF!"}},{"$error":"#REF!"},{"$error":"#REF!"},null,null,"","","","","","","","","","","","","","","","","","","","","","","","","",""]
[{"$error":"#REF!"},6,303,"31:40",{"$f":"+VLOOKUP($C9,#REF!,2,\"false\")","v":{"$error":"#REF!"}},{"$f":"+VLOOKUP($C9,#REF!,3,\"false\")","v":{"$error":"#REF!"}},{"$f":"+VLOOKUP($C9,#REF!,4,\"false\")","v":{"$error":"#REF!"}},{"$f":"+VLOOKUP($C9,#REF!,5,\"false\")","v":{"$error":"#REF!"}},{"$f":"+VLOOKUP($C9,#REF!,6,\"false\")","v":{"$error":"#REF!"}},{"$error":"#REF!"},{"$error":"#REF!"},null,null,"","","","","","","","","","","","","","","","","","","","","","","","","",""]
[{"$error":"#REF!"},7,302,"32:31",{"$f":"+VLOOKUP($C10,#REF!,2,\"false\")","v":{"$error":"#REF!"}},{"$f":"+VLOOKUP($C10,#REF!,3,\"false\")","v":{"$error":"#REF!"}},{"$f":"+VLOOKUP($C10,#REF!,4,\"false\")","v":{"$error":"#REF!"}},{"$f":"+VLOOKUP($C10,#REF!,5,\"false\")","v":{"$error":"#REF!"}},{"$f":"+VLOOKUP($C10,#REF!,6,\"false\")","v":{"$error":"#REF!"}},{"$error":"#REF!"},{"$error":"#REF!"},null,"Tot",{"$f":"IF(N6=\"\",1000,SUM(N4:N6))","v":1000},{"$f":"IF(O6=\"\",1000,SUM(O4:O6))","v":1000},1000,1000,1000,1000,1000,1000,1000,1000,1000,1000,1000,1000,1000,1000,1000,1000,1000,1000,1000,1000,1000,1000,1000,1000]
[{"$error":"#REF!"},8,297,"32:38",{"$f":"+VLOOKUP($C11,#REF!,2,\"false\")","v":{"$error":"#REF!"}},{"$f":"+VLOOKUP($C11,#REF!,3,\"false\")","v":{"$error":"#REF!"}},{"$f":"+VLOOKUP($C11,#REF!,4,\"false\")","v":{"$error":"#REF!"}},{"$f":"+VLOOKUP($C11,#REF!,5,\"false\")","v":{"$error":"#REF!"}},{"$f":"+VLOOKUP($C11,#REF!,6,\"false\")","v":{"$error":"#REF!"}},{"$error":"#REF!"},{"$error":"#REF!"},null,"Pos",{"$f":"RANK(N10,($N$10:$AM$10,$N$19:$AM$19,$N$28:$AM$28, $N$37:$AM$37),1)","v":1},{"$f":"RANK(O10,($N$10:$AM$10,$N$19:$AM$19,$N$28:$AM$28, $N$37:$AM$37),1)","v":1},{"$f":"RANK(P10,($N$10:$AM$10,$N$19:$AM$19,$N$28:$AM$28, $N$37:$AM$37),1)","v":1},{"$f":"RANK(Q10,($N$10:$AM$10,$N$19:$AM$19,$N$28:$AM$28, $N$37:$AM$37),1)","v":1},{"$f":"RANK(R10,($N$10:$AM$10,$N$19:$AM$19,$N$28:$AM$28, $N$37:$AM$37),1)","v":1},{"$f":"RANK(S10,($N$10:$AM$10,$N$19:$AM$19,$N$28:$AM$28, $N$37:$AM$37),1)","v":1},{"$f":"RANK(T10,($N$10:$AM$10,$N$19:$AM$19,$N$28:$AM$28, $N$37:$AM$37),1)","v":1},{"$f":"RANK(U10,($N$10:$AM$10,$N$19:$AM$19,$N$28:$AM$28, $N$37:$AM$37),1)","v":1},{"$f":"RANK(V10,($N$10:$AM$10,$N$19:$AM$19,$N$28:$AM$28, $N$37:$AM$37),1)","v":1},{"$f":"RANK(W10,($N$10:$AM$10,$N$19:$AM$19,$N$28:$AM$28, $N$37:$AM$37),1)","v":1},{"$f":"RANK(X10,($N$10:$AM$10,$N$19:$AM$19,$N$28:$AM$28, $N$37:$AM$37),1)","v":1},{"$f":"RANK(Y10,($N$10:$AM$10,$N$19:$AM$19,$N$28:$AM$28, $N$37:$AM$37),1)","v":1},{"$f":"RANK(Z10,($N$10:$AM$10,$N$19:$AM$19,$N$28:$AM$28, $N$37:$AM$37),1)","v":1},{"$f":"RANK(AA10,($N$10:$AM$10,$N$19:$AM$19,$N$28:$AM$28, $N$37:$AM$37),1)","v":1},{"$f":"RANK(AB10,($N$10:$AM$10,$N$19:$AM$19,$N$28:$AM$28, $N$37:$AM$37),1)","v":1},{"$f":"RANK(AC10,($N$10:$AM$10,$N$19:$AM$19,$N$28:$AM$28, $N$37:$AM$37),1)","v":1},{"$f":"RANK(AD10,($N$10:$AM$10,$N$19:$AM$19,$N$28:$AM$28, $N$37:$AM$37),1)","v":1},{"$f":"RANK(AE10,($N$10:$AM$10,$N$19:$AM$19,$N$28:$AM$28, $N$37:$AM$37),1)","v":1},{"$f":"RANK(AF10,($N$10:$AM$10,$N$19:$AM$19,$N$28:$AM$28, $N$37:$AM$37),1)","v":1},{"$f":"RANK(AG10,($N$10:$AM$10,$N$19:$AM$19,$N$28:$AM$28, $N$37:$AM$37),1)","v":1},{"$f":"RANK(AH10,($N$10:$AM$10,$N$19:$AM$19,$N$28:$AM$28, $N$37:$AM$37),1)","v":1},{"$f":"RANK(AI10,($N$10:$AM$10,$N$19:$AM$19,$N$28:$AM$28, $N$37:$AM$37),1)","v":1},{"$f":"RANK(AJ10,($N$10:$AM$10,$N$19:$AM$19,$N$28:$AM$28, $N$37:$AM$37),1)","v":1},{"$f":"RANK(AK10,($N$10:$AM$10,$N$19:$AM$19,$N$28:$AM$28, $N$37:$AM$37),1)","v":1},{"$f":"RANK(AL10,($N$10:$AM$10,$N$19:$AM$19,$N$28:$AM$28, $N$37:$AM$37),1)","v":1},{"$f":"RANK(AM10,($N$10:$AM$10,$N$19:$AM$19,$N$28:$AM$28, $N$37:$AM$37),1)","v":1}]
[{"$error":"#REF!"},9,311,"33:18",{"$f":"+VLOOKUP($C12,#REF!,2,\"false\")","v":{"$error":"#REF!"}},{"$f":"+VLOOKUP($C12,#REF!,3,\"false\")","v":{"$error":"#REF!"}},{"$f":"+VLOOKUP($C12,#REF!,4,\"false\")","v":{"$error":"#REF!"}},{"$f":"+VLOOKUP($C12,#REF!,5,\"false\")","v":{"$error":"#REF!"}},{"$f":"+VLOOKUP($C12,#REF!,6,\"false\")","v":{"$error":"#REF!"}},{"$error":"#REF!"},{"$error":"#REF!"}]
[{"$error":"#REF!"},10,304,"34:08",{"$f":"+VLOOKUP($C13,#REF!,2,\"false\")","v":{"$error":"#REF!"}},{"$f":"+VLOOKUP($C13,#REF!,3,\"false\")","v":{"$error":"#REF!"}},{"$f":"+VLOOKUP($C13,#REF!,4,\"false\")","v":{"$error":"#REF!"}},{"$f":"+VLOOKUP($C13,#REF!,5,\"false\")","v":{"$error":"#REF!"}},{"$f":"+VLOOKUP($C13,#REF!,6,\"false\")","v":{"$error":"#REF!"}},{"$error":"#REF!"},{"$error":"#REF!"},null,4,{"$f":"+IF(ISNA(VLOOKUP(N$3&\"  \"&$M13,$A$3:$I$110,2,0)),\"\",VLOOKUP(N$3&\"  \"&$M13,$A$3:$I$110,2,0))","v":""},{"$f":"+IF(ISNA(VLOOKUP(O$3&\"  \"&$M13,$A$3:$I$110,2,0)),\"\",VLOOKUP(O$3&\"  \"&$M13,$A$3:$I$110,2,0))","v":""},"","","","","","","","","","","","","","","",{"$f":"+IF(ISNA(VLOOKUP(AE$3&\"  \"&$M13,$A$3:$I$110,2,0)),\"\",VLOOKUP(AE$3&\"  \"&$M13,$A$3:$I$110,2,0))","v":""},"","","","","","","",""]
[{"$error":"#REF!"},11,310,"35:04",{"$f":"+VLOOKUP($C14,#REF!,2,\"false\")","v":{"$error":"#REF!"}},{"$f":"+VLOOKUP($C14,#REF!,3,\"false\")","v":{"$error":"#REF!"}},{"$f":"+VLOOKUP($C14,#REF!,4,\"false\")","v":{"$error":"#REF!"}},{"$f":"+VLOOKUP($C14,#REF!,5,\"false\")","v":{"$error":"#REF!"}},{"$f":"+VLOOKUP($C14,#REF!,6,\"false\")","v":{"$error":"#REF!"}},{"$error":"#REF!"},{"$error":"#REF!"},null,5,"","","","","","","","","","","","","","","","","","","","","","","","","",""]
[{"$error":"#REF!"},12,300,"35:05",{"$f":"+VLOOKUP($C15,#REF!,2,\"false\")","v":{"$error":"#REF!"}},{"$f":"+VLOOKUP($C15,#REF!,3,\"false\")","v":{"$error":"#REF!"}},{"$f":"+VLOOKUP($C15,#REF!,4,\"false\")","v":{"$error":"#REF!"}},{"$f":"+VLOOKUP($C15,#REF!,5,\"false\")","v":{"$error":"#REF!"}},{"$f":"+VLOOKUP($C15,#REF!,6,\"false\")","v":{"$error":"#REF!"}},{"$error":"#REF!"},{"$error":"#REF!"},null,6,"","","","","","","","","","","","","","","","","","","","","","","","","",""]
[{"$error":"#REF!"},13,308,"35:40",{"$f":"+VLOOKUP($C16,#REF!,2,\"false\")","v":{"$error":"#REF!"}},{"$f":"+VLOOKUP($C16,#REF!,3,\"false\")","v":{"$error":"#REF!"}},{"$f":"+VLOOKUP($C16,#REF!,4,\"false\")","v":{"$error":"#REF!"}},{"$f":"+VLOOKUP($C16,#REF!,5,\"false\")","v":{"$error":"#REF!"}},{"$f":"+VLOOKUP($C16,#REF!,6,\"false\")","v":{"$error":"#REF!"}},{"$error":"#REF!"},{"$error":"#REF!"},null,null,"","","","","","","","","","","","","","","","","","","","","","","","","",""]
[{"$nulls":13},"","","","","","","","","","","","","","","","","","","","","","","","","",""]
[{"$nulls":13},"","","","","","","","","","","","","","","","","","","","","","","","","",""]
[{"$nulls":12},"Tot",{"$f":"IF(N15=\"\",1000,SUM(N13:N15))","v":1000},{"$f":"IF(O15=\"\",1000,SUM(O13:O15))","v":1000},1000,1000,1000,1000,1000,1000,1000,1000,1000,1000,1000,1000,1000,1000,1000,1000,1000,1000,1000,1000,1000,1000,1000,1000]
[{"$nulls":12},"Pos",{"$f":"RANK(N19,($N$10:$AM$10,$N$19:$AM$19,$N$28:$AM$28, $N$37:$AM$37),1)","v":1},{"$f":"RANK(O19,($N$10:$AM$10,$N$19:$AM$19,$N$28:$AM$28, $N$37:$AM$37),1)","v":1},{"$f":"RANK(P19,($N$10:$AM$10,$N$19:$AM$19,$N$28:$AM$28, $N$37:$AM$37),1)","v":1},{"$f":"RANK(Q19,($N$10:$AM$10,$N$19:$AM$19,$N$28:$AM$28, $N$37:$AM$37),1)","v":1},{"$f":"RANK(R19,($N$10:$AM$10,$N$19:$AM$19,$N$28:$AM$28, $N$37:$AM$37),1)","v":1},{"$f":"RANK(S19,($N$10:$AM$10,$N$19:$AM$19,$N$28:$AM$28, $N$37:$AM$37),1)","v":1},{"$f":"RANK(T19,($N$10:$AM$10,$N$19:$AM$19,$N$28:$AM$28, $N$37:$AM$37),1)","v":1},{"$f":"RANK(U19,($N$10:$AM$10,$N$19:$AM$19,$N$28:$AM$28, $N$37:$AM$37),1)","v":1},{"$f":"RANK(V19,($N$10:$AM$10,$N$19:$AM$19,$N$28:$AM$28, $N$37:$AM$37),1)","v":1},{"$f":"RANK(W19,($N$10:$AM$10,$N$19:$AM$19,$N$28:$AM$28, $N$37:$AM$37),1)","v":1},{"$f":"RANK(X19,($N$10:$AM$10,$N$19:$AM$19,$N$28:$AM$28, $N$37:$AM$37),1)","v":1},{"$f":"RANK(Y19,($N$10:$AM$10,$N$19:$AM$19,$N$28:$AM$28, $N$37:$AM$37),1)","v":1},{"$f":"RANK(Z19,($N$10:$AM$10,$N$19:$AM$19,$N$28:$AM$28, $N$37:$AM$37),1)","v":1},{"$f":"RANK(AA19,($N$10:$AM$10,$N$19:$AM$19,$N$28:$AM$28, $N$37:$AM$37),1)","v":1},{"$f":"RANK(AB19,($N$10:$AM$10,$N$19:$AM$19,$N$28:$AM$28, $N$37:$AM$37),1)","v":1},{"$f":"RANK(AC19,($N$10:$AM$10,$N$19:$AM$19,$N$28:$AM$28, $N$37:$AM$37),1)","v":1},{"$f":"RANK(AD19,($N$10:$AM$10,$N$19:$AM$19,$N$28:$AM$28, $N$37:$AM$37),1)","v":1},{"$f":"RANK(AE19,($N$10:$AM$10,$N$19:$AM$19,$N$28:$AM$28, $N$37:$AM$37),1)","v":1},{"$f":"RANK(AF19,($N$10:$AM$10,$N$19:$AM$19,$N$28:$AM$28, $N$37:$AM$37),1)","v":1},{"$f":"RANK(AG19,($N$10:$AM$10,$N$19:$AM$19,$N$28:$AM$28, $N$37:$AM$37),1)","v":1},{"$f":"RANK(AH19,($N$10:$AM$10,$N$19:$AM$19,$N$28:$AM$28, $N$37:$AM$37),1)","v":1},{"$f":"RANK(AI19,($N$10:$AM$10,$N$19:$AM$19,$N$28:$AM$28, $N$37:$AM$37),1)","v":1},{"$f":"RANK(AJ19,($N$10:$AM$10,$N$19:$AM$19,$N$28:$AM$28, $N$37:$AM$37),1)","v":1},{"$f":"RANK(AK19,($N$10:$AM$10,$N$19:$AM$19,$N$28:$AM$28, $N$37:$AM$37),1)","v":1},{"$f":"RANK(AL19,($N$10:$AM$10,$N$19:$AM$19,$N$28:$AM$28, $N$37:$AM$37),1)","v":1},{"$f":"RANK(AM19,($N$10:$AM$10,$N$19:$AM$19,$N$28:$AM$28, $N$37:$AM$37),1)","v":1}]
[]
[{"$nulls":12},7,{"$f":"+IF(ISNA(VLOOKUP(N$3&\"  \"&$M22,$A$3:$I$110,2,0)),\"\",VLOOKUP(N$3&\"  \"&$M22,$A$3:$I$110,2,0))","v":""},{"$f":"+IF(ISNA(VLOOKUP(O$3&\"  \"&$M22,$A$3:$I$110,2,0)),\"\",VLOOKUP(O$3&\"  \"&$M22,$A$3:$I$110,2,0))","v":""},"","","","","","","","","","","","","","","","","","","","","","","",""]
[{"$nulls":12},8,"",{"$f":"+IF(ISNA(VLOOKUP(O$3&\"  \"&$M23,$A$3:$I$110,2,0)),\"\",VLOOKUP(O$3&\"  \"&$M23,$A$3:$I$110,2,0))","v":""},"","","","","","","","","","","","","","","","","","","","","","","",""]
[{"$nulls":12},9,"","","","","","","","","","","","","","","","","","","","","","","","","",""]
[{"$nulls":13},"","","","","","","","","","","","","","","","","","","","","","","","","",""]
[{"$nulls":13},"","","","","","","","","","","","","","","","","","","","","","","","","",""]
[{"$nulls":13},"","","","","","","","","","","","","","","","","","","","","","","","","",""]
[{"$nulls":12},"Tot",{"$f":"IF(N24=\"\",1000,SUM(N22:N24))","v":1000},{"$f":"IF(O24=\"\",1000,SUM(O22:O24))","v":1000},1000,1000,1000,1000,1000,1000,1000,1000,1000,1000,1000,1000,1000,1000,1000,1000,1000,1000,1000,1000,1000,1000,1000,1000]
[{"$nulls":12},"Pos",{"$f":"RANK(N28,($N$10:$AM$10,$N$19:$AM$19,$N$28:$AM$28, $N$37:$AM$37),1)","v":1},{"$f":"RANK(O28,($N$10:$AM$10,$N$19:$AM$19,$N$28:$AM$28, $N$37:$AM$37),1)","v":1},{"$f":"RANK(P28,($N$10:$AM$10,$N$19:$AM$19,$N$28:$AM$28, $N$37:$AM$37),1)","v":1},{"$f":"RANK(Q28,($N$10:$AM$10,$N$19:$AM$19,$N$28:$AM$28, $N$37:$AM$37),1)","v":1},{"$f":"RANK(R28,($N$10:$AM$10,$N$19:$AM$19,$N$28:$AM$28, $N$37:$AM$37),1)","v":1},{"$f":"RANK(S28,($N$10:$AM$10,$N$19:$AM$19,$N$28:$AM$28, $N$37:$AM$37),1)","v":1},{"$f":"RANK(T28,($N$10:$AM$10,$N$19:$AM$19,$N$28:$AM$28, $N$37:$AM$37),1)","v":1},{"$f":"RANK(U28,($N$10:$AM$10,$N$19:$AM$19,$N$28:$AM$28, $N$37:$AM$37),1)","v":1},{"$f":"RANK(V28,($N$10:$AM$10,$N$19:$AM$19,$N$28:$AM$28, $N$37:$AM$37),1)","v":1},{"$f":"RANK(W28,($N$10:$AM$10,$N$19:$AM$19,$N$28:$AM$28, $N$37:$AM$37),1)","v":1},{"$f":"RANK(X28,($N$10:$AM$10,$N$19:$AM$19,$N$28:$AM$28, $N$37:$AM$37),1)","v":1},{"$f":"RANK(Y28,($N$10:$AM$10,$N$19:$AM$19,$N$28:$AM$28, $N$37:$AM$37),1)","v":1},{"$f":"RANK(Z28,($N$10:$AM$10,$N$19:$AM$19,$N$28:$AM$28, $N$37:$AM$37),1)","v":1},{"$f":"RANK(AA28,($N$10:$AM$10,$N$19:$AM$19,$N$28:$AM$28, $N$37:$AM$37),1)","v":1},{"$f":"RANK(AB28,($N$10:$AM$10,$N$19:$AM$19,$N$28:$AM$28, $N$37:$AM$37),1)","v":1},{"$f":"RANK(AC28,($N$10:$AM$10,$N$19:$AM$19,$N$28:$AM$28, $N$37:$AM$37),1)","v":1},{"$f":"RANK(AD28,($N$10:$AM$10,$N$19:$AM$19,$N$28:$AM$28, $N$37:$AM$37),1)","v":1},{"$f":"RANK(AE28,($N$10:$AM$10,$N$19:$AM$19,$N$28:$AM$28, $N$37:$AM$37),1)","v":1},{"$f":"RANK(AF28,($N$10:$AM$10,$N$19:$AM$19,$N$28:$AM$28, $N$37:$AM$37),1)","v":1},{"$f":"RANK(AG28,($N$10:$AM$10,$N$19:$AM$19,$N$28:$AM$28, $N$37:$AM$37),1)","v":1},{"$f":"RANK(AH28,($N$10:$AM$10,$N$19:$AM$19,$N$28:$AM$28, $N$37:$AM$37),1)","v":1},{"$f":"RANK(AI28,($N$10:$AM$10,$N$19:$AM$19,$N$28:$AM$28, $N$37:$AM$37),1)","v":1},{"$f":"RANK(AJ28,($N$10:$AM$10,$N$19:$AM$19,$N$28:$AM$28, $N$37:$AM$37),1)","v":1},{"$f":"RANK(AK28,($N$10:$AM$10,$N$19:$AM$19,$N$28:$AM$28, $N$37:$AM$37),1)","v":1},{"$f":"RANK(AL28,($N$10:$AM$10,$N$19:$AM$19,$N$28:$AM$28, $N$37:$AM$37),1)","v":1},{"$f":"RANK(AM28,($N$10:$AM$10,$N$19:$AM$19,$N$28:$AM$28, $N$37:$AM$37),1)","v":1}]
[]
[{"$nulls":12},10,{"$f":"+IF(ISNA(VLOOKUP(N$3&\"  \"&$M31,$A$3:$I$110,2,0)),\"\",VLOOKUP(N$3&\"  \"&$M31,$A$3:$I$110,2,0))","v":""},{"$f":"+IF(ISNA(VLOOKUP(O$3&\"  \"&$M31,$A$3:$I$110,2,0)),\"\",VLOOKUP(O$3&\"  \"&$M31,$A$3:$I$110,2,0))","v":""},"","","","","","","","","","","","","","","",{"$f":"+IF(ISNA(VLOOKUP(AE$3&\"  \"&$M31,$A$3:$I$110,2,0)),\"\",VLOOKUP(AE$3&\"  \"&$M31,$A$3:$I$110,2,0))","v":""},"","","","","","","",""]
[{"$nulls":12},11,"","","","","","","","","","","","","","","","","","","","","","","","","",""]
[{"$nulls":12},12,"","","","","","","","","","","","","","","","","","","","","","","","","",""]
[{"$nulls":13},"","","","","","","","","","","","","","","","","","","","","","","","","",""]
[{"$nulls":13},"","","","","","","","","","","","","","","","","","","","","","","","","",""]
[{"$nulls":13},"","","","","","","","","","","","","","","","","","","","","","","","","",""]
[{"$nulls":12},"Tot",{"$f":"IF(N33=\"\",1000,SUM(N31:N33))","v":1000},{"$f":"IF(O33=\"\",1000,SUM(O31:O33))","v":1000},1000,1000,1000,1000,1000,1000,1000,1000,1000,1000,1000,1000,1000,1000,1000,1000,1000,1000,1000,1000,1000,1000,1000,1000]
[{"$nulls":12},"Pos",{"$f":"RANK(N37,($N$10:$AM$10,$N$19:$AM$19,$N$28:$AM$28, $N$37:$AM$37),1)","v":1},{"$f":"RANK(O37,($N$10:$AM$10,$N$19:$AM$19,$N$28:$AM$28, $N$37:$AM$37),1)","v":1},{"$f":"RANK(P37,($N$10:$AM$10,$N$19:$AM$19,$N$28:$AM$28, $N$37:$AM$37),1)","v":1},{"$f":"RANK(Q37,($N$10:$AM$10,$N$19:$AM$19,$N$28:$AM$28, $N$37:$AM$37),1)","v":1},{"$f":"RANK(R37,($N$10:$AM$10,$N$19:$AM$19,$N$28:$AM$28, $N$37:$AM$37),1)","v":1},{"$f":"RANK(S37,($N$10:$AM$10,$N$19:$AM$19,$N$28:$AM$28, $N$37:$AM$37),1)","v":1},{"$f":"RANK(T37,($N$10:$AM$10,$N$19:$AM$19,$N$28:$AM$28, $N$37:$AM$37),1)","v":1},{"$f":"RANK(U37,($N$10:$AM$10,$N$19:$AM$19,$N$28:$AM$28, $N$37:$AM$37),1)","v":1},{"$f":"RANK(V37,($N$10:$AM$10,$N$19:$AM$19,$N$28:$AM$28, $N$37:$AM$37),1)","v":1},{"$f":"RANK(W37,($N$10:$AM$10,$N$19:$AM$19,$N$28:$AM$28, $N$37:$AM$37),1)","v":1},{"$f":"RANK(X37,($N$10:$AM$10,$N$19:$AM$19,$N$28:$AM$28, $N$37:$AM$37),1)","v":1},{"$f":"RANK(Y37,($N$10:$AM$10,$N$19:$AM$19,$N$28:$AM$28, $N$37:$AM$37),1)","v":1},{"$f":"RANK(Z37,($N$10:$AM$10,$N$19:$AM$19,$N$28:$AM$28, $N$37:$AM$37),1)","v":1},{"$f":"RANK(AA37,($N$10:$AM$10,$N$19:$AM$19,$N$28:$AM$28, $N$37:$AM$37),1)","v":1},{"$f":"RANK(AB37,($N$10:$AM$10,$N$19:$AM$19,$N$28:$AM$28, $N$37:$AM$37),1)","v":1},{"$f":"RANK(AC37,($N$10:$AM$10,$N$19:$AM$19,$N$28:$AM$28, $N$37:$AM$37),1)","v":1},{"$f":"RANK(AD37,($N$10:$AM$10,$N$19:$AM$19,$N$28:$AM$28, $N$37:$AM$37),1)","v":1},{"$f":"RANK(AE37,($N$10:$AM$10,$N$19:$AM$19,$N$28:$AM$28, $N$37:$AM$37),1)","v":1},{"$f":"RANK(AF37,($N$10:$AM$10,$N$19:$AM$19,$N$28:$AM$28, $N$37:$AM$37),1)","v":1},{"$f":"RANK(AG37,($N$10:$AM$10,$N$19:$AM$19,$N$28:$AM$28, $N$37:$AM$37),1)","v":1},{"$f":"RANK(AH37,($N$10:$AM$10,$N$19:$AM$19,$N$28:$AM$28, $N$37:$AM$37),1)","v":1},{"$f":"RANK(AI37,($N$10:$AM$10,$N$19:$AM$19,$N$28:$AM$28, $N$37:$AM$37),1)","v":1},{"$f":"RANK(AJ37,($N$10:$AM$10,$N$19:$AM$19,$N$28:$AM$28, $N$37:$AM$37),1)","v":1},{"$f":"RANK(AK37,($N$10:$AM$10,$N$19:$AM$19,$N$28:$AM$28, $N$37:$AM$37),1)","v":1},{"$f":"RANK(AL37,($N$10:$AM$10,$N$19:$AM$19,$N$28:$AM$28, $N$37:$AM$37),1)","v":1},{"$f":"RANK(AM37,($N$10:$AM$10,$N$19:$AM$19,$N$28:$AM$28, $N$37:$AM$37),1)","v":1}]
{"$rows_empty":61}
[{"$nulls":13},"PHX"]
[{"$nulls":13},"B&H"]
[{"$nulls":13},"CRA"]
[{"$nulls":13},"WDH"]
[{"$nulls":13},"HBS"]
[]
[]
[]
[]
[]
[null,"Pos","Bib","Time"]
[null,1]
[null,2]
[null,3]
[null,4]
[null,5]
[null,6]
[null,7]
[null,8]
[null,9]
[null,10]
[null,11]
[null,12]
[null,13]
[null,14]
[null,15]
[null,16]
[null,17]
[null,18]
[null,19]
[null,20]
[null,21]
[null,22]
[null,23]
[null,24]
[null,25]
[null,26]
[null,27]
[null,28]
[null,29]
[null,30]
[null,31]
[null,32]
[null,33]
[null,34]
[null,35]
[null,36]
[null,37]
[null,38]
[null,39]
[null,40]
[null,41]
[null,42]
[null,43]
[null,44]
[null,45]
[null,46]
[null,47]
[null,48]
[null,49]
[null,50]
[null,51]
[null,52]
[null,53]
[null,54]
[null,55]
[null,56]
[null,57]
[null,58]
[null,59]
[null,60]
[null,61]
[null,62]
[null,63]
[null,64]
[null,65]
[null,66]
[null,67]
[null,68]
[null,69]
[null,70]
[null,71]
[null,72]
[null,73]
[null,74]
[null,75]
[null,76]
[null,77]
[null,78]
[null,79]
[null,80]
[null,81]
[null,82]
[null,83]
[null,84]
[null,85]
[null,86]
[null,87]
[null,88]
[null,89]
[null,90]
[null,91]
[null,92]
[null,93]
[null,94]
[null,95]
[null,96]
[null,97]
[null,98]
[null,99]
[null,100]
[null,101]
[null,102]
[null,103]
[null,104]
[null,105]
[null,106]
[null,107]
[null,108]
[null,109]
[null,110]
[null,111]
[null,112]
[null,113]
[null,114]
[null,115]
[null,116]
[null,117]
[null,118]
[null,119]
[null,120]
[null,121]
[null,122]
[null,123]
[null,124]
[null,125]
[null,126]
[null,127]
[null,128]
[null,129]
[null,130]
[null,131]
[null,132]
[null,133]
[null,134]
[null,135]
[null,136]
[null,137]
[null,138]
[null,139]
[null,140]
[null,141]
[null,142]
[null,143]
[null,144]
[null,145]
[null,146]
[null,147]
[null,148]
[null,149]
[null,150]
[null,151]
[null,152]
[null,153]
[null,154]
[null,155]
[null,156]
[null,157]
[null,158]
[null,159]
[null,160]
[null,161]
[null,162]
[null,163]
[null,164]
[null,165]
[null,166]
[null,167]
[null,168]
[null,169]
[null,170]
[null,171]
[null,172]
[null,173]
[null,174]

{"sheet":"ReadMe","index":9,"n_rows":9,"n_cols":2,"rows_kept":9}
[]
[]
[]
[null,"A Bib Nos was missed in the finish tunnel, somewhere between Pos 202 & 228"]
[null,"There are two contenders: 73 and 204"]
[]
[null,"We have decided to insert Bib 204 at position 215"]
[]
[null,"Please email withany comments"]

{"sheet":"Results","index":10,"n_rows":334,"n_cols":11,"rows_kept":334,"merged":[[0,1,0,8]]}
[null,"Wakehurst Willow 6 - 19th July 2023\n"]
[]
[null,"Pos","Bib","Time","Forename","Surname","Club","Cat  Pos","Sex Pos","Sex","Category"]
[null,1,328,"27:32","Ben","Short","Personify Fitness/Crawley AC","SM16-39  1","m1","m","SM16-39"]
[null,2,8,"29:45","Harvey","Alcock","Haywards Heath Harriers","SM16-39  2","m2","m","SM16-39"]
[null,3,21,"30:20","Jon","Barnes","Henfield Joggers","SM16-39  3","m3","m","SM16-39"]
[null,4,60,"30:53","Dan","Celani","Lingfield RC","VM40-44  1","m4","m","VM40-44"]
[null,5,229,"31:28","Matt","Mason","Horsham Joggers","SM16-39  4","m5","m","SM16-39"]
[null,6,138,"31:32","Jamie","Gibson","Haywards Heath Harriers","SM16-39  5","m6","m","SM16-39"]
[null,7,83,"31:51","Tony","Cunningham","N/A","VM45-49  1","m7","m","VM45-49"]
[null,8,201,"31:59","Sean","Jordan","Crawley Run Crew","SM16-39  6","m8","m","SM16-39"]
[null,9,281,"32:57","ben","peters","Burgess Hill Runners","SM16-39  7","m9","m","SM16-39"]
[null,10,47,"33:00","Amelia","Brown","Worthing & District Harriers","VW40-44  1","f1","f","VW40-44"]
[null,11,337,"33:06","Andy","Stainer","N/A","SM16-39  8","m10","m","SM16-39"]
[null,12,340,"33:37","Neil","Stanton","Swim 1st Triathlon Club","VM50-54  1","m11","m","VM50-54"]
[null,13,40,"33:39","Tom","Bond","N/A","SM16-39  9","m12","m","SM16-39"]
[null,14,86,"33:43","Oliver","Day","Burgess Hill Runners","VM55-59  1","m13","m","VM55-59"]
[null,15,69,"33:44","Matthew","Clark","N/A","SM16-39  10","m14","m","SM16-39"]
[null,16,41,"33:50","Lucie","Bourne","Hove Hornets","SW16-34  1","f2","f","SW16-34"]
[null,17,2,"34:13","George","Adams","N/A","SM16-39  11","m15","m","SM16-39"]
[null,18,3,"34:28","David","Adams","Haywards Heath Harriers","SM16-39  12","m16","m","SM16-39"]
[null,19,397,"34:46","Tom","Robertson","Horsham Joggers","SM16-39  13","m17","m","SM16-39"]
[null,20,174,"34:58","Simon","Holmes","Horsham Joggers","VM45-49  2","m18","m","VM45-49"]
[null,21,285,"35:07","Kirsty","Phillpot","Burgess Hill Runners","VW45-49  1","f3","f","VW45-49"]
[null,22,322,"35:36","Rob","Shapland","Horsham Joggers","SM16-39  14","m19","m","SM16-39"]
[null,23,84,"35:40","Alberto","Da Re","Vegan Runners UK","VM40-44  2","m20","m","VM40-44"]
[null,24,226,"35:45","Leo","maclachlan","Horsham Joggers","SM16-39  15","m21","m","SM16-39"]
[null,25,297,"36:22","Andrew","Puttick","Personify fitness","VM45-49  3","m22","m","VM45-49"]
[null,26,22,"36:27","James","Barnes","N/A","VM40-44  3","m23","m","VM40-44"]
[null,27,338,"36:39","Sarah","Stanbridge","Crawley Saints and Sinners Running Club","SW16-34  2","f4","f","SW16-34"]
[null,28,230,"36:42","Alison","Mason","Ashdown Forest Trail Runners","VW40-44  2","f5","f","VW40-44"]
[null,29,286,"36:46","Neil","Phillpot","Burgess Hill Runners","VM45-49  4","m24","m","VM45-49"]
[null,30,273,"36:54","Madelaine","Parmar","Brighton Phoenix","SW16-34  3","f6","f","SW16-34"]
[null,31,202,"36:58","Darryl","Jupp","N/A","SM16-39  16","m25","m","SM16-39"]
[null,32,183,"37:01","Martin","Howell","Horley Harriers","VM55-59  2","m26","m","VM55-59"]
[null,33,294,"37:30","Andrea","Potter","Hove hornets","VW40-44  3","f7","f","VW40-44"]
[null,34,395,"37:32","Charlie","Yeoell","Horley Harriers","VM40-44  4","m27","m","VM40-44"]
[null,35,330,"37:39","Hannah","Slater","Ashdown forest trail runners","VW35-39  1","f8","f","VW35-39"]
[null,36,94,"37:55","Matthew","Dougan","Hove Hornets","VM45-49  5","m28","m","VM45-49"]
[null,37,9,"38:11","Mark","Aldred","Lingfield RC","VM45-49  6","m29","m","VM45-49"]
[null,38,392,"38:42","Chris","Woods","Bognor Tone Zones","SM16-39  17","m30","m","SM16-39"]
[null,39,342,"39:01","Andy","Stone","East grinstead runners","VM50-54  2","m31","m","VM50-54"]
[null,40,10,"39:08","Noah","Altman","N/A","SM16-39  18","m32","m","SM16-39"]
[null,41,345,"39:15","David","Strudwick","N/A","VM40-44  5","m33","m","VM40-44"]
[null,42,291,"39:19","Lucinda","Potten","Horsham Joggers","VW40-44  4","f9","f","VW40-44"]
[null,43,116,"39:23","Adam","Fernandes","Crawley Run Crew","SM16-39  19","m34","m","SM16-39"]
[null,44,363,"39:38","Andrew","Vine","Crawley Saints and Sinners","VM45-49  7","m35","m","VM45-49"]
[null,45,239,"39:48","Michele","Nixon","Crawley S & S","VW45-49  2","f10","f","VW45-49"]
[null,46,180,"39:49","Mike","Howard","Hove Hornets","VM50-54  3","m36","m","VM50-54"]
[null,47,260,"39:52","Charlotte","O'Dair","N/A","VW40-44  5","f11","f","VW40-44"]
[null,48,45,"39:52","Vicky","Breen","N/A","VW40-44  6","f12","f","VW40-44"]
[null,49,145,"40:00","Liz","Groome","N/a","VW40-44  7","f13","f","VW40-44"]
[null,50,66,"40:01","Mike","Clark","Mel’s Milers","VM70-74  1","m37","m","VM70-74"]
[null,51,77,"40:03","Richard","Cornell","Horsham Joggers","VM45-49  8","m38","m","VM45-49"]
[null,52,185,"40:14","Jenny","Hughes","Arena 80 AC","VW60-64  1","f14","f","VW60-64"]
[null,53,379,"40:27","Victoria","Welsby","N/A","SW16-34  4","f15","f","SW16-34"]
[null,54,56,"40:31","Paul","Carter","Waverley Harriers","VM40-44  6","m39","m","VM40-44"]
[null,55,98,"40:33","Amy","Dunn","N/A","SW16-34  5","f16","f","SW16-34"]
[null,56,141,"40:33","Bruce","Girvan","J&M Runners","VM55-59  3","m40","m","VM55-59"]
[null,57,218,"40:38","Daren","Leonard","Pound Hill Pounders","VM55-59  4","m41","m","VM55-59"]
[null,58,311,"40:43","Andy","Robins","Horsham Joggers","VM40-44  7","m42","m","VM40-44"]
[null,59,48,"40:46","Steven","Brownlee","N/A","VM45-49  9","m43","m","VM45-49"]
[null,60,44,"40:47","Catherine","Bradley","Hove Hornets","VW40-44  8","f17","f","VW40-44"]
[null,61,355,"40:50","Rob","Turner","N/A","VM45-49  10","m44","m","VM45-49"]
[null,62,385,"40:54","Darren","Williams","Horley Harriers","VM50-54  4","m45","m","VM50-54"]
[null,63,213,"40:54","Joe","Lavery","Crawley Run Crew","VM50-54  5","m46","m","VM50-54"]
[null,64,193,"40:55","Sally","Jeffery","N/A","VW45-49  3","f18","f","VW45-49"]
[null,65,259,"41:03","Nick","Oakley","N/a","VM40-44  8","m47","m","VM40-44"]
[null,66,126,"41:11","Brian","Frost","Horsham Joggers","VM60-64  1","m48","m","VM60-64"]
[null,67,257,"41:14","Jane","Nurse","N/A","VW50-54  1","f19","f","VW50-54"]
[null,68,113,"41:20","Oliver","Farr","Haywards Heath Harriers","SM16-39  20","m49","m","SM16-39"]
[null,69,142,"41:23","Kathryn","Gohl","n/a","VW40-44  9","f20","f","VW40-44"]
[null,70,4,"41:40","Paul","Addie","Horley harriers","VM45-49  11","m50","m","VM45-49"]
[null,71,31,"41:51","David","Beed","N/A","SM16-39  21","m51","m","SM16-39"]
[null,72,57,"41:58","Encarnacion","Cascales Aranda","Team Nuts","VW50-54  2","f21","f","VW50-54"]
[null,73,270,"42:02","Alastair","Parke","We Are Runners","VM50-54  6","m52","m","VM50-54"]
[null,74,391,"42:07","Peter","Wirtzfeld","Run Academy Worthing","VM60-64  2","m53","m","VM60-64"]
[null,75,168,"42:09","Clare","Hilton","J and M running","VW40-44  10","f22","f","VW40-44"]
[null,76,152,"42:32","Sarah","Hardaker","n/a","VW40-44  11","f23","f","VW40-44"]
[null,77,374,"42:39","Ruth","Waters","N/A","VW45-49  4","f24","f","VW45-49"]
[null,78,282,"42:41","Alan","Pettitt","Horsham Joggers","VM60-64  3","m54","m","VM60-64"]
[null,79,50,"42:41","Chris","Buckland","N/A","VM45-49  12","m55","m","VM45-49"]
[null,80,388,"42:44","Andrew","Wilson","Haywards Heath Harriers","VM45-49  13","m56","m","VM45-49"]
[null,81,173,"42:46","Jonathan","Holland","Horley Harriers","SM16-39  22","m57","m","SM16-39"]
[null,82,68,"42:52","Rachel","Clark","N/A","SW16-34  6","f25","f","SW16-34"]
[null,83,332,"42:53","Paul","Smith","Pound hill pounders","VM40-44  9","m58","m","VM40-44"]
[null,84,334,"43:01","Chloe","Smith","Mid Sussex Triathlon Club","SW16-34  7","f26","f","SW16-34"]
[null,85,153,"43:11","Nick","Harnett","N/A","VM40-44  10","m59","m","VM40-44"]
[null,86,262,"43:11","Ian","Othen","N/A","VM45-49  14","m60","m","VM45-49"]
[null,87,154,"43:16","Henry","Harris","Crawley run crew","SM16-39  23","m61","m","SM16-39"]
[null,88,274,"43:19","Gary","Parr","Hassocks Community Runners","VM40-44  11","m62","m","VM40-44"]
[null,89,308,"43:20","Neil","Roberts","Crawley Run Crew","VM50-54  7","m63","m","VM50-54"]
[null,90,171,"43:27","Neil","Hocking","N/A","VM40-44  12","m64","m","VM40-44"]
[null,91,33,"43:32","Carl","Bicknell","Haywards Heath Harriers","VM60-64  4","m65","m","VM60-64"]
[null,92,375,"43:34","Michael","Way","N/A","VM55-59  5","m66","m","VM55-59"]
[null,93,30,"43:37","Stuart","Beed","N/A","SM16-39  24","m67","m","SM16-39"]
[null,94,317,"43:38","Brian","Rutter","Php","VM50-54  8","m68","m","VM50-54"]
[null,95,61,"43:39","Keith","Chambers","Lingfield RC","VM60-64  5","m69","m","VM60-64"]
[null,96,70,"43:42","Isobel","Clarke","Mel’s Milers","VW50-54  3","f27","f","VW50-54"]
[null,97,95,"43:42","Ian","Down","Crawley Social & Wellbeing","VM55-59  6","m70","m","VM55-59"]
[null,98,178,"43:49","Matthew","Horne","Horsham Joggers","VM45-49  15","m71","m","VM45-49"]
[null,99,177,"43:50","Ron","Hooker","Crawley run crew","VM50-54  9","m72","m","VM50-54"]
[null,100,133,"43:59","Danielle","Gaynor","N/a","VW45-49  5","f28","f","VW45-49"]
[null,101,268,"43:59","Bob","Page","Arena 80","VM65-69  1","m73","m","VM65-69"]
[null,102,39,"44:08","Laura","Bloomfield","Hassocks Community Runners","VW35-39  2","f29","f","VW35-39"]
[null,103,6,"44:12","Simona","Akery","East Grinstead Runners","VW45-49  6","f30","f","VW45-49"]
[null,104,122,"44:15","Marcus","Fox","N/A","SM16-39  25","m74","m","SM16-39"]
[null,105,365,"44:22","Edward","Walden","Mel's Milers","VM50-54  10","m75","m","VM50-54"]
[null,106,367,"44:24","Carolynn","Walker","N/A","VW45-49  7","f31","f","VW45-49"]
[null,107,256,"44:27","Mark","Notridge","Lingfield RC","VM60-64  6","m76","m","VM60-64"]
[null,108,128,"44:32","Ali","Fuller","Pound Hill Pounders","VW45-49  8","f32","f","VW45-49"]
[null,109,23,"44:38","Jacqueline","Barnes","Haywards Heath Harriers","VW50-54  4","f33","f","VW50-54"]
[null,110,51,"44:39","Martin","Burnell","CRC","VM40-44  13","m77","m","VM40-44"]
[null,111,276,"44:42","Aneesha","Patel","Personify","SW16-34  8","f34","f","SW16-34"]
[null,112,219,"44:44","Colin","Light","N/A","VM40-44  14","m78","m","VM40-44"]
[null,113,224,"44:50","Stephen","Luxton","J&M Running","SM16-39  26","m79","m","SM16-39"]
[null,114,266,"44:55","Chris","Page","Burgess Hill Runners","VM60-64  7","m80","m","VM60-64"]
[null,115,194,"44:57","Rhea","Johnson","East Grinstead Runners","VW35-39  3","f35","f","VW35-39"]
[null,116,393,"44:57","David","Worsell","Lingfield RC","VM50-54  11","m81","m","VM50-54"]
[null,117,290,"45:05","leslie","plaisted","N/A","VW40-44  12","f36","f","VW40-44"]
[null,118,335,"45:13","Darija","Sparkes","East Grinstead Runners Club","VW45-49  9","f37","f","VW45-49"]
[null,119,119,"45:18","Glenn","Finer","East Grinstead runners","VM55-59  7","m82","m","VM55-59"]
[null,120,205,"45:21","Valerie","Khambata","Pound Hill Pounders","VW40-44  13","f38","f","VW40-44"]
[null,121,215,"45:21","Marcus","Leach","Horsham Joggers","VM60-64  8","m83","m","VM60-64"]
[null,122,151,"45:46","Jane","Harbage","N/A","VW40-44  14","f39","f","VW40-44"]
[null,123,131,"45:48","Kelly","Garrett","N/A","VW35-39  4","f40","f","VW35-39"]
[null,124,225,"45:54","Corin","Lyon","N/A","VW50-54  5","f41","f","VW50-54"]
[null,125,190,"46:05","Nick","Jackson-Smith","Hove Hornets","VM55-59  8","m84","m","VM55-59"]
[null,126,32,"46:10","Asia","Bejer","N/A","VW40-44  15","f42","f","VW40-44"]
[null,127,137,"46:13","Michael","Gibbons","Arena 80 AC","VM65-69  2","m85","m","VM65-69"]
[null,128,287,"46:14","Chris","Philpott","J&M Running","SM16-39  27","m86","m","SM16-39"]
[null,129,81,"46:18","Ian","Cumming","N/A","SM16-39  28","m87","m","SM16-39"]
[null,130,195,"46:21","Bruce","Johnson","East Grinstead Runners","VM40-44  15","m88","m","VM40-44"]
[null,131,54,"46:24","Lucy","Carey","N/A","VW35-39  5","f43","f","VW35-39"]
[null,132,78,"46:25","Barry","Cowdray","Pound Hill Pounders","VM50-54  12","m89","m","VM50-54"]
[null,133,269,"46:34","Mandy","Parke","We Are Runners","VW50-54  6","f44","f","VW50-54"]
[null,134,26,"46:35","Kate","Batchelor","Mels Milers","VW45-49  10","f45","f","VW45-49"]
[null,135,188,"46:38","Fiona","Hutchings","Horley Harriers","VW40-44  16","f46","f","VW40-44"]
[null,136,102,"46:39","Tracey","Edwards","Mel's Milers Jogging Club","VW50-54  7","f47","f","VW50-54"]
[null,137,100,"46:42","Kerrie","EDMONDS","Horley Harriers","VW35-39  6","f48","f","VW35-39"]
[null,138,101,"46:43","Ryan","Edmonds","N/A","SM16-39  29","m90","m","SM16-39"]
[null,139,347,"46:50","Emma","Taylor","Vegan Runners UK","SW16-34  9","f49","f","SW16-34"]
[null,140,316,"47:07","Jodie","Roue","N/A","VW35-39  7","f50","f","VW35-39"]
[null,141,120,"47:08","Jean","Fish","mid sussex tri club","VW60-64  2","f51","f","VW60-64"]
[null,142,265,"47:17","Jill","Page","Horsham Joggers","VW55-59  1","f52","f","VW55-59"]
[null,143,7,"47:22","Adrian","Alcock","N/A","VM60-64  9","m91","m","VM60-64"]
[null,144,109,"47:23","Gareth","Evans","N/A","VM50-54  13","m92","m","VM50-54"]
[null,145,362,"47:25","Gary","Viles","Crawley AC","SM16-39  30","m93","m","SM16-39"]
[null,146,387,"47:30","Catherine","Wilson","East Grinstead Runners","VW45-49  11","f53","f","VW45-49"]
[null,147,349,"47:36","Rachel","Thomas","Horsham Joggers","SW16-34  10","f54","f","SW16-34"]
[null,148,333,"47:39","Lisa","Smith","Poundhill pounders","VW40-44  17","f55","f","VW40-44"]
[null,149,252,"47:42","Andrew","Newby","Hove Hornets","VM50-54  14","m94","m","VM50-54"]
[null,150,96,"47:50","Lisa","Down","Crawley, Social and Wellbeing","VW55-59  2","f56","f","VW55-59"]
[null,151,149,"47:54","Sarah","Hamilton","Haywards Heath Harriers","VW55-59  3","f57","f","VW55-59"]
[null,152,158,"48:02","Dan","Hayes","N/A","VM45-49  16","m95","m","VM45-49"]
[null,153,103,"48:13","Rachel","Edwards","N/A","VW55-59  4","f58","f","VW55-59"]
[null,154,64,"48:16","David","Chase","Lingfield RC","VM50-54  15","m96","m","VM50-54"]
[null,155,67,"48:22","Maggie","Clark","N/A","VW55-59  5","f59","f","VW55-59"]
[null,156,231,"48:28","LESLIE","MAYGER","Seaford Striders","VM70-74  2","m97","m","VM70-74"]
[null,157,312,"48:46","Victoria","Robins","Horsham joggers","VW40-44  18","f60","f","VW40-44"]
[null,158,293,"48:50","Sharon","Potter","N/A","VW50-54  8","f61","f","VW50-54"]
[null,159,29,"48:51","Andrew","Beebee","N/A","VM40-44  16","m98","m","VM40-44"]
[null,160,241,"48:51","Sarah","Mepham","N/A","VW35-39  8","f62","f","VW35-39"]
[null,161,237,"48:52","Danny","Mclaughlin","Orpington Road Runners","VM55-59  9","m99","m","VM55-59"]
[null,162,19,"48:56","Grace","Barden","Crawley saints and sinners running club","VW40-44  19","f63","f","VW40-44"]
[null,163,296,"49:04","Emma","Pryor","Haywards Heath Harriers","VW50-54  9","f64","f","VW50-54"]
[null,164,93,"49:09","Richard","Donovan","N/A","VM45-49  17","m100","m","VM45-49"]
[null,165,263,"49:13","Georgina","Pacelli","Hove Hornets","VW45-49  12","f65","f","VW45-49"]
[null,166,361,"49:19","Alan","Viles","Horley Harriers Running Club","VM65-69  3","m101","m","VM65-69"]
[null,167,16,"49:21","Paul","Austen","Pound Hill Pounders","VM50-54  16","m102","m","VM50-54"]
[null,168,228,"49:28","Kathryn","Martyn","Uckfield Runners","VW50-54  10","f66","f","VW50-54"]
[null,169,165,"49:31","Amanda","Hilken","Hassocks Community Runners","VW40-44  20","f67","f","VW40-44"]
[null,170,247,"49:31","Craig","Moran","N/A","VM40-44  17","m103","m","VM40-44"]
[null,171,255,"49:40","Stuart","Noel","N/A","VM45-49  18","m104","m","VM45-49"]
[null,172,144,"49:46","Jade","Griffin","East Grinstead Runners","SW16-34  11","f68","f","SW16-34"]
[null,173,366,"49:47","Rebekah","Walden","N/A","SW16-34  12","f69","f","SW16-34"]
[null,174,245,"49:47","Louise","Mitchell","Saints & Sinners Running Club","VW35-39  9","f70","f","VW35-39"]
[null,175,307,"49:48","Julie","Roberts","Crawley Run Crew","VW50-54  11","f71","f","VW50-54"]
[null,176,346,"49:55","pippa","sykes","J & M","VW35-39  10","f72","f","VW35-39"]
[null,177,155,"49:56","Christina","Harrison","Horsham Joggers","VW55-59  6","f73","f","VW55-59"]
[null,178,42,"50:03","David","Bowers","N/A","SM16-39  31","m105","m","SM16-39"]
[null,179,207,"50:13","Tracey","King","N/A","VW45-49  13","f74","f","VW45-49"]
[null,180,244,"50:18","Claire","Miller","N/a","VW40-44  21","f75","f","VW40-44"]
[null,181,49,"50:18","Charlotte","Brownlee","Mel’s Milers","VW40-44  22","f76","f","VW40-44"]
[null,182,348,"50:24","Cornelia","Taylor","C-SAW","VW45-49  14","f77","f","VW45-49"]
[null,183,25,"50:30","Bradley","Barnett","Pound Hill Pounders","SM16-39  32","m106","m","SM16-39"]
[null,184,343,"50:42","Jo","Stow","n/a","VW35-39  11","f78","f","VW35-39"]
[null,185,339,"50:46","Valerie","Stanbridge","Crawley Saints and Sinners Running Club","VW60-64  3","f79","f","VW60-64"]
[null,186,289,"50:48","Jacqui","Pitts","Hassocks Community Runners","VW50-54  12","f80","f","VW50-54"]
[null,187,170,"50:59","Gareth","Hines","N/A","VM60-64  10","m107","m","VM60-64"]
[null,188,359,"51:02","Michael","van Slageren","N/A","VM65-69  4","m108","m","VM65-69"]
[null,189,85,"51:03","Hayley","Dann","N/A","SW16-34  13","f81","f","SW16-34"]
[null,190,378,"51:13","Olga","Lavery","Crawley Run Crew","VW35-39  12","f82","f","VW35-39"]
[null,191,223,"51:17","Emma","Lunnon","Hassocks community runners","VW40-44  23","f83","f","VW40-44"]
[null,192,377,"51:22","Karen","Weller","Hove Hornets","VW50-54  13","f84","f","VW50-54"]
[null,193,394,"51:25","Hanish","Yadav","Pound Hill Pounders","SM16-39  33","m109","m","SM16-39"]
[null,194,37,"51:26","Karen","Blick","Fituitive","VW40-44  24","f85","f","VW40-44"]
[null,195,298,"51:29","Anna","Ramage","Mel’s Milers","VW60-64  4","f86","f","VW60-64"]
[null,196,326,"51:29","Lorraine","Sherrard","Mels Milers","VW50-54  14","f87","f","VW50-54"]
[null,197,112,"51:50","Nathan","Faraday","N/A","VM40-44  18","m110","m","VM40-44"]
[null,198,123,"51:55","Ana","Frappell","Na","VW40-44  25","f88","f","VW40-44"]
[null,199,303,"51:57","Simon","Rhodes","Horsham Joggers","VM55-59  10","m111","m","VM55-59"]
[null,200,206,"51:58","Anna","Khambata","Pound Hill Pounders","VW40-44  26","f89","f","VW40-44"]
[null,201,329,"52:05","Penny","Simpson","Pound Hill Pounders","VW55-59  7","f90","f","VW55-59"]
[null,202,208,"52:13","Jack","King","N/A","SM16-39  34","m112","m","SM16-39"]
[null,203,130,"52:18","Fiona","Gardner","N/A","SW16-34  14","f91","f","SW16-34"]
[null,204,146,"52:23","Rebecca","Groome","N/A","VW45-49  15","f92","f","VW45-49"]
[null,205,175,"52:24","Laura","Holmes","Horsham Joggers","VW40-44  27","f93","f","VW40-44"]
[null,206,251,"52:25","Kate","Netley","East Grinstead Runners","VW50-54  15","f94","f","VW50-54"]
[null,207,344,"52:26","Sandra","Stratford","East Grinstead Runners","VW50-54  16","f95","f","VW50-54"]
[null,208,132,"52:37","Rebecca","Gates","N/A","VW45-49  16","f96","f","VW45-49"]
[null,209,127,"52:43","Hayley","Frost","N/A","VW45-49  17","f97","f","VW45-49"]
[null,210,233,"52:43","Lee","McGeean","Horsham Joggers","VW50-54  17","f98","f","VW50-54"]
[null,211,292,"52:44","Margreet","Potter","Horsham Joggers","VW50-54  18","f99","f","VW50-54"]
[null,212,371,"52:44","Clarissa","Walton","Mid Sussex Triathlon Club","VW60-64  5","f100","f","VW60-64"]
[null,213,304,"52:45","Peter","Richardson","C-SAW","VM65-69  5","m113","m","VM65-69"]
[null,214,389,"52:45","Louise","Windsor","N/A","VW45-49  18","f101","f","VW45-49"]
[null,215,204,"52:50","Nikki","Kentish","N/A","VW40-44  28","f102","f","VW40-44"]
[null,216,117,"52:51","Catherine","Ferrer","N/A","VW40-44  29","f103","f","VW40-44"]
[null,217,148,"52:53","Karen","Hall","Hove Hornets","VW55-59  8","f104","f","VW55-59"]
[null,218,167,"52:54","Becky","Hillman","N/A","VW35-39  13","f105","f","VW35-39"]
[null,219,319,"52:56","Rosy","Scott","N/a","VW40-44  30","f106","f","VW40-44"]
[null,220,91,"52:59","Cathy","Dickins","N/A","VW55-59  9","f107","f","VW55-59"]
[null,221,275,"53:01","Sarah","Parr","Hassocks Community Runners","VW35-39  14","f108","f","VW35-39"]
[null,222,58,"53:11","Yuko","Casey","Horsham Joggers","VW55-59  10","f109","f","VW55-59"]
[null,223,272,"53:11","Jennifer","Parmar","N/A","VW50-54  19","f110","f","VW50-54"]
[null,224,283,"53:20","Janice","Phelan","N/A","VW40-44  31","f111","f","VW40-44"]
[null,225,89,"53:24","Lucie","Delamaire","J&M","VW35-39  15","f112","f","VW35-39"]
[null,226,386,"53:25","Katherine","Williams","N/A","SW16-34  15","f113","f","SW16-34"]
[null,227,242,"53:27","Mary","Merlo","N/A","VW45-49  19","f114","f","VW45-49"]
[null,228,214,"53:31","Lizzie","Layfield","N/A","VW40-44  32","f115","f","VW40-44"]
[null,229,104,"53:52","Sue","Elliott","East grinstead runners","VW60-64  6","f116","f","VW60-64"]
[null,230,72,"53:54","Dawn","Cobbett","Run Academy Worthing","VW60-64  7","f117","f","VW60-64"]
[null,231,162,"54:04","Peter","Helliwell","Horsham Joggers","VM75-79  1","m114","m","VM75-79"]
[null,232,182,"54:12","Ali","Howell","Horley Harriers","VW60-64  8","f118","f","VW60-64"]
[null,233,52,"54:16","Emily","Burt","Crawley Run Crew","SW16-34  16","f119","f","SW16-34"]
[null,234,399,"54:17","Kate","Weir","N/A","VW55-59  11","f120","f","VW55-59"]
[null,235,358,"54:25","Simon","Valder","Hove Hornets","VM45-49  19","m115","m","VM45-49"]
[null,236,279,"54:27","Liz","Perry","N/A","VW55-59  12","f121","f","VW55-59"]
[null,237,353,"54:31","Nicole","Trett","East Grinstead Runners","VW40-44  33","f122","f","VW40-44"]
[null,238,382,"54:44","David","West","N/A","VM55-59  11","m116","m","VM55-59"]
[null,239,372,"55:04","Jackie","Ware","Hove Hornets","VW55-59  13","f123","f","VW55-59"]
[null,240,261,"55:04","Jenny","Ombler","Hove hornet","VW45-49  20","f124","f","VW45-49"]
[null,241,299,"55:07","Mark","Raven","Pound Hill Pounders","VM50-54  17","m117","m","VM50-54"]
[null,242,331,"55:09","Shirley","Slough","Mel’s Milers","VW60-64  9","f125","f","VW60-64"]
[null,243,12,"55:09","Sarah","Andrews","N/A","VW40-44  34","f126","f","VW40-44"]
[null,244,364,"55:12","Elaine","Vine","Pound Hill Pounders","VW45-49  21","f127","f","VW45-49"]
[null,245,147,"55:13","Charlotte","Guy","N/A","VW45-49  22","f128","f","VW45-49"]
[null,246,350,"55:15","Lynsey","Thompson","N/A","VW40-44  35","f129","f","VW40-44"]
[null,247,321,"55:18","Rita","Shah","J&M","VW55-59  14","f130","f","VW55-59"]
[null,248,203,"55:25","Lauren","Kelly","N/A","VW40-44  36","f131","f","VW40-44"]
[null,249,235,"55:25","Silvia","Mckee","N/A","VW40-44  37","f132","f","VW40-44"]
[null,250,277,"55:32","Helen","Pearce","N/A","VW35-39  16","f133","f","VW35-39"]
[null,251,88,"55:34","Lisa","De Noronha","Pound Hill Pounders","VW35-39  17","f134","f","VW35-39"]
[null,252,318,"55:53","Barry","Saunders","N/A","VM50-54  18","m118","m","VM50-54"]
[null,253,172,"55:56","Sophia","Hodge","East grinstead runners","SW16-34  17","f135","f","SW16-34"]
[null,254,267,"55:58","Denise","Page","NA","VW60-64  10","f136","f","VW60-64"]
[null,255,301,"55:59","Andrew","Revell","N/A","VM65-69  6","m119","m","VM65-69"]
[null,256,115,"56:05","Sarah","Ferguson","Lingfield RC","VW40-44  38","f137","f","VW40-44"]
[null,257,181,"56:05","Catherine","Howe","Saints and sinners","VW65-69  1","f138","f","VW65-69"]
[null,258,368,"56:10","Sally","Walker","East Grinstead Runners","VW50-54  20","f139","f","VW50-54"]
[null,259,111,"56:16","Melanie","Failes","HCR","VW45-49  23","f140","f","VW45-49"]
[null,260,136,"56:27","Christine","Gibbons","Arena 80 AC","VW65-69  2","f141","f","VW65-69"]
[null,261,179,"56:27","Jonathan","Horsley-Page","N/A","SM16-39  35","m120","m","SM16-39"]
[null,262,253,"56:43","Virginia","Nicholls","N/A","VW45-49  24","f142","f","VW45-49"]
[null,263,13,"56:50","Emily","Andrews","Hassocks Community Runners","VW45-49  25","f143","f","VW45-49"]
[null,264,76,"56:51","Rachel","Cordery","saints and Sinners","VW50-54  21","f144","f","VW50-54"]
[null,265,212,"57:06","Kevin","Langridge","Crawley Run Crew","VM55-59  12","m121","m","VM55-59"]
[null,266,134,"57:07","Catherine","Geoghegan","N/A","VW50-54  22","f145","f","VW50-54"]
[null,267,250,"57:09","Vanessa","Mussett","We are runners","VW60-64  11","f146","f","VW60-64"]
[null,268,288,"57:18","JANE","PIDGEON","HOVE HORNETS","VW65-69  3","f147","f","VW65-69"]
[null,269,209,"57:18","Stephen","Knott","Arena 80 AC","VM60-64  11","m122","m","VM60-64"]
[null,270,234,"57:27","Marlene","McHale","Burgess Hill Runners","VW65-69  4","f148","f","VW65-69"]
[null,271,53,"57:28","Alexandra","Byrne","Lonely Goat RC","SW16-34  18","f149","f","SW16-34"]
[null,272,323,"57:38","Colin","Shaw","Mel's Milers Jogging Club","VM80-84  1","m123","m","VM80-84"]
[null,273,271,"57:48","Liz","Parker","Fordy Runs","VW55-59  15","f150","f","VW55-59"]
[null,274,227,"57:53","Lucy","Mardel-Ferreira","J and M running","VW55-59  16","f151","f","VW55-59"]
[null,275,306,"58:28","Jennie","Ridley","West Hoathly running club","VW45-49  26","f152","f","VW45-49"]
[null,276,62,"58:41","Emma","Chapman","Horsham Joggers","VW55-59  17","f153","f","VW55-59"]
[null,277,232,"58:45","SALLY","MAYGER","Seaford Striders","VW60-64  12","f154","f","VW60-64"]
[null,278,396,"58:45","Sue","Zanin","Horsham Joggers","VW55-59  18","f155","f","VW55-59"]
[null,279,63,"58:54","laura","chappell","N/A","VW40-44  39","f156","f","VW40-44"]
[null,280,324,"58:55","Ali","Shears","Horsham Joggers","VW50-54  23","f157","f","VW50-54"]
[null,281,211,"59:00","Susan","Langridge","Crawley Run Crew","VW55-59  19","f158","f","VW55-59"]
[null,282,390,"59:24","Sarah","Winn","East Grinstead runners","VW50-54  24","f159","f","VW50-54"]
[null,283,65,"59:29","Nicola","Church","N/a","VW35-39  18","f160","f","VW35-39"]
[null,284,376,"59:29","Arun","Weddle","Crawley Run Crew","VM40-44  19","m124","m","VM40-44"]
[null,285,157,"59:35","Vanessa","Harrold","Heathfield Road Runners","VW55-59  20","f161","f","VW55-59"]
[null,286,217,"59:36","Fay","Lelliott","N/a","VW35-39  19","f162","f","VW35-39"]
[null,287,341,"59:40","Hugh","Stevenage","Burgess Hill Runners","VM55-59  13","m125","m","VM55-59"]
[null,288,114,"59:51","Aisyah","Faruk","J&M Runners","VW35-39  20","f163","f","VW35-39"]
[null,289,87,"59:54","Ruth","Day","Burgess Hill Runners","VW55-59  21","f164","f","VW55-59"]
[null,290,36,"59:59","Claire","Blake","NA","VW50-54  25","f165","f","VW50-54"]
[null,291,143,"60:02","Alison","Green","Rogue Runners","VW55-59  22","f166","f","VW55-59"]
[null,292,124,"60:20","monicka","frisby","We are runners","VW45-49  27","f167","f","VW45-49"]
[null,293,161,"60:37","Bernadette","Hecht","Hassocks Community Runners","VW65-69  5","f168","f","VW65-69"]
[null,294,110,"60:38","Dawn","Fahy","N/A","VW60-64  13","f169","f","VW60-64"]
[null,295,320,"60:41","Anthony","Seddon","N/A","VM40-44  20","m126","m","VM40-44"]
[null,296,198,"60:42","Kevin","Jones","N/A","VM55-59  14","m127","m","VM55-59"]
[null,297,381,"60:53","Emma","West","N/A","SW16-34  19","f170","f","SW16-34"]
[null,298,238,"61:40","Jessica","Melville","N/A","VW40-44  40","f171","f","VW40-44"]
[null,299,243,"61:47","Nikki","Miles","N/A","VW35-39  21","f172","f","VW35-39"]
[null,300,108,"61:47","Rachel","Evans","N/A","VW35-39  22","f173","f","VW35-39"]
[null,301,357,"62:40","Tiziana","Ulian","J&M","VW50-54  26","f174","f","VW50-54"]
[null,302,351,"62:56","Tania","Tinslay","Hove hornet","VW40-44  41","f175","f","VW40-44"]
[null,303,99,"62:56","Tracy","Eaton","Hove Hornets","VW55-59  23","f176","f","VW55-59"]
[null,304,74,"63:16","Lizzie","Coleshill","J&M","VW65-69  6","f177","f","VW65-69"]
[null,305,196,"63:21","Louise","Johnston","N/A","VW55-59  24","f178","f","VW55-59"]
[null,306,80,"64:47","Jane","Croft","Pound hill pounders","VW55-59  25","f179","f","VW55-59"]
[null,307,46,"64:47","Jackie","Brock","Pound hill Pounders","VW50-54  27","f180","f","VW50-54"]
[null,308,284,"65:33","Nigel","Phillips","Mel's Milers Jogging Club","VM70-74  3","m128","m","VM70-74"]
[null,309,121,"65:36","Joanne","Fisher","N/A","VW40-44  42","f181","f","VW40-44"]
[null,310,222,"65:41","Lisa","Love","Mels Milers","VW60-64  14","f182","f","VW60-64"]
[null,311,59,"66:25","Sophie","Cavill","East Grinstead Runners","VW40-44  43","f183","f","VW40-44"]
[null,312,169,"66:38","Ian","Hines","Horsham Joggers","VM55-59  15","m129","m","VM55-59"]
[null,313,107,"67:45","Kate","Evans","Run Academy Worthing","VW40-44  44","f184","f","VW40-44"]
[null,314,166,"67:52","Charlie","Hill","N/A","SW16-34  20","f185","f","SW16-34"]
[null,315,310,"67:52","Emma","Robertson","Pound Hill Pounders","SW16-34  21","f186","f","SW16-34"]
[null,316,305,"67:54","Julie","Richardson","C-SAW","VW65-69  7","f187","f","VW65-69"]
[null,317,160,"68:33","Simon","head","N/A","VM40-44  21","m130","m","VM40-44"]
[null,318,210,"68:44","Susan","Kowszun","N/A","VW55-59  26","f188","f","VW55-59"]
[null,319,163,"68:53","Alice","Henstock","Pound hill pounders","VW45-49  28","f189","f","VW45-49"]
[null,320,82,"68:57","Patricia","Cummins","Run Academy Worthing","VW80-84  1","f190","f","VW80-84"]
[null,321,164,"68:57","Margo","Herbert","Run Academy Worthing","VW55-59  27","f191","f","VW55-59"]
[null,322,90,"69:21","Rachel","Detnon","Horsham Joggers","VW55-59  28","f192","f","VW55-59"]
[null,323,398,"69:21","Jean","Salt","N/A","VW50-54  28","f193","f","VW50-54"]
[null,324,360,"69:24","Angie","Vater","East Grinstead Runners","VW60-64  15","f194","f","VW60-64"]
[null,325,11,"69:43","Rebecca","Altman","N/A","VW50-54  29","f195","f","VW50-54"]
[null,326,28,"70:03","Helen","Baverstock","Horley Harriers Running Club","VW60-64  16","f196","f","VW60-64"]
[null,327,370,"72:31","Mark","Walton","MID SUSSEX TRI CLUB","VM60-64  12","m131","m","VM60-64"]
[null,328,246,"74:45","Kerry","Moran","Hove Hornets","VW40-44  45","f197","f","VW40-44"]
[null,329,135,"88:18","Helen","Gibb","N/A","VW40-44  46","f198","f","VW40-44"]
[null,330,139,"88:19","Claire","Gilliver","N/A","VW40-44  47","f199","f","VW40-44"]
[null,331,176,"88:21","rowen","holt","N/A","SM16-39  36","m132","m","SM16-39"]

{"sheet":"SenMU20M","index":11,"n_rows":579,"n_cols":39,"rows_kept":579,"hidden":true,"merged":[[0,1,0,6],[1,1,1,10]]}
[null,"Sussex Athletics XC Championships\nBexhill, 07/01/2023",{"$nulls":11},"26 clubs - cols N to AM"]
[null,"U20 & Senior Men (Start together, different distance)"]
["Temp","Pos","Bib","Time","Forename","Surname","Club","Cat ","Sex","Rk","Club Rk",null,null,"HNJ","HY","LEW","CHI","CSS","PHX","HAI","EBR","BTC","HHH","CRA","VR","B&H","HBS","HAS","BWK","HMJ","SYN","CROW","WDH","GRR",""]
[{"$f":"+K4","v":{"$error":"#REF!"}},1,298,"29:38",{"$f":"+VLOOKUP($C4,#REF!,2,\"false\")","v":{"$error":"#REF!"}},{"$f":"+VLOOKUP($C4,#REF!,3,\"false\")","v":{"$error":"#REF!"}},{"$f":"+VLOOKUP($C4,#REF!,4,\"false\")","v":{"$error":"#REF!"}},{"$f":"+VLOOKUP($C4,#REF!,5,\"False\")","v":{"$error":"#REF!"}},{"$f":"+VLOOKUP($C4,#REF!,6,\"false\")","v":{"$error":"#REF!"}},{"$f":"TEXT(SUMPRODUCT(--(G4=$G$4:$G$469),--(B4>$B$4:$B$469))+1,0)","v":{"$error":"#REF!"}},{"$f":"+G4&\"  \"&J4","v":{"$error":"#REF!"}},null,1,{"$f":"+IF(ISNA(VLOOKUP(N$3&\"  \"&$M4,$A$3:$I$228,2,0)),\"\",VLOOKUP(N$3&\"  \"&$M4,$A$3:$I$228,2,0))","v":""},"","","","","","","","","",{"$f":"+IF(ISNA(VLOOKUP(X$3&\"  \"&$M4,$A$3:$I$228,2,0)),\"\",VLOOKUP(X$3&\"  \"&$M4,$A$3:$I$228,2,0))","v":""},"","","","","","","","","",{"$f":"+IF(ISNA(VLOOKUP(AH$3&\"  \"&$M4,$A$3:$I$228,2,0)),\"\",VLOOKUP(AH$3&\"  \"&$M4,$A$3:$I$228,2,0))","v":""},"","","","",""]
[{"$f":"+K5","v":{"$error":"#REF!"}},{"$f":"+B4+1","v":2},307,"29:51",{"$f":"+VLOOKUP($C5,#REF!,2,\"false\")","v":{"$error":"#REF!"}},{"$f":"+VLOOKUP($C5,#REF!,3,\"false\")","v":{"$error":"#REF!"}},{"$f":"+VLOOKUP($C5,#REF!,4,\"false\")","v":{"$error":"#REF!"}},{"$f":"+VLOOKUP($C5,#REF!,5,\"False\")","v":{"$error":"#REF!"}},{"$f":"+VLOOKUP($C5,#REF!,6,\"false\")","v":{"$error":"#REF!"}},{"$error":"#REF!"},{"$error":"#REF!"},null,{"$f":"+M4+1","v":2},"","","","","","","","","","","","","","","","","","","","","","","","","",""]
[{"$error":"#REF!"},{"$f":"+B5+1","v":3},299,"30:23",{"$f":"+VLOOKUP($C6,#REF!,2,\"false\")","v":{"$error":"#REF!"}},{"$f":"+VLOOKUP($C6,#REF!,3,\"false\")","v":{"$error":"#REF!"}},{"$f":"+VLOOKUP($C6,#REF!,4,\"false\")","v":{"$error":"#REF!"}},{"$f":"+VLOOKUP($C6,#REF!,5,\"False\")","v":{"$error":"#REF!"}},{"$f":"+VLOOKUP($C6,#REF!,6,\"false\")","v":{"$error":"#REF!"}},{"$error":"#REF!"},{"$error":"#REF!"},null,{"$f":"+M5+1","v":3},"","","","","","","","","","","","","","","","","","","","","","","","","",""]
[{"$error":"#REF!"},4,309,"30:25",{"$f":"+VLOOKUP($C7,#REF!,2,\"false\")","v":{"$error":"#REF!"}},{"$f":"+VLOOKUP($C7,#REF!,3,\"false\")","v":{"$error":"#REF!"}},{"$f":"+VLOOKUP($C7,#REF!,4,\"false\")","v":{"$error":"#REF!"}},{"$f":"+VLOOKUP($C7,#REF!,5,\"False\")","v":{"$error":"#REF!"}},{"$f":"+VLOOKUP($C7,#REF!,6,\"false\")","v":{"$error":"#REF!"}},{"$error":"#REF!"},{"$error":"#REF!"},null,{"$f":"+M6+1","v":4},"","","","","","","","","","","","","","","","","","","","","","","","","",""]
[{"$error":"#REF!"},5,500,"30:30",{"$f":"+VLOOKUP($C8,#REF!,2,\"false\")","v":{"$error":"#REF!"}},{"$f":"+VLOOKUP($C8,#REF!,3,\"false\")","v":{"$error":"#REF!"}},{"$f":"+VLOOKUP($C8,#REF!,4,\"false\")","v":{"$error":"#REF!"}},{"$f":"+VLOOKUP($C8,#REF!,5,\"False\")","v":{"$error":"#REF!"}},{"$f":"+VLOOKUP($C8,#REF!,6,\"false\")","v":{"$error":"#REF!"}},{"$error":"#REF!"},{"$error":"#REF!"},null,{"$f":"+M7+1","v":5},"","","","","","","","","","","","","","","","","","","","","","","","","",""]
[{"$error":"#REF!"},6,303,"31:40",{"$f":"+VLOOKUP($C9,#REF!,2,\"false\")","v":{"$error":"#REF!"}},{"$f":"+VLOOKUP($C9,#REF!,3,\"false\")","v":{"$error":"#REF!"}},{"$f":"+VLOOKUP($C9,#REF!,4,\"false\")","v":{"$error":"#REF!"}},{"$f":"+VLOOKUP($C9,#REF!,5,\"False\")","v":{"$error":"#REF!"}},{"$f":"+VLOOKUP($C9,#REF!,6,\"false\")","v":{"$error":"#REF!"}},{"$error":"#REF!"},{"$error":"#REF!"},null,{"$f":"+M8+1","v":6},"","","","","","","","","","","","","","","","","","","","","","","","","",""]
[{"$error":"#REF!"},7,302,"32:31",{"$f":"+VLOOKUP($C10,#REF!,2,\"false\")","v":{"$error":"#REF!"}},{"$f":"+VLOOKUP($C10,#REF!,3,\"false\")","v":{"$error":"#REF!"}},{"$f":"+VLOOKUP($C10,#REF!,4,\"false\")","v":{"$error":"#REF!"}},{"$f":"+VLOOKUP($C10,#REF!,5,\"False\")","v":{"$error":"#REF!"}},{"$f":"+VLOOKUP($C10,#REF!,6,\"false\")","v":{"$error":"#REF!"}},{"$error":"#REF!"},{"$error":"#REF!"},null,"Tot",{"$f":"IF(N9=\"\",1000,SUM(N4:N9))","v":1000},{"$f":"IF(O9=\"\",1000,SUM(O4:O9))","v":1000},1000,1000,1000,1000,1000,1000,1000,1000,1000,1000,1000,1000,1000,1000,1000,1000,1000,1000,1000,1000,1000,1000,1000,1000]
[{"$error":"#REF!"},8,297,"32:38",{"$f":"+VLOOKUP($C11,#REF!,2,\"false\")","v":{"$error":"#REF!"}},{"$f":"+VLOOKUP($C11,#REF!,3,\"false\")","v":{"$error":"#REF!"}},{"$f":"+VLOOKUP($C11,#REF!,4,\"false\")","v":{"$error":"#REF!"}},{"$f":"+VLOOKUP($C11,#REF!,5,\"False\")","v":{"$error":"#REF!"}},{"$f":"+VLOOKUP($C11,#REF!,6,\"false\")","v":{"$error":"#REF!"}},{"$error":"#REF!"},{"$error":"#REF!"},null,"Pos",{"$f":"RANK(N10,($N$10:$AM$10,$N$19:$AM$19,$N$28:$AM$28,$N$37:$AM$37),1)","v":1},{"$f":"RANK(O10,($N$10:$AM$10,$N$19:$AM$19,$N$28:$AM$28,$N$37:$AM$37),1)","v":1},{"$f":"RANK(P10,($N$10:$AM$10,$N$19:$AM$19,$N$28:$AM$28,$N$37:$AM$37),1)","v":1},{"$f":"RANK(Q10,($N$10:$AM$10,$N$19:$AM$19,$N$28:$AM$28,$N$37:$AM$37),1)","v":1},{"$f":"RANK(R10,($N$10:$AM$10,$N$19:$AM$19,$N$28:$AM$28,$N$37:$AM$37),1)","v":1},{"$f":"RANK(S10,($N$10:$AM$10,$N$19:$AM$19,$N$28:$AM$28,$N$37:$AM$37),1)","v":1},{"$f":"RANK(T10,($N$10:$AM$10,$N$19:$AM$19,$N$28:$AM$28,$N$37:$AM$37),1)","v":1},{"$f":"RANK(U10,($N$10:$AM$10,$N$19:$AM$19,$N$28:$AM$28,$N$37:$AM$37),1)","v":1},{"$f":"RANK(V10,($N$10:$AM$10,$N$19:$AM$19,$N$28:$AM$28,$N$37:$AM$37),1)","v":1},{"$f":"RANK(W10,($N$10:$AM$10,$N$19:$AM$19,$N$28:$AM$28,$N$37:$AM$37),1)","v":1},{"$f":"RANK(X10,($N$10:$AM$10,$N$19:$AM$19,$N$28:$AM$28,$N$37:$AM$37),1)","v":1},{"$f":"RANK(Y10,($N$10:$AM$10,$N$19:$AM$19,$N$28:$AM$28,$N$37:$AM$37),1)","v":1},{"$f":"RANK(Z10,($N$10:$AM$10,$N$19:$AM$19,$N$28:$AM$28,$N$37:$AM$37),1)","v":1},{"$f":"RANK(AA10,($N$10:$AM$10,$N$19:$AM$19,$N$28:$AM$28,$N$37:$AM$37),1)","v":1},{"$f":"RANK(AB10,($N$10:$AM$10,$N$19:$AM$19,$N$28:$AM$28,$N$37:$AM$37),1)","v":1},{"$f":"RANK(AC10,($N$10:$AM$10,$N$19:$AM$19,$N$28:$AM$28,$N$37:$AM$37),1)","v":1},{"$f":"RANK(AD10,($N$10:$AM$10,$N$19:$AM$19,$N$28:$AM$28,$N$37:$AM$37),1)","v":1},{"$f":"RANK(AE10,($N$10:$AM$10,$N$19:$AM$19,$N$28:$AM$28,$N$37:$AM$37),1)","v":1},{"$f":"RANK(AF10,($N$10:$AM$10,$N$19:$AM$19,$N$28:$AM$28,$N$37:$AM$37),1)","v":1},{"$f":"RANK(AG10,($N$10:$AM$10,$N$19:$AM$19,$N$28:$AM$28,$N$37:$AM$37),1)","v":1},{"$f":"RANK(AH10,($N$10:$AM$10,$N$19:$AM$19,$N$28:$AM$28,$N$37:$AM$37),1)","v":1},{"$f":"RANK(AI10,($N$10:$AM$10,$N$19:$AM$19,$N$28:$AM$28,$N$37:$AM$37),1)","v":1},{"$f":"RANK(AJ10,($N$10:$AM$10,$N$19:$AM$19,$N$28:$AM$28,$N$37:$AM$37),1)","v":1},{"$f":"RANK(AK10,($N$10:$AM$10,$N$19:$AM$19,$N$28:$AM$28,$N$37:$AM$37),1)","v":1},{"$f":"RANK(AL10,($N$10:$AM$10,$N$19:$AM$19,$N$28:$AM$28,$N$37:$AM$37),1)","v":1},{"$f":"RANK(AM10,($N$10:$AM$10,$N$19:$AM$19,$N$28:$AM$28,$N$37:$AM$37),1)","v":1}]
[{"$error":"#REF!"},9,311,"33:18",{"$f":"+VLOOKUP($C12,#REF!,2,\"false\")","v":{"$error":"#REF!"}},{"$f":"+VLOOKUP($C12,#REF!,3,\"false\")","v":{"$error":"#REF!"}},{"$f":"+VLOOKUP($C12,#REF!,4,\"false\")","v":{"$error":"#REF!"}},{"$f":"+VLOOKUP($C12,#REF!,5,\"False\")","v":{"$error":"#REF!"}},{"$f":"+VLOOKUP($C12,#REF!,6,\"false\")","v":{"$error":"#REF!"}},{"$error":"#REF!"},{"$error":"#REF!"}]
[{"$error":"#REF!"},10,380,"33:48",{"$f":"+VLOOKUP($C13,#REF!,2,\"false\")","v":{"$error":"#REF!"}},{"$f":"+VLOOKUP($C13,#REF!,3,\"false\")","v":{"$error":"#REF!"}},{"$f":"+VLOOKUP($C13,#REF!,4,\"false\")","v":{"$error":"#REF!"}},{"$f":"+VLOOKUP($C13,#REF!,5,\"False\")","v":{"$error":"#REF!"}},{"$f":"+VLOOKUP($C13,#REF!,6,\"false\")","v":{"$error":"#REF!"}},{"$error":"#REF!"},{"$error":"#REF!"},null,7,{"$f":"+IF(ISNA(VLOOKUP(N$3&\"  \"&$M13,$A$3:$I$228,2,0)),\"\",VLOOKUP(N$3&\"  \"&$M13,$A$3:$I$228,2,0))","v":""},"","","","","","","","","",{"$f":"+IF(ISNA(VLOOKUP(X$3&\"  \"&$M13,$A$3:$I$228,2,0)),\"\",VLOOKUP(X$3&\"  \"&$M13,$A$3:$I$228,2,0))","v":""},"","","","","","","","","",{"$f":"+IF(ISNA(VLOOKUP(AH$3&\"  \"&$M13,$A$3:$I$228,2,0)),\"\",VLOOKUP(AH$3&\"  \"&$M13,$A$3:$I$228,2,0))","v":""},"","","","",""]
[{"$error":"#REF!"},11,304,"34:08",{"$f":"+VLOOKUP($C14,#REF!,2,\"false\")","v":{"$error":"#REF!"}},{"$f":"+VLOOKUP($C14,#REF!,3,\"false\")","v":{"$error":"#REF!"}},{"$f":"+VLOOKUP($C14,#REF!,4,\"false\")","v":{"$error":"#REF!"}},{"$f":"+VLOOKUP($C14,#REF!,5,\"False\")","v":{"$error":"#REF!"}},{"$f":"+VLOOKUP($C14,#REF!,6,\"false\")","v":{"$error":"#REF!"}},{"$error":"#REF!"},{"$error":"#REF!"},null,{"$f":"+M13+1","v":8},"","","","","","","","","","","","","","","","","","","","","","","","","",""]
[{"$error":"#REF!"},12,347,"34:38",{"$f":"+VLOOKUP($C15,#REF!,2,\"false\")","v":{"$error":"#REF!"}},{"$f":"+VLOOKUP($C15,#REF!,3,\"false\")","v":{"$error":"#REF!"}},{"$f":"+VLOOKUP($C15,#REF!,4,\"false\")","v":{"$error":"#REF!"}},{"$f":"+VLOOKUP($C15,#REF!,5,\"False\")","v":{"$error":"#REF!"}},{"$f":"+VLOOKUP($C15,#REF!,6,\"false\")","v":{"$error":"#REF!"}},{"$error":"#REF!"},{"$error":"#REF!"},null,{"$f":"+M14+1","v":9},"","","","","","","","","","","","","","","","","","","","","","","","","",""]
[{"$error":"#REF!"},13,351,"34:49",{"$f":"+VLOOKUP($C16,#REF!,2,\"false\")","v":{"$error":"#REF!"}},{"$f":"+VLOOKUP($C16,#REF!,3,\"false\")","v":{"$error":"#REF!"}},{"$f":"+VLOOKUP($C16,#REF!,4,\"false\")","v":{"$error":"#REF!"}},{"$f":"+VLOOKUP($C16,#REF!,5,\"False\")","v":{"$error":"#REF!"}},{"$f":"+VLOOKUP($C16,#REF!,6,\"false\")","v":{"$error":"#REF!"}},{"$error":"#REF!"},{"$error":"#REF!"},null,{"$f":"+M15+1","v":10},"","","","","","","","","","","","","","","","","","","","","","","","","",""]
[{"$error":"#REF!"},14,310,"35:04",{"$f":"+VLOOKUP($C17,#REF!,2,\"false\")","v":{"$error":"#REF!"}},{"$f":"+VLOOKUP($C17,#REF!,3,\"false\")","v":{"$error":"#REF!"}},{"$f":"+VLOOKUP($C17,#REF!,4,\"false\")","v":{"$error":"#REF!"}},{"$f":"+VLOOKUP($C17,#REF!,5,\"False\")","v":{"$error":"#REF!"}},{"$f":"+VLOOKUP($C17,#REF!,6,\"false\")","v":{"$error":"#REF!"}},{"$error":"#REF!"},{"$error":"#REF!"},null,{"$f":"+M16+1","v":11},"","","","","","","","","","","","","","","","","","","","","","","","","",""]
[{"$error":"#REF!"},15,300,"35:05",{"$f":"+VLOOKUP($C18,#REF!,2,\"false\")","v":{"$error":"#REF!"}},{"$f":"+VLOOKUP($C18,#REF!,3,\"false\")","v":{"$error":"#REF!"}},{"$f":"+VLOOKUP($C18,#REF!,4,\"false\")","v":{"$error":"#REF!"}},{"$f":"+VLOOKUP($C18,#REF!,5,\"False\")","v":{"$error":"#REF!"}},{"$f":"+VLOOKUP($C18,#REF!,6,\"false\")","v":{"$error":"#REF!"}},{"$error":"#REF!"},{"$error":"#REF!"},null,{"$f":"+M17+1","v":12},"","","","","","","","","","","","","","","","","","","","","","","","","",""]
[{"$error":"#REF!"},16,308,"35:40",{"$f":"+VLOOKUP($C19,#REF!,2,\"false\")","v":{"$error":"#REF!"}},{"$f":"+VLOOKUP($C19,#REF!,3,\"false\")","v":{"$error":"#REF!"}},{"$f":"+VLOOKUP($C19,#REF!,4,\"false\")","v":{"$error":"#REF!"}},{"$f":"+VLOOKUP($C19,#REF!,5,\"False\")","v":{"$error":"#REF!"}},{"$f":"+VLOOKUP($C19,#REF!,6,\"false\")","v":{"$error":"#REF!"}},{"$error":"#REF!"},{"$error":"#REF!"},null,"Tot",{"$f":"IF(N18=\"\",1000,SUM(N13:N18))","v":1000},{"$f":"IF(O18=\"\",1000,SUM(O13:O18))","v":1000},1000,1000,1000,1000,1000,1000,1000,1000,1000,1000,1000,1000,1000,1000,1000,1000,1000,1000,1000,1000,1000,1000,1000,1000]
[{"$error":"#REF!"},17,362,"35:53",{"$f":"+VLOOKUP($C20,#REF!,2,\"false\")","v":{"$error":"#REF!"}},{"$f":"+VLOOKUP($C20,#REF!,3,\"false\")","v":{"$error":"#REF!"}},{"$f":"+VLOOKUP($C20,#REF!,4,\"false\")","v":{"$error":"#REF!"}},{"$f":"+VLOOKUP($C20,#REF!,5,\"False\")","v":{"$error":"#REF!"}},{"$f":"+VLOOKUP($C20,#REF!,6,\"false\")","v":{"$error":"#REF!"}},{"$error":"#REF!"},{"$error":"#REF!"},null,"Pos",{"$f":"RANK(N19,($N$10:$AM$10,$N$19:$AM$19,$N$28:$AM$28,$N$37:$AM$37),1)","v":1},{"$f":"RANK(O19,($N$10:$AM$10,$N$19:$AM$19,$N$28:$AM$28,$N$37:$AM$37),1)","v":1},{"$f":"RANK(P19,($N$10:$AM$10,$N$19:$AM$19,$N$28:$AM$28,$N$37:$AM$37),1)","v":1},{"$f":"RANK(Q19,($N$10:$AM$10,$N$19:$AM$19,$N$28:$AM$28,$N$37:$AM$37),1)","v":1},{"$f":"RANK(R19,($N$10:$AM$10,$N$19:$AM$19,$N$28:$AM$28,$N$37:$AM$37),1)","v":1},{"$f":"RANK(S19,($N$10:$AM$10,$N$19:$AM$19,$N$28:$AM$28,$N$37:$AM$37),1)","v":1},{"$f":"RANK(T19,($N$10:$AM$10,$N$19:$AM$19,$N$28:$AM$28,$N$37:$AM$37),1)","v":1},{"$f":"RANK(U19,($N$10:$AM$10,$N$19:$AM$19,$N$28:$AM$28,$N$37:$AM$37),1)","v":1},{"$f":"RANK(V19,($N$10:$AM$10,$N$19:$AM$19,$N$28:$AM$28,$N$37:$AM$37),1)","v":1},{"$f":"RANK(W19,($N$10:$AM$10,$N$19:$AM$19,$N$28:$AM$28,$N$37:$AM$37),1)","v":1},{"$f":"RANK(X19,($N$10:$AM$10,$N$19:$AM$19,$N$28:$AM$28,$N$37:$AM$37),1)","v":1},{"$f":"RANK(Y19,($N$10:$AM$10,$N$19:$AM$19,$N$28:$AM$28,$N$37:$AM$37),1)","v":1},{"$f":"RANK(Z19,($N$10:$AM$10,$N$19:$AM$19,$N$28:$AM$28,$N$37:$AM$37),1)","v":1},{"$f":"RANK(AA19,($N$10:$AM$10,$N$19:$AM$19,$N$28:$AM$28,$N$37:$AM$37),1)","v":1},{"$f":"RANK(AB19,($N$10:$AM$10,$N$19:$AM$19,$N$28:$AM$28,$N$37:$AM$37),1)","v":1},{"$f":"RANK(AC19,($N$10:$AM$10,$N$19:$AM$19,$N$28:$AM$28,$N$37:$AM$37),1)","v":1},{"$f":"RANK(AD19,($N$10:$AM$10,$N$19:$AM$19,$N$28:$AM$28,$N$37:$AM$37),1)","v":1},{"$f":"RANK(AE19,($N$10:$AM$10,$N$19:$AM$19,$N$28:$AM$28,$N$37:$AM$37),1)","v":1},{"$f":"RANK(AF19,($N$10:$AM$10,$N$19:$AM$19,$N$28:$AM$28,$N$37:$AM$37),1)","v":1},{"$f":"RANK(AG19,($N$10:$AM$10,$N$19:$AM$19,$N$28:$AM$28,$N$37:$AM$37),1)","v":1},{"$f":"RANK(AH19,($N$10:$AM$10,$N$19:$AM$19,$N$28:$AM$28,$N$37:$AM$37),1)","v":1},{"$f":"RANK(AI19,($N$10:$AM$10,$N$19:$AM$19,$N$28:$AM$28,$N$37:$AM$37),1)","v":1},{"$f":"RANK(AJ19,($N$10:$AM$10,$N$19:$AM$19,$N$28:$AM$28,$N$37:$AM$37),1)","v":1},{"$f":"RANK(AK19,($N$10:$AM$10,$N$19:$AM$19,$N$28:$AM$28,$N$37:$AM$37),1)","v":1},{"$f":"RANK(AL19,($N$10:$AM$10,$N$19:$AM$19,$N$28:$AM$28,$N$37:$AM$37),1)","v":1},{"$f":"RANK(AM19,($N$10:$AM$10,$N$19:$AM$19,$N$28:$AM$28,$N$37:$AM$37),1)","v":1}]
[{"$error":"#REF!"},18,375,"36:04",{"$f":"+VLOOKUP($C21,#REF!,2,\"false\")","v":{"$error":"#REF!"}},{"$f":"+VLOOKUP($C21,#REF!,3,\"false\")","v":{"$error":"#REF!"}},{"$f":"+VLOOKUP($C21,#REF!,4,\"false\")","v":{"$error":"#REF!"}},{"$f":"+VLOOKUP($C21,#REF!,5,\"False\")","v":{"$error":"#REF!"}},{"$f":"+VLOOKUP($C21,#REF!,6,\"false\")","v":{"$error":"#REF!"}},{"$error":"#REF!"},{"$error":"#REF!"}]
[{"$error":"#REF!"},19,392,"36:06",{"$f":"+VLOOKUP($C22,#REF!,2,\"false\")","v":{"$error":"#REF!"}},{"$f":"+VLOOKUP($C22,#REF!,3,\"false\")","v":{"$error":"#REF!"}},{"$f":"+VLOOKUP($C22,#REF!,4,\"false\")","v":{"$error":"#REF!"}},{"$f":"+VLOOKUP($C22,#REF!,5,\"False\")","v":{"$error":"#REF!"}},{"$f":"+VLOOKUP($C22,#REF!,6,\"false\")","v":{"$error":"#REF!"}},{"$error":"#REF!"},{"$error":"#REF!"},null,13,{"$f":"+IF(ISNA(VLOOKUP(N$3&\"  \"&$M22,$A$3:$I$228,2,0)),\"\",VLOOKUP(N$3&\"  \"&$M22,$A$3:$I$228,2,0))","v":""},"","","","","","","","","",{"$f":"+IF(ISNA(VLOOKUP(X$3&\"  \"&$M22,$A$3:$I$228,2,0)),\"\",VLOOKUP(X$3&\"  \"&$M22,$A$3:$I$228,2,0))","v":""},"","","","","","","","","",{"$f":"+IF(ISNA(VLOOKUP(AH$3&\"  \"&$M22,$A$3:$I$228,2,0)),\"\",VLOOKUP(AH$3&\"  \"&$M22,$A$3:$I$228,2,0))","v":""},"","","","",""]
[{"$error":"#REF!"},20,361,"36:10",{"$f":"+VLOOKUP($C23,#REF!,2,\"false\")","v":{"$error":"#REF!"}},{"$f":"+VLOOKUP($C23,#REF!,3,\"false\")","v":{"$error":"#REF!"}},{"$f":"+VLOOKUP($C23,#REF!,4,\"false\")","v":{"$error":"#REF!"}},{"$f":"+VLOOKUP($C23,#REF!,5,\"False\")","v":{"$error":"#REF!"}},{"$f":"+VLOOKUP($C23,#REF!,6,\"false\")","v":{"$error":"#REF!"}},{"$error":"#REF!"},{"$error":"#REF!"},null,{"$f":"+M22+1","v":14},"","","","","","","","","","","","","","","","","","","","","","","","","",""]
[{"$error":"#REF!"},21,407,"36:19",{"$f":"+VLOOKUP($C24,#REF!,2,\"false\")","v":{"$error":"#REF!"}},{"$f":"+VLOOKUP($C24,#REF!,3,\"false\")","v":{"$error":"#REF!"}},{"$f":"+VLOOKUP($C24,#REF!,4,\"false\")","v":{"$error":"#REF!"}},{"$f":"+VLOOKUP($C24,#REF!,5,\"False\")","v":{"$error":"#REF!"}},{"$f":"+VLOOKUP($C24,#REF!,6,\"false\")","v":{"$error":"#REF!"}},{"$error":"#REF!"},{"$error":"#REF!"},null,{"$f":"+M23+1","v":15},"","","","","","","","","","","","","","","","","","","","","","","","","",""]
[{"$error":"#REF!"},22,422,"36:30",{"$f":"+VLOOKUP($C25,#REF!,2,\"false\")","v":{"$error":"#REF!"}},{"$f":"+VLOOKUP($C25,#REF!,3,\"false\")","v":{"$error":"#REF!"}},{"$f":"+VLOOKUP($C25,#REF!,4,\"false\")","v":{"$error":"#REF!"}},{"$f":"+VLOOKUP($C25,#REF!,5,\"False\")","v":{"$error":"#REF!"}},{"$f":"+VLOOKUP($C25,#REF!,6,\"false\")","v":{"$error":"#REF!"}},{"$error":"#REF!"},{"$error":"#REF!"},null,{"$f":"+M24+1","v":16},"","","","","","","","","","","","","","","","","","","","","","","","","",""]
[{"$error":"#REF!"},23,384,"36:32",{"$f":"+VLOOKUP($C26,#REF!,2,\"false\")","v":{"$error":"#REF!"}},{"$f":"+VLOOKUP($C26,#REF!,3,\"false\")","v":{"$error":"#REF!"}},{"$f":"+VLOOKUP($C26,#REF!,4,\"false\")","v":{"$error":"#REF!"}},{"$f":"+VLOOKUP($C26,#REF!,5,\"False\")","v":{"$error":"#REF!"}},{"$f":"+VLOOKUP($C26,#REF!,6,\"false\")","v":{"$error":"#REF!"}},{"$error":"#REF!"},{"$error":"#REF!"},null,{"$f":"+M25+1","v":17},"","","","","","","","","","","","","","","","","","","","","","","","","",""]
[{"$error":"#REF!"},24,346,"36:34",{"$f":"+VLOOKUP($C27,#REF!,2,\"false\")","v":{"$error":"#REF!"}},{"$f":"+VLOOKUP($C27,#REF!,3,\"false\")","v":{"$error":"#REF!"}},{"$f":"+VLOOKUP($C27,#REF!,4,\"false\")","v":{"$error":"#REF!"}},{"$f":"+VLOOKUP($C27,#REF!,5,\"False\")","v":{"$error":"#REF!"}},{"$f":"+VLOOKUP($C27,#REF!,6,\"false\")","v":{"$error":"#REF!"}},{"$error":"#REF!"},{"$error":"#REF!"},null,{"$f":"+M26+1","v":18},"","","","","","","","","","","","","","","","","","","","","","","","","",""]
[{"$error":"#REF!"},25,442,"36:46",{"$f":"+VLOOKUP($C28,#REF!,2,\"false\")","v":{"$error":"#REF!"}},{"$f":"+VLOOKUP($C28,#REF!,3,\"false\")","v":{"$error":"#REF!"}},{"$f":"+VLOOKUP($C28,#REF!,4,\"false\")","v":{"$error":"#REF!"}},{"$f":"+VLOOKUP($C28,#REF!,5,\"False\")","v":{"$error":"#REF!"}},{"$f":"+VLOOKUP($C28,#REF!,6,\"false\")","v":{"$error":"#REF!"}},{"$error":"#REF!"},{"$error":"#REF!"},null,"Tot",{"$f":"IF(N27=\"\",1000,SUM(N22:N27))","v":1000},{"$f":"IF(O27=\"\",1000,SUM(O22:O27))","v":1000},1000,1000,1000,1000,1000,1000,1000,1000,1000,1000,1000,1000,1000,1000,1000,1000,1000,1000,1000,1000,1000,1000,1000,1000]
[{"$error":"#REF!"},26,350,"37:07",{"$f":"+VLOOKUP($C29,#REF!,2,\"false\")","v":{"$error":"#REF!"}},{"$f":"+VLOOKUP($C29,#REF!,3,\"false\")","v":{"$error":"#REF!"}},{"$f":"+VLOOKUP($C29,#REF!,4,\"false\")","v":{"$error":"#REF!"}},{"$f":"+VLOOKUP($C29,#REF!,5,\"False\")","v":{"$error":"#REF!"}},{"$f":"+VLOOKUP($C29,#REF!,6,\"false\")","v":{"$error":"#REF!"}},{"$error":"#REF!"},{"$error":"#REF!"},null,"Pos",{"$f":"RANK(N28,($N$10:$AM$10,$N$19:$AM$19,$N$28:$AM$28,$N$37:$AM$37),1)","v":1},{"$f":"RANK(O28,($N$10:$AM$10,$N$19:$AM$19,$N$28:$AM$28,$N$37:$AM$37),1)","v":1},{"$f":"RANK(P28,($N$10:$AM$10,$N$19:$AM$19,$N$28:$AM$28,$N$37:$AM$37),1)","v":1},{"$f":"RANK(Q28,($N$10:$AM$10,$N$19:$AM$19,$N$28:$AM$28,$N$37:$AM$37),1)","v":1},{"$f":"RANK(R28,($N$10:$AM$10,$N$19:$AM$19,$N$28:$AM$28,$N$37:$AM$37),1)","v":1},{"$f":"RANK(S28,($N$10:$AM$10,$N$19:$AM$19,$N$28:$AM$28,$N$37:$AM$37),1)","v":1},{"$f":"RANK(T28,($N$10:$AM$10,$N$19:$AM$19,$N$28:$AM$28,$N$37:$AM$37),1)","v":1},{"$f":"RANK(U28,($N$10:$AM$10,$N$19:$AM$19,$N$28:$AM$28,$N$37:$AM$37),1)","v":1},{"$f":"RANK(V28,($N$10:$AM$10,$N$19:$AM$19,$N$28:$AM$28,$N$37:$AM$37),1)","v":1},{"$f":"RANK(W28,($N$10:$AM$10,$N$19:$AM$19,$N$28:$AM$28,$N$37:$AM$37),1)","v":1},{"$f":"RANK(X28,($N$10:$AM$10,$N$19:$AM$19,$N$28:$AM$28,$N$37:$AM$37),1)","v":1},{"$f":"RANK(Y28,($N$10:$AM$10,$N$19:$AM$19,$N$28:$AM$28,$N$37:$AM$37),1)","v":1},{"$f":"RANK(Z28,($N$10:$AM$10,$N$19:$AM$19,$N$28:$AM$28,$N$37:$AM$37),1)","v":1},{"$f":"RANK(AA28,($N$10:$AM$10,$N$19:$AM$19,$N$28:$AM$28,$N$37:$AM$37),1)","v":1},{"$f":"RANK(AB28,($N$10:$AM$10,$N$19:$AM$19,$N$28:$AM$28,$N$37:$AM$37),1)","v":1},{"$f":"RANK(AC28,($N$10:$AM$10,$N$19:$AM$19,$N$28:$AM$28,$N$37:$AM$37),1)","v":1},{"$f":"RANK(AD28,($N$10:$AM$10,$N$19:$AM$19,$N$28:$AM$28,$N$37:$AM$37),1)","v":1},{"$f":"RANK(AE28,($N$10:$AM$10,$N$19:$AM$19,$N$28:$AM$28,$N$37:$AM$37),1)","v":1},{"$f":"RANK(AF28,($N$10:$AM$10,$N$19:$AM$19,$N$28:$AM$28,$N$37:$AM$37),1)","v":1},{"$f":"RANK(AG28,($N$10:$AM$10,$N$19:$AM$19,$N$28:$AM$28,$N$37:$AM$37),1)","v":1},{"$f":"RANK(AH28,($N$10:$AM$10,$N$19:$AM$19,$N$28:$AM$28,$N$37:$AM$37),1)","v":1},{"$f":"RANK(AI28,($N$10:$AM$10,$N$19:$AM$19,$N$28:$AM$28,$N$37:$AM$37),1)","v":1},{"$f":"RANK(AJ28,($N$10:$AM$10,$N$19:$AM$19,$N$28:$AM$28,$N$37:$AM$37),1)","v":1},{"$f":"RANK(AK28,($N$10:$AM$10,$N$19:$AM$19,$N$28:$AM$28,$N$37:$AM$37),1)","v":1},{"$f":"RANK(AL28,($N$10:$AM$10,$N$19:$AM$19,$N$28:$AM$28,$N$37:$AM$37),1)","v":1},{"$f":"RANK(AM28,($N$10:$AM$10,$N$19:$AM$19,$N$28:$AM$28,$N$37:$AM$37),1)","v":1}]
[{"$error":"#REF!"},27,433,"37:35",{"$f":"+VLOOKUP($C30,#REF!,2,\"false\")","v":{"$error":"#REF!"}},{"$f":"+VLOOKUP($C30,#REF!,3,\"false\")","v":{"$error":"#REF!"}},{"$f":"+VLOOKUP($C30,#REF!,4,\"false\")","v":{"$error":"#REF!"}},{"$f":"+VLOOKUP($C30,#REF!,5,\"False\")","v":{"$error":"#REF!"}},{"$f":"+VLOOKUP($C30,#REF!,6,\"false\")","v":{"$error":"#REF!"}},{"$error":"#REF!"},{"$error":"#REF!"}]
[{"$error":"#REF!"},28,404,"38:09",{"$f":"+VLOOKUP($C31,#REF!,2,\"false\")","v":{"$error":"#REF!"}},{"$f":"+VLOOKUP($C31,#REF!,3,\"false\")","v":{"$error":"#REF!"}},{"$f":"+VLOOKUP($C31,#REF!,4,\"false\")","v":{"$error":"#REF!"}},{"$f":"+VLOOKUP($C31,#REF!,5,\"False\")","v":{"$error":"#REF!"}},{"$f":"+VLOOKUP($C31,#REF!,6,\"false\")","v":{"$error":"#REF!"}},{"$error":"#REF!"},{"$error":"#REF!"},null,19,{"$f":"+IF(ISNA(VLOOKUP(N$3&\"  \"&$M31,$A$3:$I$228,2,0)),\"\",VLOOKUP(N$3&\"  \"&$M31,$A$3:$I$228,2,0))","v":""},"","","","","","","","","",{"$f":"+IF(ISNA(VLOOKUP(X$3&\"  \"&$M31,$A$3:$I$228,2,0)),\"\",VLOOKUP(X$3&\"  \"&$M31,$A$3:$I$228,2,0))","v":""},"","","","","","","","","",{"$f":"+IF(ISNA(VLOOKUP(AH$3&\"  \"&$M31,$A$3:$I$228,2,0)),\"\",VLOOKUP(AH$3&\"  \"&$M31,$A$3:$I$228,2,0))","v":""},"","","","",""]
[{"$error":"#REF!"},29,349,"38:28",{"$f":"+VLOOKUP($C32,#REF!,2,\"false\")","v":{"$error":"#REF!"}},{"$f":"+VLOOKUP($C32,#REF!,3,\"false\")","v":{"$error":"#REF!"}},{"$f":"+VLOOKUP($C32,#REF!,4,\"false\")","v":{"$error":"#REF!"}},{"$f":"+VLOOKUP($C32,#REF!,5,\"False\")","v":{"$error":"#REF!"}},{"$f":"+VLOOKUP($C32,#REF!,6,\"false\")","v":{"$error":"#REF!"}},{"$error":"#REF!"},{"$error":"#REF!"},null,{"$f":"+M31+1","v":20},"","","","","","","","","","","","","","","","","","","","","","","","","",""]
[{"$error":"#REF!"},30,413,"38:57",{"$f":"+VLOOKUP($C33,#REF!,2,\"false\")","v":{"$error":"#REF!"}},{"$f":"+VLOOKUP($C33,#REF!,3,\"false\")","v":{"$error":"#REF!"}},{"$f":"+VLOOKUP($C33,#REF!,4,\"false\")","v":{"$error":"#REF!"}},{"$f":"+VLOOKUP($C33,#REF!,5,\"False\")","v":{"$error":"#REF!"}},{"$f":"+VLOOKUP($C33,#REF!,6,\"false\")","v":{"$error":"#REF!"}},{"$error":"#REF!"},{"$f":"+G33&\"  \"&J33","v":{"$error":"#REF!"}},null,{"$f":"+M32+1","v":21},"","","","","","","","","","","","","","","","","","","","","","","","","",""]
[{"$error":"#REF!"},31,435,"39:02",{"$f":"+VLOOKUP($C34,#REF!,2,\"false\")","v":{"$error":"#REF!"}},{"$f":"+VLOOKUP($C34,#REF!,3,\"false\")","v":{"$error":"#REF!"}},{"$f":"+VLOOKUP($C34,#REF!,4,\"false\")","v":{"$error":"#REF!"}},{"$f":"+VLOOKUP($C34,#REF!,5,\"False\")","v":{"$error":"#REF!"}},{"$f":"+VLOOKUP($C34,#REF!,6,\"false\")","v":{"$error":"#REF!"}},{"$error":"#REF!"},{"$f":"+G34&\"  \"&J34","v":{"$error":"#REF!"}},null,{"$f":"+M33+1","v":22},"","","","","","","","","","","","","","","","","","","","","","","","","",""]
[{"$error":"#REF!"},32,323,"39:11",{"$f":"+VLOOKUP($C35,#REF!,2,\"false\")","v":{"$error":"#REF!"}},{"$f":"+VLOOKUP($C35,#REF!,3,\"false\")","v":{"$error":"#REF!"}},{"$f":"+VLOOKUP($C35,#REF!,4,\"false\")","v":{"$error":"#REF!"}},{"$f":"+VLOOKUP($C35,#REF!,5,\"False\")","v":{"$error":"#REF!"}},{"$f":"+VLOOKUP($C35,#REF!,6,\"false\")","v":{"$error":"#REF!"}},{"$error":"#REF!"},{"$f":"+G35&\"  \"&J35","v":{"$error":"#REF!"}},null,{"$f":"+M34+1","v":23},"","","","","","","","","","","","","","","","","","","","","","","","","",""]
[{"$error":"#REF!"},33,333,"39:20",{"$f":"+VLOOKUP($C36,#REF!,2,\"false\")","v":{"$error":"#REF!"}},{"$f":"+VLOOKUP($C36,#REF!,3,\"false\")","v":{"$error":"#REF!"}},{"$f":"+VLOOKUP($C36,#REF!,4,\"false\")","v":{"$error":"#REF!"}},{"$f":"+VLOOKUP($C36,#REF!,5,\"False\")","v":{"$error":"#REF!"}},{"$f":"+VLOOKUP($C36,#REF!,6,\"false\")","v":{"$error":"#REF!"}},{"$f":"TEXT(SUMPRODUCT(--(G36=$G$4:$G$469),--(B36>$B$4:$B$469))+1,0)","v":{"$error":"#REF!"}},{"$f":"+G36&\"  \"&J36","v":{"$error":"#REF!"}},null,{"$f":"+M35+1","v":24},"","","","","","","","","","","","","","","","","","","","","","","","","",""]
[{"$error":"#REF!"},34,418,"39:31",{"$f":"+VLOOKUP($C37,#REF!,2,\"false\")","v":{"$error":"#REF!"}},{"$f":"+VLOOKUP($C37,#REF!,3,\"false\")","v":{"$error":"#REF!"}},{"$f":"+VLOOKUP($C37,#REF!,4,\"false\")","v":{"$error":"#REF!"}},{"$f":"+VLOOKUP($C37,#REF!,5,\"False\")","v":{"$error":"#REF!"}},{"$f":"+VLOOKUP($C37,#REF!,6,\"false\")","v":{"$error":"#REF!"}},{"$error":"#REF!"},{"$error":"#REF!"},null,"Tot",{"$f":"IF(N36=\"\",1000,SUM(N31:N36))","v":1000},{"$f":"IF(O36=\"\",1000,SUM(O31:O36))","v":1000},1000,1000,1000,1000,1000,1000,1000,1000,1000,1000,1000,1000,1000,1000,1000,1000,1000,1000,1000,1000,1000,1000,1000,1000]
[{"$error":"#REF!"},35,410,"39:32",{"$f":"+VLOOKUP($C38,#REF!,2,\"false\")","v":{"$error":"#REF!"}},{"$f":"+VLOOKUP($C38,#REF!,3,\"false\")","v":{"$error":"#REF!"}},{"$f":"+VLOOKUP($C38,#REF!,4,\"false\")","v":{"$error":"#REF!"}},{"$f":"+VLOOKUP($C38,#REF!,5,\"False\")","v":{"$error":"#REF!"}},{"$f":"+VLOOKUP($C38,#REF!,6,\"false\")","v":{"$error":"#REF!"}},{"$error":"#REF!"},{"$error":"#REF!"},null,"Pos",{"$f":"RANK(N37,($N$10:$AM$10,$N$19:$AM$19,$N$28:$AM$28,$N$37:$AM$37),1)","v":1},{"$f":"RANK(O37,($N$10:$AM$10,$N$19:$AM$19,$N$28:$AM$28,$N$37:$AM$37),1)","v":1},{"$f":"RANK(P37,($N$10:$AM$10,$N$19:$AM$19,$N$28:$AM$28,$N$37:$AM$37),1)","v":1},{"$f":"RANK(Q37,($N$10:$AM$10,$N$19:$AM$19,$N$28:$AM$28,$N$37:$AM$37),1)","v":1},{"$f":"RANK(R37,($N$10:$AM$10,$N$19:$AM$19,$N$28:$AM$28,$N$37:$AM$37),1)","v":1},{"$f":"RANK(S37,($N$10:$AM$10,$N$19:$AM$19,$N$28:$AM$28,$N$37:$AM$37),1)","v":1},{"$f":"RANK(T37,($N$10:$AM$10,$N$19:$AM$19,$N$28:$AM$28,$N$37:$AM$37),1)","v":1},{"$f":"RANK(U37,($N$10:$AM$10,$N$19:$AM$19,$N$28:$AM$28,$N$37:$AM$37),1)","v":1},{"$f":"RANK(V37,($N$10:$AM$10,$N$19:$AM$19,$N$28:$AM$28,$N$37:$AM$37),1)","v":1},{"$f":"RANK(W37,($N$10:$AM$10,$N$19:$AM$19,$N$28:$AM$28,$N$37:$AM$37),1)","v":1},{"$f":"RANK(X37,($N$10:$AM$10,$N$19:$AM$19,$N$28:$AM$28,$N$37:$AM$37),1)","v":1},{"$f":"RANK(Y37,($N$10:$AM$10,$N$19:$AM$19,$N$28:$AM$28,$N$37:$AM$37),1)","v":1},{"$f":"RANK(Z37,($N$10:$AM$10,$N$19:$AM$19,$N$28:$AM$28,$N$37:$AM$37),1)","v":1},{"$f":"RANK(AA37,($N$10:$AM$10,$N$19:$AM$19,$N$28:$AM$28,$N$37:$AM$37),1)","v":1},{"$f":"RANK(AB37,($N$10:$AM$10,$N$19:$AM$19,$N$28:$AM$28,$N$37:$AM$37),1)","v":1},{"$f":"RANK(AC37,($N$10:$AM$10,$N$19:$AM$19,$N$28:$AM$28,$N$37:$AM$37),1)","v":1},{"$f":"RANK(AD37,($N$10:$AM$10,$N$19:$AM$19,$N$28:$AM$28,$N$37:$AM$37),1)","v":1},{"$f":"RANK(AE37,($N$10:$AM$10,$N$19:$AM$19,$N$28:$AM$28,$N$37:$AM$37),1)","v":1},{"$f":"RANK(AF37,($N$10:$AM$10,$N$19:$AM$19,$N$28:$AM$28,$N$37:$AM$37),1)","v":1},{"$f":"RANK(AG37,($N$10:$AM$10,$N$19:$AM$19,$N$28:$AM$28,$N$37:$AM$37),1)","v":1},{"$f":"RANK(AH37,($N$10:$AM$10,$N$19:$AM$19,$N$28:$AM$28,$N$37:$AM$37),1)","v":1},{"$f":"RANK(AI37,($N$10:$AM$10,$N$19:$AM$19,$N$28:$AM$28,$N$37:$AM$37),1)","v":1},{"$f":"RANK(AJ37,($N$10:$AM$10,$N$19:$AM$19,$N$28:$AM$28,$N$37:$AM$37),1)","v":1},{"$f":"RANK(AK37,($N$10:$AM$10,$N$19:$AM$19,$N$28:$AM$28,$N$37:$AM$37),1)","v":1},{"$f":"RANK(AL37,($N$10:$AM$10,$N$19:$AM$19,$N$28:$AM$28,$N$37:$AM$37),1)","v":1},{"$f":"RANK(AM37,($N$10:$AM$10,$N$19:$AM$19,$N$28:$AM$28,$N$37:$AM$37),1)","v":1}]
[{"$error":"#REF!"},36,385,"39:39",{"$f":"+VLOOKUP($C39,#REF!,2,\"false\")","v":{"$error":"#REF!"}},{"$f":"+VLOOKUP($C39,#REF!,3,\"false\")","v":{"$error":"#REF!"}},{"$f":"+VLOOKUP($C39,#REF!,4,\"false\")","v":{"$error":"#REF!"}},{"$f":"+VLOOKUP($C39,#REF!,5,\"False\")","v":{"$error":"#REF!"}},{"$f":"+VLOOKUP($C39,#REF!,6,\"false\")","v":{"$error":"#REF!"}},{"$error":"#REF!"},{"$error":"#REF!"}]
[{"$error":"#REF!"},37,411,"39:41",{"$f":"+VLOOKUP($C40,#REF!,2,\"false\")","v":{"$error":"#REF!"}},{"$f":"+VLOOKUP($C40,#REF!,3,\"false\")","v":{"$error":"#REF!"}},{"$f":"+VLOOKUP($C40,#REF!,4,\"false\")","v":{"$error":"#REF!"}},{"$f":"+VLOOKUP($C40,#REF!,5,\"False\")","v":{"$error":"#REF!"}},{"$f":"+VLOOKUP($C40,#REF!,6,\"false\")","v":{"$error":"#REF!"}},{"$error":"#REF!"},{"$error":"#REF!"}]
[{"$error":"#REF!"},38,443,"39:46",{"$f":"+VLOOKUP($C41,#REF!,2,\"false\")","v":{"$error":"#REF!"}},{"$f":"+VLOOKUP($C41,#REF!,3,\"false\")","v":{"$error":"#REF!"}},{"$f":"+VLOOKUP($C41,#REF!,4,\"false\")","v":{"$error":"#REF!"}},{"$f":"+VLOOKUP($C41,#REF!,5,\"False\")","v":{"$error":"#REF!"}},{"$f":"+VLOOKUP($C41,#REF!,6,\"false\")","v":{"$error":"#REF!"}},{"$error":"#REF!"},{"$error":"#REF!"}]
[{"$error":"#REF!"},39,421,"39:48",{"$f":"+VLOOKUP($C42,#REF!,2,\"false\")","v":{"$error":"#REF!"}},{"$f":"+VLOOKUP($C42,#REF!,3,\"false\")","v":{"$error":"#REF!"}},{"$f":"+VLOOKUP($C42,#REF!,4,\"false\")","v":{"$error":"#REF!"}},{"$f":"+VLOOKUP($C42,#REF!,5,\"False\")","v":{"$error":"#REF!"}},{"$f":"+VLOOKUP($C42,#REF!,6,\"false\")","v":{"$error":"#REF!"}},{"$error":"#REF!"},{"$error":"#REF!"}]
[{"$error":"#REF!"},40,340,"39:50",{"$f":"+VLOOKUP($C43,#REF!,2,\"false\")","v":{"$error":"#REF!"}},{"$f":"+VLOOKUP($C43,#REF!,3,\"false\")","v":{"$error":"#REF!"}},{"$f":"+VLOOKUP($C43,#REF!,4,\"false\")","v":{"$error":"#REF!"}},{"$f":"+VLOOKUP($C43,#REF!,5,\"False\")","v":{"$error":"#REF!"}},{"$f":"+VLOOKUP($C43,#REF!,6,\"false\")","v":{"$error":"#REF!"}},{"$error":"#REF!"},{"$error":"#REF!"}]
[{"$error":"#REF!"},41,382,"39:59",{"$f":"+VLOOKUP($C44,#REF!,2,\"false\")","v":{"$error":"#REF!"}},{"$f":"+VLOOKUP($C44,#REF!,3,\"false\")","v":{"$error":"#REF!"}},{"$f":"+VLOOKUP($C44,#REF!,4,\"false\")","v":{"$error":"#REF!"}},{"$f":"+VLOOKUP($C44,#REF!,5,\"False\")","v":{"$error":"#REF!"}},{"$f":"+VLOOKUP($C44,#REF!,6,\"false\")","v":{"$error":"#REF!"}},{"$error":"#REF!"},{"$error":"#REF!"}]
[{"$error":"#REF!"},42,434,"40:05",{"$f":"+VLOOKUP($C45,#REF!,2,\"false\")","v":{"$error":"#REF!"}},{"$f":"+VLOOKUP($C45,#REF!,3,\"false\")","v":{"$error":"#REF!"}},{"$f":"+VLOOKUP($C45,#REF!,4,\"false\")","v":{"$error":"#REF!"}},{"$f":"+VLOOKUP($C45,#REF!,5,\"False\")","v":{"$error":"#REF!"}},{"$f":"+VLOOKUP($C45,#REF!,6,\"false\")","v":{"$error":"#REF!"}},{"$error":"#REF!"},{"$error":"#REF!"}]
[{"$error":"#REF!"},43,394,"40:10",{"$f":"+VLOOKUP($C46,#REF!,2,\"false\")","v":{"$error":"#REF!"}},{"$f":"+VLOOKUP($C46,#REF!,3,\"false\")","v":{"$error":"#REF!"}},{"$f":"+VLOOKUP($C46,#REF!,4,\"false\")","v":{"$error":"#REF!"}},{"$f":"+VLOOKUP($C46,#REF!,5,\"False\")","v":{"$error":"#REF!"}},{"$f":"+VLOOKUP($C46,#REF!,6,\"false\")","v":{"$error":"#REF!"}},{"$error":"#REF!"},{"$error":"#REF!"}]
[{"$error":"#REF!"},44,335,"40:14",{"$f":"+VLOOKUP($C47,#REF!,2,\"false\")","v":{"$error":"#REF!"}},{"$f":"+VLOOKUP($C47,#REF!,3,\"false\")","v":{"$error":"#REF!"}},{"$f":"+VLOOKUP($C47,#REF!,4,\"false\")","v":{"$error":"#REF!"}},{"$f":"+VLOOKUP($C47,#REF!,5,\"False\")","v":{"$error":"#REF!"}},{"$f":"+VLOOKUP($C47,#REF!,6,\"false\")","v":{"$error":"#REF!"}},{"$error":"#REF!"},{"$error":"#REF!"}]
[{"$error":"#REF!"},45,437,"40:20",{"$f":"+VLOOKUP($C48,#REF!,2,\"false\")","v":{"$error":"#REF!"}},{"$f":"+VLOOKUP($C48,#REF!,3,\"false\")","v":{"$error":"#REF!"}},{"$f":"+VLOOKUP($C48,#REF!,4,\"false\")","v":{"$error":"#REF!"}},{"$f":"+VLOOKUP($C48,#REF!,5,\"False\")","v":{"$error":"#REF!"}},{"$f":"+VLOOKUP($C48,#REF!,6,\"false\")","v":{"$error":"#REF!"}},{"$error":"#REF!"},{"$error":"#REF!"}]
[{"$error":"#REF!"},46,503,"40:37",{"$f":"+VLOOKUP($C49,#REF!,2,\"false\")","v":{"$error":"#REF!"}},{"$f":"+VLOOKUP($C49,#REF!,3,\"false\")","v":{"$error":"#REF!"}},{"$f":"+VLOOKUP($C49,#REF!,4,\"false\")","v":{"$error":"#REF!"}},{"$f":"+VLOOKUP($C49,#REF!,5,\"False\")","v":{"$error":"#REF!"}},{"$f":"+VLOOKUP($C49,#REF!,6,\"false\")","v":{"$error":"#REF!"}},{"$error":"#REF!"},{"$error":"#REF!"}]
[{"$error":"#REF!"},47,387,"40:41",{"$f":"+VLOOKUP($C50,#REF!,2,\"false\")","v":{"$error":"#REF!"}},{"$f":"+VLOOKUP($C50,#REF!,3,\"false\")","v":{"$error":"#REF!"}},{"$f":"+VLOOKUP($C50,#REF!,4,\"false\")","v":{"$error":"#REF!"}},{"$f":"+VLOOKUP($C50,#REF!,5,\"False\")","v":{"$error":"#REF!"}},{"$f":"+VLOOKUP($C50,#REF!,6,\"false\")","v":{"$error":"#REF!"}},{"$error":"#REF!"},{"$error":"#REF!"}]
[{"$error":"#REF!"},48,381,"40:53",{"$f":"+VLOOKUP($C51,#REF!,2,\"false\")","v":{"$error":"#REF!"}},{"$f":"+VLOOKUP($C51,#REF!,3,\"false\")","v":{"$error":"#REF!"}},{"$f":"+VLOOKUP($C51,#REF!,4,\"false\")","v":{"$error":"#REF!"}},{"$f":"+VLOOKUP($C51,#REF!,5,\"False\")","v":{"$error":"#REF!"}},{"$f":"+VLOOKUP($C51,#REF!,6,\"false\")","v":{"$error":"#REF!"}},{"$error":"#REF!"},{"$error":"#REF!"}]
[{"$error":"#REF!"},49,354,"40:55",{"$f":"+VLOOKUP($C52,#REF!,2,\"false\")","v":{"$error":"#REF!"}},{"$f":"+VLOOKUP($C52,#REF!,3,\"false\")","v":{"$error":"#REF!"}},{"$f":"+VLOOKUP($C52,#REF!,4,\"false\")","v":{"$error":"#REF!"}},{"$f":"+VLOOKUP($C52,#REF!,5,\"False\")","v":{"$error":"#REF!"}},{"$f":"+VLOOKUP($C52,#REF!,6,\"false\")","v":{"$error":"#REF!"}},{"$error":"#REF!"},{"$error":"#REF!"}]
[{"$error":"#REF!"},50,369,"41:00",{"$f":"+VLOOKUP($C53,#REF!,2,\"false\")","v":{"$error":"#REF!"}},{"$f":"+VLOOKUP($C53,#REF!,3,\"false\")","v":{"$error":"#REF!"}},{"$f":"+VLOOKUP($C53,#REF!,4,\"false\")","v":{"$error":"#REF!"}},{"$f":"+VLOOKUP($C53,#REF!,5,\"False\")","v":{"$error":"#REF!"}},{"$f":"+VLOOKUP($C53,#REF!,6,\"false\")","v":{"$error":"#REF!"}},{"$error":"#REF!"},{"$error":"#REF!"}]
[{"$error":"#REF!"},51,320,"41:03",{"$f":"+VLOOKUP($C54,#REF!,2,\"false\")","v":{"$error":"#REF!"}},{"$f":"+VLOOKUP($C54,#REF!,3,\"false\")","v":{"$error":"#REF!"}},{"$f":"+VLOOKUP($C54,#REF!,4,\"false\")","v":{"$error":"#REF!"}},{"$f":"+VLOOKUP($C54,#REF!,5,\"False\")","v":{"$error":"#REF!"}},{"$f":"+VLOOKUP($C54,#REF!,6,\"false\")","v":{"$error":"#REF!"}},{"$error":"#REF!"},{"$error":"#REF!"}]
[{"$error":"#REF!"},52,339,"41:12",{"$f":"+VLOOKUP($C55,#REF!,2,\"false\")","v":{"$error":"#REF!"}},{"$f":"+VLOOKUP($C55,#REF!,3,\"false\")","v":{"$error":"#REF!"}},{"$f":"+VLOOKUP($C55,#REF!,4,\"false\")","v":{"$error":"#REF!"}},{"$f":"+VLOOKUP($C55,#REF!,5,\"False\")","v":{"$error":"#REF!"}},{"$f":"+VLOOKUP($C55,#REF!,6,\"false\")","v":{"$error":"#REF!"}},{"$error":"#REF!"},{"$error":"#REF!"}]
[{"$error":"#REF!"},{"$f":"+B55+1","v":53},373,"41:17",{"$f":"+VLOOKUP($C56,#REF!,2,\"false\")","v":{"$error":"#REF!"}},{"$f":"+VLOOKUP($C56,#REF!,3,\"false\")","v":{"$error":"#REF!"}},{"$f":"+VLOOKUP($C56,#REF!,4,\"false\")","v":{"$error":"#REF!"}},{"$f":"+VLOOKUP($C56,#REF!,5,\"False\")","v":{"$error":"#REF!"}},{"$f":"+VLOOKUP($C56,#REF!,6,\"false\")","v":{"$error":"#REF!"}},{"$error":"#REF!"},{"$error":"#REF!"}]
[{"$error":"#REF!"},{"$f":"+B56+1","v":54},366,"41:23",{"$f":"+VLOOKUP($C57,#REF!,2,\"false\")","v":{"$error":"#REF!"}},{"$f":"+VLOOKUP($C57,#REF!,3,\"false\")","v":{"$error":"#REF!"}},{"$f":"+VLOOKUP($C57,#REF!,4,\"false\")","v":{"$error":"#REF!"}},{"$f":"+VLOOKUP($C57,#REF!,5,\"False\")","v":{"$error":"#REF!"}},{"$f":"+VLOOKUP($C57,#REF!,6,\"false\")","v":{"$error":"#REF!"}},{"$error":"#REF!"},{"$f":"+G57&\"  \"&J57","v":{"$error":"#REF!"}}]
[{"$error":"#REF!"},55,355,"41:32",{"$f":"+VLOOKUP($C58,#REF!,2,\"false\")","v":{"$error":"#REF!"}},{"$f":"+VLOOKUP($C58,#REF!,3,\"false\")","v":{"$error":"#REF!"}},{"$f":"+VLOOKUP($C58,#REF!,4,\"false\")","v":{"$error":"#REF!"}},{"$f":"+VLOOKUP($C58,#REF!,5,\"False\")","v":{"$error":"#REF!"}},{"$f":"+VLOOKUP($C58,#REF!,6,\"false\")","v":{"$error":"#REF!"}},{"$error":"#REF!"},{"$error":"#REF!"}]
[{"$error":"#REF!"},56,438,"41:39",{"$f":"+VLOOKUP($C59,#REF!,2,\"false\")","v":{"$error":"#REF!"}},{"$f":"+VLOOKUP($C59,#REF!,3,\"false\")","v":{"$error":"#REF!"}},{"$f":"+VLOOKUP($C59,#REF!,4,\"false\")","v":{"$error":"#REF!"}},{"$f":"+VLOOKUP($C59,#REF!,5,\"False\")","v":{"$error":"#REF!"}},{"$f":"+VLOOKUP($C59,#REF!,6,\"false\")","v":{"$error":"#REF!"}},{"$error":"#REF!"},{"$error":"#REF!"}]
[{"$error":"#REF!"},57,363,"41:42",{"$f":"+VLOOKUP($C60,#REF!,2,\"false\")","v":{"$error":"#REF!"}},{"$f":"+VLOOKUP($C60,#REF!,3,\"false\")","v":{"$error":"#REF!"}},{"$f":"+VLOOKUP($C60,#REF!,4,\"false\")","v":{"$error":"#REF!"}},{"$f":"+VLOOKUP($C60,#REF!,5,\"False\")","v":{"$error":"#REF!"}},{"$f":"+VLOOKUP($C60,#REF!,6,\"false\")","v":{"$error":"#REF!"}},{"$error":"#REF!"},{"$error":"#REF!"}]
[{"$error":"#REF!"},58,409,"41:48",{"$f":"+VLOOKUP($C61,#REF!,2,\"false\")","v":{"$error":"#REF!"}},{"$f":"+VLOOKUP($C61,#REF!,3,\"false\")","v":{"$error":"#REF!"}},{"$f":"+VLOOKUP($C61,#REF!,4,\"false\")","v":{"$error":"#REF!"}},{"$f":"+VLOOKUP($C61,#REF!,5,\"False\")","v":{"$error":"#REF!"}},{"$f":"+VLOOKUP($C61,#REF!,6,\"false\")","v":{"$error":"#REF!"}},{"$error":"#REF!"},{"$error":"#REF!"}]
[{"$error":"#REF!"},59,400,"41:50",{"$f":"+VLOOKUP($C62,#REF!,2,\"false\")","v":{"$error":"#REF!"}},{"$f":"+VLOOKUP($C62,#REF!,3,\"false\")","v":{"$error":"#REF!"}},{"$f":"+VLOOKUP($C62,#REF!,4,\"false\")","v":{"$error":"#REF!"}},{"$f":"+VLOOKUP($C62,#REF!,5,\"False\")","v":{"$error":"#REF!"}},{"$f":"+VLOOKUP($C62,#REF!,6,\"false\")","v":{"$error":"#REF!"}},{"$error":"#REF!"},{"$error":"#REF!"}]
[{"$error":"#REF!"},60,360,"41:51",{"$f":"+VLOOKUP($C63,#REF!,2,\"false\")","v":{"$error":"#REF!"}},{"$f":"+VLOOKUP($C63,#REF!,3,\"false\")","v":{"$error":"#REF!"}},{"$f":"+VLOOKUP($C63,#REF!,4,\"false\")","v":{"$error":"#REF!"}},{"$f":"+VLOOKUP($C63,#REF!,5,\"False\")","v":{"$error":"#REF!"}},{"$f":"+VLOOKUP($C63,#REF!,6,\"false\")","v":{"$error":"#REF!"}},{"$error":"#REF!"},{"$error":"#REF!"}]
[{"$error":"#REF!"},61,408,"42:07",{"$f":"+VLOOKUP($C64,#REF!,2,\"false\")","v":{"$error":"#REF!"}},{"$f":"+VLOOKUP($C64,#REF!,3,\"false\")","v":{"$error":"#REF!"}},{"$f":"+VLOOKUP($C64,#REF!,4,\"false\")","v":{"$error":"#REF!"}},{"$f":"+VLOOKUP($C64,#REF!,5,\"False\")","v":{"$error":"#REF!"}},{"$f":"+VLOOKUP($C64,#REF!,6,\"false\")","v":{"$error":"#REF!"}},{"$error":"#REF!"},{"$error":"#REF!"}]
[{"$error":"#REF!"},62,424,"42:22",{"$f":"+VLOOKUP($C65,#REF!,2,\"false\")","v":{"$error":"#REF!"}},{"$f":"+VLOOKUP($C65,#REF!,3,\"false\")","v":{"$error":"#REF!"}},{"$f":"+VLOOKUP($C65,#REF!,4,\"false\")","v":{"$error":"#REF!"}},{"$f":"+VLOOKUP($C65,#REF!,5,\"False\")","v":{"$error":"#REF!"}},{"$f":"+VLOOKUP($C65,#REF!,6,\"false\")","v":{"$error":"#REF!"}},{"$error":"#REF!"},{"$error":"#REF!"}]
[{"$error":"#REF!"},63,447,"42:22",{"$f":"+VLOOKUP($C66,#REF!,2,\"false\")","v":{"$error":"#REF!"}},{"$f":"+VLOOKUP($C66,#REF!,3,\"false\")","v":{"$error":"#REF!"}},{"$f":"+VLOOKUP($C66,#REF!,4,\"false\")","v":{"$error":"#REF!"}},{"$f":"+VLOOKUP($C66,#REF!,5,\"False\")","v":{"$error":"#REF!"}},{"$f":"+VLOOKUP($C66,#REF!,6,\"false\")","v":{"$error":"#REF!"}},{"$error":"#REF!"},{"$error":"#REF!"}]
[{"$error":"#REF!"},64,348,"42:31",{"$f":"+VLOOKUP($C67,#REF!,2,\"false\")","v":{"$error":"#REF!"}},{"$f":"+VLOOKUP($C67,#REF!,3,\"false\")","v":{"$error":"#REF!"}},{"$f":"+VLOOKUP($C67,#REF!,4,\"false\")","v":{"$error":"#REF!"}},{"$f":"+VLOOKUP($C67,#REF!,5,\"False\")","v":{"$error":"#REF!"}},{"$f":"+VLOOKUP($C67,#REF!,6,\"false\")","v":{"$error":"#REF!"}},{"$error":"#REF!"},{"$error":"#REF!"}]
[{"$error":"#REF!"},65,428,"42:32",{"$f":"+VLOOKUP($C68,#REF!,2,\"false\")","v":{"$error":"#REF!"}},{"$f":"+VLOOKUP($C68,#REF!,3,\"false\")","v":{"$error":"#REF!"}},{"$f":"+VLOOKUP($C68,#REF!,4,\"false\")","v":{"$error":"#REF!"}},{"$f":"+VLOOKUP($C68,#REF!,5,\"False\")","v":{"$error":"#REF!"}},{"$f":"+VLOOKUP($C68,#REF!,6,\"false\")","v":{"$error":"#REF!"}},{"$f":"TEXT(SUMPRODUCT(--(G68=$G$4:$G$469),--(B68>$B$4:$B$469))+1,0)","v":{"$error":"#REF!"}},{"$error":"#REF!"}]
[{"$f":"+K69","v":{"$error":"#REF!"}},66,393,"42:49",{"$f":"+VLOOKUP($C69,#REF!,2,\"false\")","v":{"$error":"#REF!"}},{"$f":"+VLOOKUP($C69,#REF!,3,\"false\")","v":{"$error":"#REF!"}},{"$f":"+VLOOKUP($C69,#REF!,4,\"false\")","v":{"$error":"#REF!"}},{"$f":"+VLOOKUP($C69,#REF!,5,\"False\")","v":{"$error":"#REF!"}},{"$f":"+VLOOKUP($C69,#REF!,6,\"false\")","v":{"$error":"#REF!"}},{"$error":"#REF!"},{"$error":"#REF!"}]
[{"$error":"#REF!"},67,432,"42:53",{"$f":"+VLOOKUP($C70,#REF!,2,\"false\")","v":{"$error":"#REF!"}},{"$f":"+VLOOKUP($C70,#REF!,3,\"false\")","v":{"$error":"#REF!"}},{"$f":"+VLOOKUP($C70,#REF!,4,\"false\")","v":{"$error":"#REF!"}},{"$f":"+VLOOKUP($C70,#REF!,5,\"False\")","v":{"$error":"#REF!"}},{"$f":"+VLOOKUP($C70,#REF!,6,\"false\")","v":{"$error":"#REF!"}},{"$error":"#REF!"},{"$error":"#REF!"}]
[{"$error":"#REF!"},68,336,"43:08",{"$f":"+VLOOKUP($C71,#REF!,2,\"false\")","v":{"$error":"#REF!"}},{"$f":"+VLOOKUP($C71,#REF!,3,\"false\")","v":{"$error":"#REF!"}},{"$f":"+VLOOKUP($C71,#REF!,4,\"false\")","v":{"$error":"#REF!"}},{"$f":"+VLOOKUP($C71,#REF!,5,\"False\")","v":{"$error":"#REF!"}},{"$f":"+VLOOKUP($C71,#REF!,6,\"false\")","v":{"$error":"#REF!"}},{"$error":"#REF!"},{"$error":"#REF!"}]
[{"$error":"#REF!"},69,328,"43:21",{"$f":"+VLOOKUP($C72,#REF!,2,\"false\")","v":{"$error":"#REF!"}},{"$f":"+VLOOKUP($C72,#REF!,3,\"false\")","v":{"$error":"#REF!"}},{"$f":"+VLOOKUP($C72,#REF!,4,\"false\")","v":{"$error":"#REF!"}},{"$f":"+VLOOKUP($C72,#REF!,5,\"False\")","v":{"$error":"#REF!"}},{"$f":"+VLOOKUP($C72,#REF!,6,\"false\")","v":{"$error":"#REF!"}},{"$error":"#REF!"},{"$error":"#REF!"}]
[{"$error":"#REF!"},70,444,"43:26",{"$f":"+VLOOKUP($C73,#REF!,2,\"false\")","v":{"$error":"#REF!"}},{"$f":"+VLOOKUP($C73,#REF!,3,\"false\")","v":{"$error":"#REF!"}},{"$f":"+VLOOKUP($C73,#REF!,4,\"false\")","v":{"$error":"#REF!"}},{"$f":"+VLOOKUP($C73,#REF!,5,\"False\")","v":{"$error":"#REF!"}},{"$f":"+VLOOKUP($C73,#REF!,6,\"false\")","v":{"$error":"#REF!"}},{"$error":"#REF!"},{"$error":"#REF!"}]
[{"$error":"#REF!"},71,364,"43:26",{"$f":"+VLOOKUP($C74,#REF!,2,\"false\")","v":{"$error":"#REF!"}},{"$f":"+VLOOKUP($C74,#REF!,3,\"false\")","v":{"$error":"#REF!"}},{"$f":"+VLOOKUP($C74,#REF!,4,\"false\")","v":{"$error":"#REF!"}},{"$f":"+VLOOKUP($C74,#REF!,5,\"False\")","v":{"$error":"#REF!"}},{"$f":"+VLOOKUP($C74,#REF!,6,\"false\")","v":{"$error":"#REF!"}},{"$error":"#REF!"},{"$error":"#REF!"}]
[{"$error":"#REF!"},72,338,"43:36",{"$f":"+VLOOKUP($C75,#REF!,2,\"false\")","v":{"$error":"#REF!"}},{"$f":"+VLOOKUP($C75,#REF!,3,\"false\")","v":{"$error":"#REF!"}},{"$f":"+VLOOKUP($C75,#REF!,4,\"false\")","v":{"$error":"#REF!"}},{"$f":"+VLOOKUP($C75,#REF!,5,\"False\")","v":{"$error":"#REF!"}},{"$f":"+VLOOKUP($C75,#REF!,6,\"false\")","v":{"$error":"#REF!"}},{"$error":"#REF!"},{"$error":"#REF!"}]
[{"$error":"#REF!"},73,425,"43:44",{"$f":"+VLOOKUP($C76,#REF!,2,\"false\")","v":{"$error":"#REF!"}},{"$f":"+VLOOKUP($C76,#REF!,3,\"false\")","v":{"$error":"#REF!"}},{"$f":"+VLOOKUP($C76,#REF!,4,\"false\")","v":{"$error":"#REF!"}},{"$f":"+VLOOKUP($C76,#REF!,5,\"False\")","v":{"$error":"#REF!"}},{"$f":"+VLOOKUP($C76,#REF!,6,\"false\")","v":{"$error":"#REF!"}},{"$error":"#REF!"},{"$error":"#REF!"}]
[{"$error":"#REF!"},74,440,"43:48",{"$f":"+VLOOKUP($C77,#REF!,2,\"false\")","v":{"$error":"#REF!"}},{"$f":"+VLOOKUP($C77,#REF!,3,\"false\")","v":{"$error":"#REF!"}},{"$f":"+VLOOKUP($C77,#REF!,4,\"false\")","v":{"$error":"#REF!"}},{"$f":"+VLOOKUP($C77,#REF!,5,\"False\")","v":{"$error":"#REF!"}},{"$f":"+VLOOKUP($C77,#REF!,6,\"false\")","v":{"$error":"#REF!"}},{"$error":"#REF!"},{"$error":"#REF!"}]
[{"$error":"#REF!"},75,416,"43:56",{"$f":"+VLOOKUP($C78,#REF!,2,\"false\")","v":{"$error":"#REF!"}},{"$f":"+VLOOKUP($C78,#REF!,3,\"false\")","v":{"$error":"#REF!"}},{"$f":"+VLOOKUP($C78,#REF!,4,\"false\")","v":{"$error":"#REF!"}},{"$f":"+VLOOKUP($C78,#REF!,5,\"False\")","v":{"$error":"#REF!"}},{"$f":"+VLOOKUP($C78,#REF!,6,\"false\")","v":{"$error":"#REF!"}},{"$error":"#REF!"},{"$error":"#REF!"}]
[{"$error":"#REF!"},76,405,"43:58",{"$f":"+VLOOKUP($C79,#REF!,2,\"false\")","v":{"$error":"#REF!"}},{"$f":"+VLOOKUP($C79,#REF!,3,\"false\")","v":{"$error":"#REF!"}},{"$f":"+VLOOKUP($C79,#REF!,4,\"false\")","v":{"$error":"#REF!"}},{"$f":"+VLOOKUP($C79,#REF!,5,\"False\")","v":{"$error":"#REF!"}},{"$f":"+VLOOKUP($C79,#REF!,6,\"false\")","v":{"$error":"#REF!"}},{"$error":"#REF!"},{"$error":"#REF!"}]
[{"$error":"#REF!"},77,367,"44:21",{"$f":"+VLOOKUP($C80,#REF!,2,\"false\")","v":{"$error":"#REF!"}},{"$f":"+VLOOKUP($C80,#REF!,3,\"false\")","v":{"$error":"#REF!"}},{"$f":"+VLOOKUP($C80,#REF!,4,\"false\")","v":{"$error":"#REF!"}},{"$f":"+VLOOKUP($C80,#REF!,5,\"False\")","v":{"$error":"#REF!"}},{"$f":"+VLOOKUP($C80,#REF!,6,\"false\")","v":{"$error":"#REF!"}},{"$error":"#REF!"},{"$error":"#REF!"}]
[{"$f":"+K81","v":{"$error":"#REF!"}},78,417,"44:49",{"$f":"+VLOOKUP($C81,#REF!,2,\"false\")","v":{"$error":"#REF!"}},{"$f":"+VLOOKUP($C81,#REF!,3,\"false\")","v":{"$error":"#REF!"}},{"$f":"+VLOOKUP($C81,#REF!,4,\"false\")","v":{"$error":"#REF!"}},{"$f":"+VLOOKUP($C81,#REF!,5,\"False\")","v":{"$error":"#REF!"}},{"$f":"+VLOOKUP($C81,#REF!,6,\"false\")","v":{"$error":"#REF!"}},{"$error":"#REF!"},{"$f":"+G81&\"  \"&J81","v":{"$error":"#REF!"}}]
[{"$error":"#REF!"},79,395,"44:53",{"$f":"+VLOOKUP($C82,#REF!,2,\"false\")","v":{"$error":"#REF!"}},{"$f":"+VLOOKUP($C82,#REF!,3,\"false\")","v":{"$error":"#REF!"}},{"$f":"+VLOOKUP($C82,#REF!,4,\"false\")","v":{"$error":"#REF!"}},{"$f":"+VLOOKUP($C82,#REF!,5,\"False\")","v":{"$error":"#REF!"}},{"$f":"+VLOOKUP($C82,#REF!,6,\"false\")","v":{"$error":"#REF!"}},{"$error":"#REF!"},{"$error":"#REF!"}]
[{"$error":"#REF!"},80,448,"45:11",{"$f":"+VLOOKUP($C83,#REF!,2,\"false\")","v":{"$error":"#REF!"}},{"$f":"+VLOOKUP($C83,#REF!,3,\"false\")","v":{"$error":"#REF!"}},{"$f":"+VLOOKUP($C83,#REF!,4,\"false\")","v":{"$error":"#REF!"}},{"$f":"+VLOOKUP($C83,#REF!,5,\"False\")","v":{"$error":"#REF!"}},{"$f":"+VLOOKUP($C83,#REF!,6,\"false\")","v":{"$error":"#REF!"}},{"$error":"#REF!"},{"$error":"#REF!"}]
[{"$error":"#REF!"},81,430,"45:20",{"$f":"+VLOOKUP($C84,#REF!,2,\"false\")","v":{"$error":"#REF!"}},{"$f":"+VLOOKUP($C84,#REF!,3,\"false\")","v":{"$error":"#REF!"}},{"$f":"+VLOOKUP($C84,#REF!,4,\"false\")","v":{"$error":"#REF!"}},{"$f":"+VLOOKUP($C84,#REF!,5,\"False\")","v":{"$error":"#REF!"}},{"$f":"+VLOOKUP($C84,#REF!,6,\"false\")","v":{"$error":"#REF!"}},{"$error":"#REF!"},{"$error":"#REF!"}]
[{"$error":"#REF!"},82,368,"45:37",{"$f":"+VLOOKUP($C85,#REF!,2,\"false\")","v":{"$error":"#REF!"}},{"$f":"+VLOOKUP($C85,#REF!,3,\"false\")","v":{"$error":"#REF!"}},{"$f":"+VLOOKUP($C85,#REF!,4,\"false\")","v":{"$error":"#REF!"}},{"$f":"+VLOOKUP($C85,#REF!,5,\"False\")","v":{"$error":"#REF!"}},{"$f":"+VLOOKUP($C85,#REF!,6,\"false\")","v":{"$error":"#REF!"}},{"$error":"#REF!"},{"$error":"#REF!"}]
[{"$error":"#REF!"},83,344,"45:58",{"$f":"+VLOOKUP($C86,#REF!,2,\"false\")","v":{"$error":"#REF!"}},{"$f":"+VLOOKUP($C86,#REF!,3,\"false\")","v":{"$error":"#REF!"}},{"$f":"+VLOOKUP($C86,#REF!,4,\"false\")","v":{"$error":"#REF!"}},{"$f":"+VLOOKUP($C86,#REF!,5,\"False\")","v":{"$error":"#REF!"}},{"$f":"+VLOOKUP($C86,#REF!,6,\"false\")","v":{"$error":"#REF!"}},{"$error":"#REF!"},{"$error":"#REF!"}]
[{"$error":"#REF!"},84,342,"46:06",{"$f":"+VLOOKUP($C87,#REF!,2,\"false\")","v":{"$error":"#REF!"}},{"$f":"+VLOOKUP($C87,#REF!,3,\"false\")","v":{"$error":"#REF!"}},{"$f":"+VLOOKUP($C87,#REF!,4,\"false\")","v":{"$error":"#REF!"}},{"$f":"+VLOOKUP($C87,#REF!,5,\"False\")","v":{"$error":"#REF!"}},{"$f":"+VLOOKUP($C87,#REF!,6,\"false\")","v":{"$error":"#REF!"}},{"$error":"#REF!"},{"$error":"#REF!"}]
[{"$error":"#REF!"},85,326,"46:13",{"$f":"+VLOOKUP($C88,#REF!,2,\"false\")","v":{"$error":"#REF!"}},{"$f":"+VLOOKUP($C88,#REF!,3,\"false\")","v":{"$error":"#REF!"}},{"$f":"+VLOOKUP($C88,#REF!,4,\"false\")","v":{"$error":"#REF!"}},{"$f":"+VLOOKUP($C88,#REF!,5,\"False\")","v":{"$error":"#REF!"}},{"$f":"+VLOOKUP($C88,#REF!,6,\"false\")","v":{"$error":"#REF!"}},{"$error":"#REF!"},{"$error":"#REF!"}]
[{"$error":"#REF!"},86,401,"46:18",{"$f":"+VLOOKUP($C89,#REF!,2,\"false\")","v":{"$error":"#REF!"}},{"$f":"+VLOOKUP($C89,#REF!,3,\"false\")","v":{"$error":"#REF!"}},{"$f":"+VLOOKUP($C89,#REF!,4,\"false\")","v":{"$error":"#REF!"}},{"$f":"+VLOOKUP($C89,#REF!,5,\"False\")","v":{"$error":"#REF!"}},{"$f":"+VLOOKUP($C89,#REF!,6,\"false\")","v":{"$error":"#REF!"}},{"$error":"#REF!"},{"$error":"#REF!"}]
[{"$error":"#REF!"},87,403,"46:19",{"$f":"+VLOOKUP($C90,#REF!,2,\"false\")","v":{"$error":"#REF!"}},{"$f":"+VLOOKUP($C90,#REF!,3,\"false\")","v":{"$error":"#REF!"}},{"$f":"+VLOOKUP($C90,#REF!,4,\"false\")","v":{"$error":"#REF!"}},{"$f":"+VLOOKUP($C90,#REF!,5,\"False\")","v":{"$error":"#REF!"}},{"$f":"+VLOOKUP($C90,#REF!,6,\"false\")","v":{"$error":"#REF!"}},{"$error":"#REF!"},{"$error":"#REF!"}]
[{"$error":"#REF!"},88,406,"46:41",{"$f":"+VLOOKUP($C91,#REF!,2,\"false\")","v":{"$error":"#REF!"}},{"$f":"+VLOOKUP($C91,#REF!,3,\"false\")","v":{"$error":"#REF!"}},{"$f":"+VLOOKUP($C91,#REF!,4,\"false\")","v":{"$error":"#REF!"}},{"$f":"+VLOOKUP($C91,#REF!,5,\"False\")","v":{"$error":"#REF!"}},{"$f":"+VLOOKUP($C91,#REF!,6,\"false\")","v":{"$error":"#REF!"}},{"$error":"#REF!"},{"$error":"#REF!"}]
[{"$error":"#REF!"},89,426,"46:50",{"$f":"+VLOOKUP($C92,#REF!,2,\"false\")","v":{"$error":"#REF!"}},{"$f":"+VLOOKUP($C92,#REF!,3,\"false\")","v":{"$error":"#REF!"}},{"$f":"+VLOOKUP($C92,#REF!,4,\"false\")","v":{"$error":"#REF!"}},{"$f":"+VLOOKUP($C92,#REF!,5,\"False\")","v":{"$error":"#REF!"}},{"$f":"+VLOOKUP($C92,#REF!,6,\"false\")","v":{"$error":"#REF!"}},{"$error":"#REF!"},{"$error":"#REF!"}]
[{"$error":"#REF!"},90,419,"47:25",{"$f":"+VLOOKUP($C93,#REF!,2,\"false\")","v":{"$error":"#REF!"}},{"$f":"+VLOOKUP($C93,#REF!,3,\"false\")","v":{"$error":"#REF!"}},{"$f":"+VLOOKUP($C93,#REF!,4,\"false\")","v":{"$error":"#REF!"}},{"$f":"+VLOOKUP($C93,#REF!,5,\"False\")","v":{"$error":"#REF!"}},{"$f":"+VLOOKUP($C93,#REF!,6,\"false\")","v":{"$error":"#REF!"}},{"$error":"#REF!"},{"$error":"#REF!"}]
[{"$error":"#REF!"},91,376,"47:31",{"$f":"+VLOOKUP($C94,#REF!,2,\"false\")","v":{"$error":"#REF!"}},{"$f":"+VLOOKUP($C94,#REF!,3,\"false\")","v":{"$error":"#REF!"}},{"$f":"+VLOOKUP($C94,#REF!,4,\"false\")","v":{"$error":"#REF!"}},{"$f":"+VLOOKUP($C94,#REF!,5,\"False\")","v":{"$error":"#REF!"}},{"$f":"+VLOOKUP($C94,#REF!,6,\"false\")","v":{"$error":"#REF!"}},{"$error":"#REF!"},{"$error":"#REF!"}]
[{"$error":"#REF!"},92,420,"47:43",{"$f":"+VLOOKUP($C95,#REF!,2,\"false\")","v":{"$error":"#REF!"}},{"$f":"+VLOOKUP($C95,#REF!,3,\"false\")","v":{"$error":"#REF!"}},{"$f":"+VLOOKUP($C95,#REF!,4,\"false\")","v":{"$error":"#REF!"}},{"$f":"+VLOOKUP($C95,#REF!,5,\"False\")","v":{"$error":"#REF!"}},{"$f":"+VLOOKUP($C95,#REF!,6,\"false\")","v":{"$error":"#REF!"}},{"$error":"#REF!"},{"$error":"#REF!"}]
[{"$error":"#REF!"},93,331,"47:56",{"$f":"+VLOOKUP($C96,#REF!,2,\"false\")","v":{"$error":"#REF!"}},{"$f":"+VLOOKUP($C96,#REF!,3,\"false\")","v":{"$error":"#REF!"}},{"$f":"+VLOOKUP($C96,#REF!,4,\"false\")","v":{"$error":"#REF!"}},{"$f":"+VLOOKUP($C96,#REF!,5,\"False\")","v":{"$error":"#REF!"}},{"$f":"+VLOOKUP($C96,#REF!,6,\"false\")","v":{"$error":"#REF!"}},{"$error":"#REF!"},{"$error":"#REF!"}]
[{"$error":"#REF!"},94,370,"48:03",{"$f":"+VLOOKUP($C97,#REF!,2,\"false\")","v":{"$error":"#REF!"}},{"$f":"+VLOOKUP($C97,#REF!,3,\"false\")","v":{"$error":"#REF!"}},{"$f":"+VLOOKUP($C97,#REF!,4,\"false\")","v":{"$error":"#REF!"}},{"$f":"+VLOOKUP($C97,#REF!,5,\"False\")","v":{"$error":"#REF!"}},{"$f":"+VLOOKUP($C97,#REF!,6,\"false\")","v":{"$error":"#REF!"}},{"$error":"#REF!"},{"$error":"#REF!"}]
[{"$error":"#REF!"},95,365,"48:12",{"$f":"+VLOOKUP($C98,#REF!,2,\"false\")","v":{"$error":"#REF!"}},{"$f":"+VLOOKUP($C98,#REF!,3,\"false\")","v":{"$error":"#REF!"}},{"$f":"+VLOOKUP($C98,#REF!,4,\"false\")","v":{"$error":"#REF!"}},{"$f":"+VLOOKUP($C98,#REF!,5,\"False\")","v":{"$error":"#REF!"}},{"$f":"+VLOOKUP($C98,#REF!,6,\"false\")","v":{"$error":"#REF!"}},{"$error":"#REF!"},{"$error":"#REF!"}]
[{"$error":"#REF!"},96,445,"48:24",{"$f":"+VLOOKUP($C99,#REF!,2,\"false\")","v":{"$error":"#REF!"}},{"$f":"+VLOOKUP($C99,#REF!,3,\"false\")","v":{"$error":"#REF!"}},{"$f":"+VLOOKUP($C99,#REF!,4,\"false\")","v":{"$error":"#REF!"}},{"$f":"+VLOOKUP($C99,#REF!,5,\"False\")","v":{"$error":"#REF!"}},{"$f":"+VLOOKUP($C99,#REF!,6,\"false\")","v":{"$error":"#REF!"}},{"$error":"#REF!"},{"$error":"#REF!"}]
[{"$error":"#REF!"},97,446,"48:37",{"$f":"+VLOOKUP($C100,#REF!,2,\"false\")","v":{"$error":"#REF!"}},{"$f":"+VLOOKUP($C100,#REF!,3,\"false\")","v":{"$error":"#REF!"}},{"$f":"+VLOOKUP($C100,#REF!,4,\"false\")","v":{"$error":"#REF!"}},{"$f":"+VLOOKUP($C100,#REF!,5,\"False\")","v":{"$error":"#REF!"}},{"$f":"+VLOOKUP($C100,#REF!,6,\"false\")","v":{"$error":"#REF!"}},{"$f":"TEXT(SUMPRODUCT(--(G100=$G$4:$G$469),--(B100>$B$4:$B$469))+1,0)","v":{"$error":"#REF!"}},{"$error":"#REF!"},null,null,"HNJ"]
[{"$error":"#REF!"},98,402,"49:13",{"$f":"+VLOOKUP($C101,#REF!,2,\"false\")","v":{"$error":"#REF!"}},{"$f":"+VLOOKUP($C101,#REF!,3,\"false\")","v":{"$error":"#REF!"}},{"$f":"+VLOOKUP($C101,#REF!,4,\"false\")","v":{"$error":"#REF!"}},{"$f":"+VLOOKUP($C101,#REF!,5,\"False\")","v":{"$error":"#REF!"}},{"$f":"+VLOOKUP($C101,#REF!,6,\"false\")","v":{"$error":"#REF!"}},{"$error":"#REF!"},{"$error":"#REF!"},null,null,"HY"]
[{"$error":"#REF!"},99,499,"49:31",{"$f":"+VLOOKUP($C102,#REF!,2,\"false\")","v":{"$error":"#REF!"}},{"$f":"+VLOOKUP($C102,#REF!,3,\"false\")","v":{"$error":"#REF!"}},{"$f":"+VLOOKUP($C102,#REF!,4,\"false\")","v":{"$error":"#REF!"}},{"$f":"+VLOOKUP($C102,#REF!,5,\"False\")","v":{"$error":"#REF!"}},{"$f":"+VLOOKUP($C102,#REF!,6,\"false\")","v":{"$error":"#REF!"}},{"$error":"#REF!"},{"$error":"#REF!"},null,null,"LEW"]
[{"$error":"#REF!"},100,356,"49:36",{"$f":"+VLOOKUP($C103,#REF!,2,\"false\")","v":{"$error":"#REF!"}},{"$f":"+VLOOKUP($C103,#REF!,3,\"false\")","v":{"$error":"#REF!"}},{"$f":"+VLOOKUP($C103,#REF!,4,\"false\")","v":{"$error":"#REF!"}},{"$f":"+VLOOKUP($C103,#REF!,5,\"False\")","v":{"$error":"#REF!"}},{"$f":"+VLOOKUP($C103,#REF!,6,\"false\")","v":{"$error":"#REF!"}},{"$error":"#REF!"},{"$error":"#REF!"},null,null,"CHI"]
[{"$error":"#REF!"},101,345,"49:42",{"$f":"+VLOOKUP($C104,#REF!,2,\"false\")","v":{"$error":"#REF!"}},{"$f":"+VLOOKUP($C104,#REF!,3,\"false\")","v":{"$error":"#REF!"}},{"$f":"+VLOOKUP($C104,#REF!,4,\"false\")","v":{"$error":"#REF!"}},{"$f":"+VLOOKUP($C104,#REF!,5,\"False\")","v":{"$error":"#REF!"}},{"$f":"+VLOOKUP($C104,#REF!,6,\"false\")","v":{"$error":"#REF!"}},{"$error":"#REF!"},{"$error":"#REF!"},null,null,"CSS"]
[{"$error":"#REF!"},102,399,"49:50",{"$f":"+VLOOKUP($C105,#REF!,2,\"false\")","v":{"$error":"#REF!"}},{"$f":"+VLOOKUP($C105,#REF!,3,\"false\")","v":{"$error":"#REF!"}},{"$f":"+VLOOKUP($C105,#REF!,4,\"false\")","v":{"$error":"#REF!"}},{"$f":"+VLOOKUP($C105,#REF!,5,\"False\")","v":{"$error":"#REF!"}},{"$f":"+VLOOKUP($C105,#REF!,6,\"false\")","v":{"$error":"#REF!"}},{"$error":"#REF!"},{"$error":"#REF!"},null,null,"PHX"]
[{"$error":"#REF!"},103,441,"51:20",{"$f":"+VLOOKUP($C106,#REF!,2,\"false\")","v":{"$error":"#REF!"}},{"$f":"+VLOOKUP($C106,#REF!,3,\"false\")","v":{"$error":"#REF!"}},{"$f":"+VLOOKUP($C106,#REF!,4,\"false\")","v":{"$error":"#REF!"}},{"$f":"+VLOOKUP($C106,#REF!,5,\"False\")","v":{"$error":"#REF!"}},{"$f":"+VLOOKUP($C106,#REF!,6,\"false\")","v":{"$error":"#REF!"}},{"$error":"#REF!"},{"$error":"#REF!"},null,null,"HAI"]
[{"$error":"#REF!"},104,414,"51:32",{"$f":"+VLOOKUP($C107,#REF!,2,\"false\")","v":{"$error":"#REF!"}},{"$f":"+VLOOKUP($C107,#REF!,3,\"false\")","v":{"$error":"#REF!"}},{"$f":"+VLOOKUP($C107,#REF!,4,\"false\")","v":{"$error":"#REF!"}},{"$f":"+VLOOKUP($C107,#REF!,5,\"False\")","v":{"$error":"#REF!"}},{"$f":"+VLOOKUP($C107,#REF!,6,\"false\")","v":{"$error":"#REF!"}},{"$error":"#REF!"},{"$error":"#REF!"},null,null,"EBR"]
[{"$error":"#REF!"},105,504,"52:20",{"$f":"+VLOOKUP($C108,#REF!,2,\"false\")","v":{"$error":"#REF!"}},{"$f":"+VLOOKUP($C108,#REF!,3,\"false\")","v":{"$error":"#REF!"}},{"$f":"+VLOOKUP($C108,#REF!,4,\"false\")","v":{"$error":"#REF!"}},{"$f":"+VLOOKUP($C108,#REF!,5,\"False\")","v":{"$error":"#REF!"}},{"$f":"+VLOOKUP($C108,#REF!,6,\"false\")","v":{"$error":"#REF!"}},{"$error":"#REF!"},{"$error":"#REF!"},null,null,"BTC"]
[{"$error":"#REF!"},106,436,"52:28",{"$f":"+VLOOKUP($C109,#REF!,2,\"false\")","v":{"$error":"#REF!"}},{"$f":"+VLOOKUP($C109,#REF!,3,\"false\")","v":{"$error":"#REF!"}},{"$f":"+VLOOKUP($C109,#REF!,4,\"false\")","v":{"$error":"#REF!"}},{"$f":"+VLOOKUP($C109,#REF!,5,\"False\")","v":{"$error":"#REF!"}},{"$f":"+VLOOKUP($C109,#REF!,6,\"false\")","v":{"$error":"#REF!"}},{"$error":"#REF!"},{"$error":"#REF!"},null,null,"HHH"]
[{"$error":"#REF!"},107,325,"52:50",{"$f":"+VLOOKUP($C110,#REF!,2,\"false\")","v":{"$error":"#REF!"}},{"$f":"+VLOOKUP($C110,#REF!,3,\"false\")","v":{"$error":"#REF!"}},{"$f":"+VLOOKUP($C110,#REF!,4,\"false\")","v":{"$error":"#REF!"}},{"$f":"+VLOOKUP($C110,#REF!,5,\"False\")","v":{"$error":"#REF!"}},{"$f":"+VLOOKUP($C110,#REF!,6,\"false\")","v":{"$error":"#REF!"}},{"$error":"#REF!"},{"$error":"#REF!"},null,null,"CRA"]
[{"$error":"#REF!"},108,352,"52:59",{"$f":"+VLOOKUP($C111,#REF!,2,\"false\")","v":{"$error":"#REF!"}},{"$f":"+VLOOKUP($C111,#REF!,3,\"false\")","v":{"$error":"#REF!"}},{"$f":"+VLOOKUP($C111,#REF!,4,\"false\")","v":{"$error":"#REF!"}},{"$f":"+VLOOKUP($C111,#REF!,5,\"False\")","v":{"$error":"#REF!"}},{"$f":"+VLOOKUP($C111,#REF!,6,\"false\")","v":{"$error":"#REF!"}},{"$error":"#REF!"},{"$error":"#REF!"},null,null,"VR"]
[{"$error":"#REF!"},109,396,"53:16",{"$f":"+VLOOKUP($C112,#REF!,2,\"false\")","v":{"$error":"#REF!"}},{"$f":"+VLOOKUP($C112,#REF!,3,\"false\")","v":{"$error":"#REF!"}},{"$f":"+VLOOKUP($C112,#REF!,4,\"false\")","v":{"$error":"#REF!"}},{"$f":"+VLOOKUP($C112,#REF!,5,\"False\")","v":{"$error":"#REF!"}},{"$f":"+VLOOKUP($C112,#REF!,6,\"false\")","v":{"$error":"#REF!"}},{"$error":"#REF!"},{"$error":"#REF!"},null,null,"B&H"]
[{"$error":"#REF!"},110,379,"54:27",{"$f":"+VLOOKUP($C113,#REF!,2,\"false\")","v":{"$error":"#REF!"}},{"$f":"+VLOOKUP($C113,#REF!,3,\"false\")","v":{"$error":"#REF!"}},{"$f":"+VLOOKUP($C113,#REF!,4,\"false\")","v":{"$error":"#REF!"}},{"$f":"+VLOOKUP($C113,#REF!,5,\"False\")","v":{"$error":"#REF!"}},{"$f":"+VLOOKUP($C113,#REF!,6,\"false\")","v":{"$error":"#REF!"}},{"$error":"#REF!"},{"$error":"#REF!"},null,null,"HBS"]
[{"$error":"#REF!"},111,427,"54:45",{"$f":"+VLOOKUP($C114,#REF!,2,\"false\")","v":{"$error":"#REF!"}},{"$f":"+VLOOKUP($C114,#REF!,3,\"false\")","v":{"$error":"#REF!"}},{"$f":"+VLOOKUP($C114,#REF!,4,\"false\")","v":{"$error":"#REF!"}},{"$f":"+VLOOKUP($C114,#REF!,5,\"False\")","v":{"$error":"#REF!"}},{"$f":"+VLOOKUP($C114,#REF!,6,\"false\")","v":{"$error":"#REF!"}},{"$error":"#REF!"},{"$error":"#REF!"},null,null,"HAS"]
[{"$error":"#REF!"},112,439,"55:06",{"$f":"+VLOOKUP($C115,#REF!,2,\"false\")","v":{"$error":"#REF!"}},{"$f":"+VLOOKUP($C115,#REF!,3,\"false\")","v":{"$error":"#REF!"}},{"$f":"+VLOOKUP($C115,#REF!,4,\"false\")","v":{"$error":"#REF!"}},{"$f":"+VLOOKUP($C115,#REF!,5,\"False\")","v":{"$error":"#REF!"}},{"$f":"+VLOOKUP($C115,#REF!,6,\"false\")","v":{"$error":"#REF!"}},{"$error":"#REF!"},{"$error":"#REF!"},null,null,"BWK"]
[{"$error":"#REF!"},113,377,"56:03",{"$f":"+VLOOKUP($C116,#REF!,2,\"false\")","v":{"$error":"#REF!"}},{"$f":"+VLOOKUP($C116,#REF!,3,\"false\")","v":{"$error":"#REF!"}},{"$f":"+VLOOKUP($C116,#REF!,4,\"false\")","v":{"$error":"#REF!"}},{"$f":"+VLOOKUP($C116,#REF!,5,\"False\")","v":{"$error":"#REF!"}},{"$f":"+VLOOKUP($C116,#REF!,6,\"false\")","v":{"$error":"#REF!"}},{"$error":"#REF!"},{"$error":"#REF!"},null,null,"HMJ"]
[{"$error":"#REF!"},114,371,"56:17",{"$f":"+VLOOKUP($C117,#REF!,2,\"false\")","v":{"$error":"#REF!"}},{"$f":"+VLOOKUP($C117,#REF!,3,\"false\")","v":{"$error":"#REF!"}},{"$f":"+VLOOKUP($C117,#REF!,4,\"false\")","v":{"$error":"#REF!"}},{"$f":"+VLOOKUP($C117,#REF!,5,\"False\")","v":{"$error":"#REF!"}},{"$f":"+VLOOKUP($C117,#REF!,6,\"false\")","v":{"$error":"#REF!"}},{"$error":"#REF!"},{"$error":"#REF!"},null,null,"SYN"]
[{"$error":"#REF!"},115,327,"60:26",{"$f":"+VLOOKUP($C118,#REF!,2,\"false\")","v":{"$error":"#REF!"}},{"$f":"+VLOOKUP($C118,#REF!,3,\"false\")","v":{"$error":"#REF!"}},{"$f":"+VLOOKUP($C118,#REF!,4,\"false\")","v":{"$error":"#REF!"}},{"$f":"+VLOOKUP($C118,#REF!,5,\"False\")","v":{"$error":"#REF!"}},{"$f":"+VLOOKUP($C118,#REF!,6,\"false\")","v":{"$error":"#REF!"}},{"$error":"#REF!"},{"$error":"#REF!"},null,null,"CROW"]
[{"$error":"#REF!"},116,415,"61:52",{"$f":"+VLOOKUP($C119,#REF!,2,\"false\")","v":{"$error":"#REF!"}},{"$f":"+VLOOKUP($C119,#REF!,3,\"false\")","v":{"$error":"#REF!"}},{"$f":"+VLOOKUP($C119,#REF!,4,\"false\")","v":{"$error":"#REF!"}},{"$f":"+VLOOKUP($C119,#REF!,5,\"False\")","v":{"$error":"#REF!"}},{"$f":"+VLOOKUP($C119,#REF!,6,\"false\")","v":{"$error":"#REF!"}},{"$error":"#REF!"},{"$error":"#REF!"},null,null,"WDH"]
[{"$error":"#REF!"},117,398,"61:53",{"$f":"+VLOOKUP($C120,#REF!,2,\"false\")","v":{"$error":"#REF!"}},{"$f":"+VLOOKUP($C120,#REF!,3,\"false\")","v":{"$error":"#REF!"}},{"$f":"+VLOOKUP($C120,#REF!,4,\"false\")","v":{"$error":"#REF!"}},{"$f":"+VLOOKUP($C120,#REF!,5,\"False\")","v":{"$error":"#REF!"}},{"$f":"+VLOOKUP($C120,#REF!,6,\"false\")","v":{"$error":"#REF!"}},{"$error":"#REF!"},{"$error":"#REF!"},null,null,"GRR"]
[{"$error":"#REF!"},{"$f":"+B120+1","v":118},374,"62:46",{"$f":"+VLOOKUP($C121,#REF!,2,\"false\")","v":{"$error":"#REF!"}},{"$f":"+VLOOKUP($C121,#REF!,3,\"false\")","v":{"$error":"#REF!"}},{"$f":"+VLOOKUP($C121,#REF!,4,\"false\")","v":{"$error":"#REF!"}},{"$f":"+VLOOKUP($C121,#REF!,5,\"False\")","v":{"$error":"#REF!"}},{"$f":"+VLOOKUP($C121,#REF!,6,\"false\")","v":{"$error":"#REF!"}},{"$error":"#REF!"},{"$error":"#REF!"},null,null,""]
[{"$error":"#REF!"},{"$f":"+B121+1","v":119},431,"68:53",{"$f":"+VLOOKUP($C122,#REF!,2,\"false\")","v":{"$error":"#REF!"}},{"$f":"+VLOOKUP($C122,#REF!,3,\"false\")","v":{"$error":"#REF!"}},{"$f":"+VLOOKUP($C122,#REF!,4,\"false\")","v":{"$error":"#REF!"}},{"$f":"+VLOOKUP($C122,#REF!,5,\"False\")","v":{"$error":"#REF!"}},{"$f":"+VLOOKUP($C122,#REF!,6,\"false\")","v":{"$error":"#REF!"}},{"$error":"#REF!"},{"$error":"#REF!"}]
[{"$error":"#REF!"},{"$f":"+B122+1","v":120},383,"70:16",{"$f":"+VLOOKUP($C123,#REF!,2,\"false\")","v":{"$error":"#REF!"}},{"$f":"+VLOOKUP($C123,#REF!,3,\"false\")","v":{"$error":"#REF!"}},{"$f":"+VLOOKUP($C123,#REF!,4,\"false\")","v":{"$error":"#REF!"}},{"$f":"+VLOOKUP($C123,#REF!,5,\"False\")","v":{"$error":"#REF!"}},{"$f":"+VLOOKUP($C123,#REF!,6,\"false\")","v":{"$error":"#REF!"}},{"$error":"#REF!"},{"$error":"#REF!"}]
[{"$error":"#REF!"},{"$f":"+B123+1","v":121},334,"70:18",{"$f":"+VLOOKUP($C124,#REF!,2,\"false\")","v":{"$error":"#REF!"}},{"$f":"+VLOOKUP($C124,#REF!,3,\"false\")","v":{"$error":"#REF!"}},{"$f":"+VLOOKUP($C124,#REF!,4,\"false\")","v":{"$error":"#REF!"}},{"$f":"+VLOOKUP($C124,#REF!,5,\"False\")","v":{"$error":"#REF!"}},{"$f":"+VLOOKUP($C124,#REF!,6,\"false\")","v":{"$error":"#REF!"}},{"$error":"#REF!"},{"$error":"#REF!"}]
{"$rows_empty":104}
[null,"Pos","Bib","Time"]
[null,1,298,"29:38"]
[null,{"$f":"+B230+1","v":2},307,"29:51"]
[null,{"$f":"+B231+1","v":3},299,"30:23"]
[null,4,309,"30:25"]
[null,5,500,"30:30"]
[null,6,303,"31:40"]
[null,7,302,"32:31"]
[null,8,297,"32:38"]
[null,9,311,"33:18"]
[null,10,380,"33:48"]
[null,11,304,"34:08"]
[null,12,347,"34:38"]
[null,13,351,"34:49"]
[null,14,310,"35:04"]
[null,15,300,"35:05"]
[null,16,308,"35:40"]
[null,17,362,"35:53"]
[null,18,375,"36:04"]
[null,19,392,"36:06"]
[null,20,361,"36:10"]
[null,21,407,"36:19"]
[null,22,422,"36:30"]
[null,23,384,"36:32"]
[null,24,346,"36:34"]
[null,25,442,"36:46"]
[null,26,350,"37:07"]
[null,27,433,"37:35"]
[null,28,404,"38:09"]
[null,29,349,"38:28"]
[null,30,413,"38:57"]
[null,31,435,"39:02"]
[null,32,323,"39:11"]
[null,33,333,"39:20"]
[null,34,318,"39:31"]
[null,35,410,"39:32"]
[null,36,385,"39:39"]
[null,37,411,"39:41"]
[null,38,443,"39:46"]
[null,39,421,"39:48"]
[null,40,340,"39:50"]
[null,41,382,"39:59"]
[null,42,434,"40:05"]
[null,43,394,"40:10"]
[null,44,335,"40:14"]
[null,45,437,"40:20"]
[null,46,503,"40:37"]
[null,47,387,"40:41"]
[null,48,381,"40:53"]
[null,49,354,"40:55"]
[null,50,369,"41:00"]
[null,51,320,"41:03"]
[null,52,339,"41:12"]
[null,53,373,"41:17"]
[null,54,366,"41:23","correct"]
[null,55,355,"41:32"]
[null,56,438,"41:39"]
[null,57,363,"41:42"]
[null,58,409,"41:48"]
[null,59,400,"41:50"]
[null,60,360,"41:51"]
[null,61,408,"42:07"]
[null,62,424,"42:22"]
[null,63,447,"42:22"]
[null,64,348,"42:31"]
[null,65,428,"42:32"]
[null,66,393,"42:49"]
[null,{"$f":"+B295+1","v":67},432,"42:53"]
[null,68,336,"43:08","correct"]
[null,69,328,"43:21"]
[null,70,444,"43:26"]
[null,71,364,"43:26"]
[null,72,338,"43:36"]
[null,73,425,"43:44"]
[null,74,440,"43:48"]
[null,75,416,"43:56"]
[null,76,405,"43:58"]
[null,77,367,"44:21"]
[null,78,417,"44:49"]
[null,79,395,"44:53"]
[null,80,448,"45:11"]
[null,81,430,"45:20"]
[null,82,368,"45:37"]
[null,83,344,"45:58"]
[null,84,342,"46:06"]
[null,85,326,"46:13"]
[null,86,401,"46:18"]
[null,87,403,"46:19","inserted edited here toaccount for missing time"]
[null,88,406,"46:41"]
[null,89,426,"46:50"]
[null,90,419,"47:25"]
[null,91,376,"47:31"]
[null,92,420,"47:43"]
[null,93,331,"47:56"]
[null,94,370,"48:03"]
[null,95,365,"48:12"]
[null,96,445,"48:24",48.24]
[null,97,446,"48:37"]
[null,98,402,"49:13"]
[null,99,499,"49:31"]
[null,100,356,"49:36"]
[null,101,345,"49:42"]
[null,102,399,"49:50"]
[null,103,441,"51:20"]
[null,104,414,"51:32"]
[null,105,504,"52:20"]
[null,106,436,"52:28"]
[null,107,325,"52:50"]
[null,108,352,"52:59"]
[null,109,396,"53:16",53.16]
[null,110,379,"54:27"]
[null,111,427,"54:45"]
[null,112,439,"55:06"]
[null,113,377,"56:03"]
[null,114,371,"56:17",56.17]
[null,115,327,"60:26"]
[null,116,415,"61:52"]
[null,117,398,"61:53"]
[null,118,374,"62:46"]
[null,119,431,"68:53"]
[null,120,383,"70:16"]
[null,121,334,"70:18"]
[null,122]
[null,123]
[null,124]
[null,125]
[null,126]
[null,127]
[null,128]
[null,129]
[null,130]
[null,{"$f":"+B359+1","v":131}]
[null,132]
[null,133]
[null,134]
[null,135]
[null,136]
[null,137]
[null,138]
[null,139]
[null,140]
[null,141]
[null,142]
[null,143]
[null,144]
[null,145]
[null,146]
[null,147]
[null,148]
[null,149]
[null,150]
[null,151]
[null,152]
[null,153]
[null,154]
[null,155]
[null,156]
[null,157]
[null,158]
[null,159]
[null,160]
[null,161]
[null,162]
[null,163]
[null,164]
[null,165]
[null,166,"."]
[null,167]
[null,168]
[null,169]
[null,170]
[null,171]
[null,172]
[null,173]
[null,174]
[null,175]
[null,176]
[null,177]
[null,178]
[null,179]
[null,180]
[null,181]
[null,182]
[null,183]
[null,184]
[null,185]
[null,186]
[null,187]
[null,188]
[null,189]
[null,190]
[null,191]
[null,192]
[null,193]
[null,194]
[null,{"$f":"+B423+1","v":195}]
[null,196]
[null,197]
[null,198]
[null,199]
[null,200]
[null,201]
[null,202]
[null,203]
[null,204]
[null,205]
[null,206]
[null,207]
[null,208]
[null,209]
[null,210]
[null,211]
[null,212]
[null,213]
[null,214]
[null,215]
[null,216]
[null,217]
[null,218]
[null,219]
[null,220]
[null,221]
[null,222]
[null,223]
[null,224]
[null,225]
[null,226]
[null,227]
[null,228]
[null,229]
[null,230]
[null,231]
[null,232]
[null,233]
[null,234]
[null,235]
[null,236]
[null,237]
[null,238]
[null,239]
[null,240]
[null,241]
[null,242]
[null,243]
[null,244]
[null,245]
[null,246]
[null,247]
[null,248]
[null,249]
[null,250]
[null,251]
[null,252]
[null,253]
[null,254]
[null,255]
[null,256]
[null,257]
[null,258]
[null,{"$f":"+B487+1","v":259}]
[null,260]
[null,261]
[null,262]
[null,263]
[null,264]
[null,265]
[null,266]
[null,267]
[null,268]
[null,269]
[null,270]
[null,271]
[null,272]
[null,273]
[null,274]
[null,275]
[null,276]
[null,277]
[null,278]
[null,279]
[null,280]
[null,281]
[null,282]
[null,283]
[null,284]
[null,285]
[null,286]
[null,287]
[null,288]
[null,289]
[null,290]
[null,291]
[null,292]
[null,293]
[null,294]
[null,295]
[null,296]
[null,297]
[null,298]
[null,299]
[null,300]
[null,301]
[null,302]
[null,303]
[null,304]
[null,305]
[null,306]
[null,307]
[null,308]
[null,309]
[null,310]
[null,311]
[null,312]
[null,313]
[null,314]
[null,315]
[null,316]
[null,317]
[null,318]
[null,319]
[null,320]
[null,321]
[null,322]
[null,{"$f":"+B551+1","v":323}]
[null,324]
[null,325]
[null,326]
[null,327]
[null,328]
[null,329]
[null,330]
[null,331]
[null,332]
[null,333]
[null,334]
[null,335]
[null,336]
[null,337]
[null,338]
[null,339]
[null,340]
[null,341]
[null,342]
[null,343]
[null,344]
[null,345]
[null,346]
[null,347]
[null,348]
[null,349]
[null,350]

{"sheet":"U20W","index":12,"n_rows":708,"n_cols":39,"rows_kept":708,"hidden":true,"merged":[[0,1,0,6],[1,1,1,10],[355,1,355,6]]}
[null,"Sussex Athletics XC Championships\nBexhill, 07/01/2023",{"$nulls":11},"26 clubs - cols N to AM"]
[null,"U20 Women"]
["Temp","Pos","Bib","Time","Forename","Surname","Club","Cat ","Sex","Rk","Club Rk",null,null,"LEW","B&H","HBS","RAW","TON"]
[{"$f":"+K4","v":{"$error":"#REF!"}},1,519,"36:42",{"$f":"+VLOOKUP($C4,#REF!,2,\"false\")","v":{"$error":"#REF!"}},{"$f":"+VLOOKUP($C4,#REF!,3,\"false\")","v":{"$error":"#REF!"}},{"$f":"+VLOOKUP($C4,#REF!,4,\"false\")","v":{"$error":"#REF!"}},{"$f":"+VLOOKUP($C4,#REF!,5,\"False\")","v":{"$error":"#REF!"}},{"$f":"+VLOOKUP($C4,#REF!,6,\"false\")","v":{"$error":"#REF!"}},{"$f":"TEXT(SUMPRODUCT(--(G4=$G$4:$G$598),--(B4>$B$4:$B$598))+1,0)","v":{"$error":"#REF!"}},{"$f":"+G4&\"  \"&J4","v":{"$error":"#REF!"}},null,1,{"$f":"+IF(ISNA(VLOOKUP(N$3&\"  \"&$M4,$A$3:$I$110,2,0)),\"\",VLOOKUP(N$3&\"  \"&$M4,$A$3:$I$110,2,0))","v":""},{"$f":"+IF(ISNA(VLOOKUP(O$3&\"  \"&$M4,$A$3:$I$110,2,0)),\"\",VLOOKUP(O$3&\"  \"&$M4,$A$3:$I$110,2,0))","v":""},"","","","","","","","","","","","","","","","","","","","","","","",""]
[{"$error":"#REF!"},{"$f":"+B4+1","v":2},319,"36:54",{"$f":"+VLOOKUP($C5,#REF!,2,\"false\")","v":{"$error":"#REF!"}},{"$f":"+VLOOKUP($C5,#REF!,3,\"false\")","v":{"$error":"#REF!"}},{"$f":"+VLOOKUP($C5,#REF!,4,\"false\")","v":{"$error":"#REF!"}},{"$f":"+VLOOKUP($C5,#REF!,5,\"False\")","v":{"$error":"#REF!"}},{"$f":"+VLOOKUP($C5,#REF!,6,\"false\")","v":{"$error":"#REF!"}},{"$error":"#REF!"},{"$error":"#REF!"},null,2,"",{"$f":"+IF(ISNA(VLOOKUP(O$3&\"  \"&$M5,$A$3:$I$110,2,0)),\"\",VLOOKUP(O$3&\"  \"&$M5,$A$3:$I$110,2,0))","v":""},"","","","","","","","","","","","","","","","","","","","","","","",""]
[{"$error":"#REF!"},3,314,"37:58",{"$f":"+VLOOKUP($C6,#REF!,2,\"false\")","v":{"$error":"#REF!"}},{"$f":"+VLOOKUP($C6,#REF!,3,\"false\")","v":{"$error":"#REF!"}},{"$f":"+VLOOKUP($C6,#REF!,4,\"false\")","v":{"$error":"#REF!"}},{"$f":"+VLOOKUP($C6,#REF!,5,\"False\")","v":{"$error":"#REF!"}},{"$f":"+VLOOKUP($C6,#REF!,6,\"false\")","v":{"$error":"#REF!"}},{"$error":"#REF!"},{"$error":"#REF!"},null,3,"","","","","","","","","","","","","","","","","","","","","","","","","",""]
[{"$error":"#REF!"},4,315,"39:29",{"$f":"+VLOOKUP($C7,#REF!,2,\"false\")","v":{"$error":"#REF!"}},{"$f":"+VLOOKUP($C7,#REF!,3,\"false\")","v":{"$error":"#REF!"}},{"$f":"+VLOOKUP($C7,#REF!,4,\"false\")","v":{"$error":"#REF!"}},{"$f":"+VLOOKUP($C7,#REF!,5,\"False\")","v":{"$error":"#REF!"}},{"$f":"+VLOOKUP($C7,#REF!,6,\"false\")","v":{"$error":"#REF!"}},{"$error":"#REF!"},{"$error":"#REF!"},null,4,"","","","","","","","","","","","","","","","","","","","","","","","","",""]
[{"$error":"#REF!"},5,317,"41:04",{"$f":"+VLOOKUP($C8,#REF!,2,\"false\")","v":{"$error":"#REF!"}},{"$f":"+VLOOKUP($C8,#REF!,3,\"false\")","v":{"$error":"#REF!"}},{"$f":"+VLOOKUP($C8,#REF!,4,\"false\")","v":{"$error":"#REF!"}},{"$f":"+VLOOKUP($C8,#REF!,5,\"False\")","v":{"$error":"#REF!"}},{"$f":"+VLOOKUP($C8,#REF!,6,\"false\")","v":{"$error":"#REF!"}},{"$error":"#REF!"},{"$error":"#REF!"},null,null,"","","","","","","","","","","","","","","","","","","","","","","","","",""]
[{"$error":"#REF!"},6,286,"41:45",{"$f":"+VLOOKUP($C9,#REF!,2,\"false\")","v":{"$error":"#REF!"}},{"$f":"+VLOOKUP($C9,#REF!,3,\"false\")","v":{"$error":"#REF!"}},{"$f":"+VLOOKUP($C9,#REF!,4,\"false\")","v":{"$error":"#REF!"}},{"$f":"+VLOOKUP($C9,#REF!,5,\"False\")","v":{"$error":"#REF!"}},{"$f":"+VLOOKUP($C9,#REF!,6,\"false\")","v":{"$error":"#REF!"}},{"$error":"#REF!"},{"$error":"#REF!"},null,null,"","","","","","","","","","","","","","","","","","","","","","","","","",""]
[{"$error":"#REF!"},7,312,"48:33",{"$f":"+VLOOKUP($C10,#REF!,2,\"false\")","v":{"$error":"#REF!"}},{"$f":"+VLOOKUP($C10,#REF!,3,\"false\")","v":{"$error":"#REF!"}},{"$f":"+VLOOKUP($C10,#REF!,4,\"false\")","v":{"$error":"#REF!"}},{"$f":"+VLOOKUP($C10,#REF!,5,\"False\")","v":{"$error":"#REF!"}},{"$f":"+VLOOKUP($C10,#REF!,6,\"false\")","v":{"$error":"#REF!"}},{"$error":"#REF!"},{"$error":"#REF!"},null,"Tot",{"$f":"IF(N7=\"\",1000,SUM(N4:N7))","v":1000},{"$f":"IF(O7=\"\",1000,SUM(O4:O7))","v":1000},1000,1000,1000,1000,1000,1000,1000,1000,1000,1000,1000,1000,1000,1000,1000,1000,1000,1000,1000,1000,1000,1000,1000,1000]
[{"$nulls":12},"Pos",{"$f":"RANK(N10,($N$10:$AM$10,$N$19:$AM$19),1)","v":1},{"$f":"RANK(O10,($N$10:$AM$10,$N$19:$AM$19),1)","v":1},{"$f":"RANK(P10,($N$10:$AM$10,$N$19:$AM$19),1)","v":1},{"$f":"RANK(Q10,($N$10:$AM$10,$N$19:$AM$19),1)","v":1},{"$f":"RANK(R10,($N$10:$AM$10,$N$19:$AM$19),1)","v":1},{"$f":"RANK(S10,($N$10:$AM$10,$N$19:$AM$19),1)","v":1},{"$f":"RANK(T10,($N$10:$AM$10,$N$19:$AM$19),1)","v":1},{"$f":"RANK(U10,($N$10:$AM$10,$N$19:$AM$19),1)","v":1},{"$f":"RANK(V10,($N$10:$AM$10,$N$19:$AM$19),1)","v":1},{"$f":"RANK(W10,($N$10:$AM$10,$N$19:$AM$19),1)","v":1},{"$f":"RANK(X10,($N$10:$AM$10,$N$19:$AM$19),1)","v":1},{"$f":"RANK(Y10,($N$10:$AM$10,$N$19:$AM$19),1)","v":1},{"$f":"RANK(Z10,($N$10:$AM$10,$N$19:$AM$19),1)","v":1},{"$f":"RANK(AA10,($N$10:$AM$10,$N$19:$AM$19),1)","v":1},{"$f":"RANK(AB10,($N$10:$AM$10,$N$19:$AM$19),1)","v":1},{"$f":"RANK(AC10,($N$10:$AM$10,$N$19:$AM$19),1)","v":1},{"$f":"RANK(AD10,($N$10:$AM$10,$N$19:$AM$19),1)","v":1},{"$f":"RANK(AE10,($N$10:$AM$10,$N$19:$AM$19),1)","v":1},{"$f":"RANK(AF10,($N$10:$AM$10,$N$19:$AM$19),1)","v":1},{"$f":"RANK(AG10,($N$10:$AM$10,$N$19:$AM$19),1)","v":1},{"$f":"RANK(AH10,($N$10:$AM$10,$N$19:$AM$19),1)","v":1},{"$f":"RANK(AI10,($N$10:$AM$10,$N$19:$AM$19),1)","v":1},{"$f":"RANK(AJ10,($N$10:$AM$10,$N$19:$AM$19),1)","v":1},{"$f":"RANK(AK10,($N$10:$AM$10,$N$19:$AM$19),1)","v":1},{"$f":"RANK(AL10,($N$10:$AM$10,$N$19:$AM$19),1)","v":1},{"$f":"RANK(AM10,($N$10:$AM$10,$N$19:$AM$19),1)","v":1}]
[]
[{"$nulls":12},5,{"$f":"+IF(ISNA(VLOOKUP(N$3&\"  \"&$M13,$A$3:$I$110,2,0)),\"\",VLOOKUP(N$3&\"  \"&$M13,$A$3:$I$110,2,0))","v":""},{"$f":"+IF(ISNA(VLOOKUP(O$3&\"  \"&$M13,$A$3:$I$110,2,0)),\"\",VLOOKUP(O$3&\"  \"&$M13,$A$3:$I$110,2,0))","v":""},"","","","","","","","","","","","","","","",{"$f":"+IF(ISNA(VLOOKUP(AE$3&\"  \"&$M13,$A$3:$I$110,2,0)),\"\",VLOOKUP(AE$3&\"  \"&$M13,$A$3:$I$110,2,0))","v":""},"","","","","","","",""]
[{"$nulls":12},6,"","","","","","","","","","","","","","","","","","","","","","","","","",""]
[{"$nulls":12},7,"","","","","","","","","","","","","","","","","","","","","","","","","",""]
[{"$nulls":12},8,"","","","","","","","","","","","","","","","","","","","","","","","","",""]
[{"$nulls":13},"","","","","","","","","","","","","","","","","","","","","","","","","",""]
[{"$nulls":13},"","","","","","","","","","","","","","","","","","","","","","","","","",""]
[{"$nulls":12},"Tot",{"$f":"IF(N16=\"\",1000,SUM(N13:N16))","v":1000},{"$f":"IF(O16=\"\",1000,SUM(O13:O16))","v":1000},1000,1000,1000,1000,1000,1000,1000,1000,1000,1000,1000,1000,1000,1000,1000,1000,1000,1000,1000,1000,1000,1000,1000,1000]
[{"$nulls":12},"Pos",{"$f":"RANK(N19,($N$10:$AM$10,$N$19:$AM$19),1)","v":1},{"$f":"RANK(O19,($N$10:$AM$10,$N$19:$AM$19),1)","v":1},{"$f":"RANK(P19,($N$10:$AM$10,$N$19:$AM$19),1)","v":1},{"$f":"RANK(Q19,($N$10:$AM$10,$N$19:$AM$19),1)","v":1},{"$f":"RANK(R19,($N$10:$AM$10,$N$19:$AM$19),1)","v":1},{"$f":"RANK(S19,($N$10:$AM$10,$N$19:$AM$19),1)","v":1},{"$f":"RANK(T19,($N$10:$AM$10,$N$19:$AM$19),1)","v":1},{"$f":"RANK(U19,($N$10:$AM$10,$N$19:$AM$19),1)","v":1},{"$f":"RANK(V19,($N$10:$AM$10,$N$19:$AM$19),1)","v":1},{"$f":"RANK(W19,($N$10:$AM$10,$N$19:$AM$19),1)","v":1},{"$f":"RANK(X19,($N$10:$AM$10,$N$19:$AM$19),1)","v":1},{"$f":"RANK(Y19,($N$10:$AM$10,$N$19:$AM$19),1)","v":1},{"$f":"RANK(Z19,($N$10:$AM$10,$N$19:$AM$19),1)","v":1},{"$f":"RANK(AA19,($N$10:$AM$10,$N$19:$AM$19),1)","v":1},{"$f":"RANK(AB19,($N$10:$AM$10,$N$19:$AM$19),1)","v":1},{"$f":"RANK(AC19,($N$10:$AM$10,$N$19:$AM$19),1)","v":1},{"$f":"RANK(AD19,($N$10:$AM$10,$N$19:$AM$19),1)","v":1},{"$f":"RANK(AE19,($N$10:$AM$10,$N$19:$AM$19),1)","v":1},{"$f":"RANK(AF19,($N$10:$AM$10,$N$19:$AM$19),1)","v":1},{"$f":"RANK(AG19,($N$10:$AM$10,$N$19:$AM$19),1)","v":1},{"$f":"RANK(AH19,($N$10:$AM$10,$N$19:$AM$19),1)","v":1},{"$f":"RANK(AI19,($N$10:$AM$10,$N$19:$AM$19),1)","v":1},{"$f":"RANK(AJ19,($N$10:$AM$10,$N$19:$AM$19),1)","v":1},{"$f":"RANK(AK19,($N$10:$AM$10,$N$19:$AM$19),1)","v":1},{"$f":"RANK(AL19,($N$10:$AM$10,$N$19:$AM$19),1)","v":1},{"$f":"RANK(AM19,($N$10:$AM$10,$N$19:$AM$19),1)","v":1}]
{"$rows_empty":79}
[{"$nulls":13},"LEW"]
[{"$nulls":13},"B&H"]
[{"$nulls":13},"HBS"]
[{"$nulls":13},"RAW"]
[{"$nulls":13},"TON"]
{"$rows_empty":251}
[null,"Area for entering Bib Nos.  Then paste Times here.  Check they synch."]
[]
[null,"Pos","Bib","Time"]
[null,1]
[null,{"$f":"+B359+1","v":2}]
[null,{"$f":"+B360+1","v":3}]
[null,4]
[null,5]
[null,6]
[null,7]
[null,8]
[null,9]
[null,10]
[null,11]
[null,12]
[null,13]
[null,14]
[null,15]
[null,16]
[null,17]
[null,18]
[null,19]
[null,20]
[null,21]
[null,22]
[null,23]
[null,24]
[null,25]
[null,26]
[null,27]
[null,28]
[null,29]
[null,30]
[null,31]
[null,32]
[null,33]
[null,34]
[null,35]
[null,36]
[null,37]
[null,38]
[null,39]
[null,40]
[null,41]
[null,42]
[null,43]
[null,44]
[null,45]
[null,46]
[null,47]
[null,48]
[null,49]
[null,50]
[null,51]
[null,52]
[null,53]
[null,54]
[null,55]
[null,56]
[null,57]
[null,58]
[null,59]
[null,60]
[null,61]
[null,62]
[null,63]
[null,64]
[null,65]
[null,66]
[null,{"$f":"+B424+1","v":67}]
[null,68]
[null,69]
[null,70]
[null,71]
[null,72]
[null,73]
[null,74]
[null,75]
[null,76]
[null,77]
[null,78]
[null,79]
[null,80]
[null,81]
[null,82]
[null,83]
[null,84]
[null,85]
[null,86]
[null,87]
[null,88]
[null,89]
[null,90]
[null,91]
[null,92]
[null,93]
[null,94]
[null,95]
[null,96]
[null,97]
[null,98]
[null,99]
[null,100]
[null,101]
[null,102]
[null,103]
[null,104]
[null,105]
[null,106]
[null,107]
[null,108]
[null,109]
[null,110]
[null,111]
[null,112]
[null,113]
[null,114]
[null,115]
[null,116]
[null,117]
[null,118]
[null,119]
[null,120]
[null,121]
[null,122]
[null,123]
[null,124]
[null,125]
[null,126]
[null,127]
[null,128]
[null,129]
[null,130]
[null,{"$f":"+B488+1","v":131}]
[null,132]
[null,133]
[null,134]
[null,135]
[null,136]
[null,137]
[null,138]
[null,139]
[null,140]
[null,141]
[null,142]
[null,143]
[null,144]
[null,145]
[null,146]
[null,147]
[null,148]
[null,149]
[null,150]
[null,151]
[null,152]
[null,153]
[null,154]
[null,155]
[null,156]
[null,157]
[null,158]
[null,159]
[null,160]
[null,161]
[null,162]
[null,163]
[null,164]
[null,165]
[null,166]
[null,167]
[null,168]
[null,169]
[null,170]
[null,171]
[null,172]
[null,173]
[null,174]
[null,175]
[null,176]
[null,177]
[null,178]
[null,179]
[null,180]
[null,181]
[null,182]
[null,183]
[null,184]
[null,185]
[null,186]
[null,187]
[null,188]
[null,189]
[null,190]
[null,191]
[null,192]
[null,193]
[null,194]
[null,{"$f":"+B552+1","v":195}]
[null,196]
[null,197]
[null,198]
[null,199]
[null,200]
[null,201]
[null,202]
[null,203]
[null,204]
[null,205]
[null,206]
[null,207]
[null,208]
[null,209]
[null,210]
[null,211]
[null,212]
[null,213]
[null,214]
[null,215]
[null,216]
[null,217]
[null,218]
[null,219]
[null,220]
[null,221]
[null,222]
[null,223]
[null,224]
[null,225]
[null,226]
[null,227]
[null,228]
[null,229]
[null,230]
[null,231]
[null,232]
[null,233]
[null,234]
[null,235]
[null,236]
[null,237]
[null,238]
[null,239]
[null,240]
[null,241]
[null,242]
[null,243]
[null,244]
[null,245]
[null,246]
[null,247]
[null,248]
[null,249]
[null,250]
[null,251]
[null,252]
[null,253]
[null,254]
[null,255]
[null,256]
[null,257]
[null,258]
[null,{"$f":"+B616+1","v":259}]
[null,260]
[null,261]
[null,262]
[null,263]
[null,264]
[null,265]
[null,266]
[null,267]
[null,268]
[null,269]
[null,270]
[null,271]
[null,272]
[null,273]
[null,274]
[null,275]
[null,276]
[null,277]
[null,278]
[null,279]
[null,280]
[null,281]
[null,282]
[null,283]
[null,284]
[null,285]
[null,286]
[null,287]
[null,288]
[null,289]
[null,290]
[null,291]
[null,292]
[null,293]
[null,294]
[null,295]
[null,296]
[null,297]
[null,298]
[null,299]
[null,300]
[null,301]
[null,302]
[null,303]
[null,304]
[null,305]
[null,306]
[null,307]
[null,308]
[null,309]
[null,310]
[null,311]
[null,312]
[null,313]
[null,314]
[null,315]
[null,316]
[null,317]
[null,318]
[null,319]
[null,320]
[null,321]
[null,322]
[null,{"$f":"+B680+1","v":323}]
[null,324]
[null,325]
[null,326]
[null,327]
[null,328]
[null,329]
[null,330]
[null,331]
[null,332]
[null,333]
[null,334]
[null,335]
[null,336]
[null,337]
[null,338]
[null,339]
[null,340]
[null,341]
[null,342]
[null,343]
[null,344]
[null,345]
[null,346]
[null,347]
[null,348]
[null,349]
[null,350]

{"sheet":"SenW","index":13,"n_rows":337,"n_cols":39,"rows_kept":337,"hidden":true,"merged":[[0,1,0,6],[1,1,1,8]]}
[null,"Sussex Athletics XC Championships\nBexhill, 07/01/2023",{"$nulls":11},"26 clubs - cols N to AM"]
[null,"Senior Women"]
["Temp","Pos","Bib","Time","Forename","Surname","Club","Cat ","Sex","Rk","Club Rk",null,null,"TON","HAS","LEW","HAI","HY","BWT","EAS","B&H","PHX","CHI","HHH","CSS","GRR",""]
[{"$f":"+K4","v":{"$error":"#REF!"}},1,463,"32:12",{"$f":"+VLOOKUP($C4,#REF!,2,\"false\")","v":{"$error":"#REF!"}},{"$f":"+VLOOKUP($C4,#REF!,3,\"false\")","v":{"$error":"#REF!"}},{"$f":"+VLOOKUP($C4,#REF!,4,\"false\")","v":{"$error":"#REF!"}},{"$f":"+VLOOKUP($C4,#REF!,5,\"false\")","v":{"$error":"#REF!"}},{"$f":"+VLOOKUP($C4,#REF!,6,\"false\")","v":{"$error":"#REF!"}},{"$f":"TEXT(SUMPRODUCT(--(G4=$G$4:$G$598),--(B4>$B$4:$B$598))+1,0)","v":{"$error":"#REF!"}},{"$f":"+G4&\"  \"&J4","v":{"$error":"#REF!"}},null,1,{"$f":"+IF(ISNA(VLOOKUP(N$3&\"  \"&$M4,$A$3:$I$110,2,0)),\"\",VLOOKUP(N$3&\"  \"&$M4,$A$3:$I$110,2,0))","v":""},{"$f":"+IF(ISNA(VLOOKUP(O$3&\"  \"&$M4,$A$3:$I$110,2,0)),\"\",VLOOKUP(O$3&\"  \"&$M4,$A$3:$I$110,2,0))","v":""},"","","","","","","","","","","","","","","","","","","","","","","",""]
[{"$error":"#REF!"},{"$f":"+B4+1","v":2},490,"33:38",{"$f":"+VLOOKUP($C5,#REF!,2,\"false\")","v":{"$error":"#REF!"}},{"$f":"+VLOOKUP($C5,#REF!,3,\"false\")","v":{"$error":"#REF!"}},{"$f":"+VLOOKUP($C5,#REF!,4,\"false\")","v":{"$error":"#REF!"}},{"$f":"+VLOOKUP($C5,#REF!,5,\"false\")","v":{"$error":"#REF!"}},{"$f":"+VLOOKUP($C5,#REF!,6,\"false\")","v":{"$error":"#REF!"}},{"$error":"#REF!"},{"$error":"#REF!"},null,2,"",{"$f":"+IF(ISNA(VLOOKUP(O$3&\"  \"&$M5,$A$3:$I$110,2,0)),\"\",VLOOKUP(O$3&\"  \"&$M5,$A$3:$I$110,2,0))","v":""},"","","","","","","","","","","","","","","","","","","","","","","",""]
[{"$error":"#REF!"},{"$f":"+B5+1","v":3},458,"33:58",{"$f":"+VLOOKUP($C6,#REF!,2,\"false\")","v":{"$error":"#REF!"}},{"$f":"+VLOOKUP($C6,#REF!,3,\"false\")","v":{"$error":"#REF!"}},{"$f":"+VLOOKUP($C6,#REF!,4,\"false\")","v":{"$error":"#REF!"}},{"$f":"+VLOOKUP($C6,#REF!,5,\"false\")","v":{"$error":"#REF!"}},{"$f":"+VLOOKUP($C6,#REF!,6,\"false\")","v":{"$error":"#REF!"}},{"$error":"#REF!"},{"$error":"#REF!"},null,3,"","","","","","","","","","","","","","","","","","","","","","","","","",""]
[{"$error":"#REF!"},4,482,"35:41",{"$f":"+VLOOKUP($C7,#REF!,2,\"false\")","v":{"$error":"#REF!"}},{"$f":"+VLOOKUP($C7,#REF!,3,\"false\")","v":{"$error":"#REF!"}},{"$f":"+VLOOKUP($C7,#REF!,4,\"false\")","v":{"$error":"#REF!"}},{"$f":"+VLOOKUP($C7,#REF!,5,\"false\")","v":{"$error":"#REF!"}},{"$f":"+VLOOKUP($C7,#REF!,6,\"false\")","v":{"$error":"#REF!"}},{"$error":"#REF!"},{"$error":"#REF!"},null,4,"","","","","","","","","","","","","","","","","","","","","","","","","",""]
[{"$error":"#REF!"},5,479,"35:42",{"$f":"+VLOOKUP($C8,#REF!,2,\"false\")","v":{"$error":"#REF!"}},{"$f":"+VLOOKUP($C8,#REF!,3,\"false\")","v":{"$error":"#REF!"}},{"$f":"+VLOOKUP($C8,#REF!,4,\"false\")","v":{"$error":"#REF!"}},{"$f":"+VLOOKUP($C8,#REF!,5,\"false\")","v":{"$error":"#REF!"}},{"$f":"+VLOOKUP($C8,#REF!,6,\"false\")","v":{"$error":"#REF!"}},{"$error":"#REF!"},{"$error":"#REF!"},null,null,"","","","","","","","","","","","","","","","","","","","","","","","","",""]
[{"$error":"#REF!"},6,456,"35:43",{"$f":"+VLOOKUP($C9,#REF!,2,\"false\")","v":{"$error":"#REF!"}},{"$f":"+VLOOKUP($C9,#REF!,3,\"false\")","v":{"$error":"#REF!"}},{"$f":"+VLOOKUP($C9,#REF!,4,\"false\")","v":{"$error":"#REF!"}},{"$f":"+VLOOKUP($C9,#REF!,5,\"false\")","v":{"$error":"#REF!"}},{"$f":"+VLOOKUP($C9,#REF!,6,\"false\")","v":{"$error":"#REF!"}},{"$error":"#REF!"},{"$error":"#REF!"},null,null,"","","","","","","","","","","","","","","","","","","","","","","","","",""]
[{"$error":"#REF!"},7,457,"35:44",{"$f":"+VLOOKUP($C10,#REF!,2,\"false\")","v":{"$error":"#REF!"}},{"$f":"+VLOOKUP($C10,#REF!,3,\"false\")","v":{"$error":"#REF!"}},{"$f":"+VLOOKUP($C10,#REF!,4,\"false\")","v":{"$error":"#REF!"}},{"$f":"+VLOOKUP($C10,#REF!,5,\"false\")","v":{"$error":"#REF!"}},{"$f":"+VLOOKUP($C10,#REF!,6,\"false\")","v":{"$error":"#REF!"}},{"$error":"#REF!"},{"$error":"#REF!"},null,"Tot",{"$f":"IF(N7=\"\",1000,SUM(N4:N7))","v":1000},{"$f":"IF(O7=\"\",1000,SUM(O4:O7))","v":1000},1000,1000,1000,1000,1000,1000,1000,1000,1000,1000,1000,1000,1000,1000,1000,1000,1000,1000,1000,1000,1000,1000,1000,1000]
[{"$error":"#REF!"},8,461,"36:11",{"$f":"+VLOOKUP($C11,#REF!,2,\"false\")","v":{"$error":"#REF!"}},{"$f":"+VLOOKUP($C11,#REF!,3,\"false\")","v":{"$error":"#REF!"}},{"$f":"+VLOOKUP($C11,#REF!,4,\"false\")","v":{"$error":"#REF!"}},{"$f":"+VLOOKUP($C11,#REF!,5,\"false\")","v":{"$error":"#REF!"}},{"$f":"+VLOOKUP($C11,#REF!,6,\"false\")","v":{"$error":"#REF!"}},{"$error":"#REF!"},{"$error":"#REF!"},null,"Pos",{"$f":"RANK(N10,($N$10:$AM$10,$N$19:$AM$19),1)","v":1},{"$f":"RANK(O10,($N$10:$AM$10,$N$19:$AM$19),1)","v":1},{"$f":"RANK(P10,($N$10:$AM$10,$N$19:$AM$19),1)","v":1},{"$f":"RANK(Q10,($N$10:$AM$10,$N$19:$AM$19),1)","v":1},{"$f":"RANK(R10,($N$10:$AM$10,$N$19:$AM$19),1)","v":1},{"$f":"RANK(S10,($N$10:$AM$10,$N$19:$AM$19),1)","v":1},{"$f":"RANK(T10,($N$10:$AM$10,$N$19:$AM$19),1)","v":1},{"$f":"RANK(U10,($N$10:$AM$10,$N$19:$AM$19),1)","v":1},{"$f":"RANK(V10,($N$10:$AM$10,$N$19:$AM$19),1)","v":1},{"$f":"RANK(W10,($N$10:$AM$10,$N$19:$AM$19),1)","v":1},{"$f":"RANK(X10,($N$10:$AM$10,$N$19:$AM$19),1)","v":1},{"$f":"RANK(Y10,($N$10:$AM$10,$N$19:$AM$19),1)","v":1},{"$f":"RANK(Z10,($N$10:$AM$10,$N$19:$AM$19),1)","v":1},{"$f":"RANK(AA10,($N$10:$AM$10,$N$19:$AM$19),1)","v":1},{"$f":"RANK(AB10,($N$10:$AM$10,$N$19:$AM$19),1)","v":1},{"$f":"RANK(AC10,($N$10:$AM$10,$N$19:$AM$19),1)","v":1},{"$f":"RANK(AD10,($N$10:$AM$10,$N$19:$AM$19),1)","v":1},{"$f":"RANK(AE10,($N$10:$AM$10,$N$19:$AM$19),1)","v":1},{"$f":"RANK(AF10,($N$10:$AM$10,$N$19:$AM$19),1)","v":1},{"$f":"RANK(AG10,($N$10:$AM$10,$N$19:$AM$19),1)","v":1},{"$f":"RANK(AH10,($N$10:$AM$10,$N$19:$AM$19),1)","v":1},{"$f":"RANK(AI10,($N$10:$AM$10,$N$19:$AM$19),1)","v":1},{"$f":"RANK(AJ10,($N$10:$AM$10,$N$19:$AM$19),1)","v":1},{"$f":"RANK(AK10,($N$10:$AM$10,$N$19:$AM$19),1)","v":1},{"$f":"RANK(AL10,($N$10:$AM$10,$N$19:$AM$19),1)","v":1},{"$f":"RANK(AM10,($N$10:$AM$10,$N$19:$AM$19),1)","v":1}]
[{"$f":"+K12","v":{"$error":"#REF!"}},9,486,"36:15",{"$f":"+VLOOKUP($C12,#REF!,2,\"false\")","v":{"$error":"#REF!"}},{"$f":"+VLOOKUP($C12,#REF!,3,\"false\")","v":{"$error":"#REF!"}},{"$f":"+VLOOKUP($C12,#REF!,4,\"false\")","v":{"$error":"#REF!"}},{"$f":"+VLOOKUP($C12,#REF!,5,\"false\")","v":{"$error":"#REF!"}},{"$f":"+VLOOKUP($C12,#REF!,6,\"false\")","v":{"$error":"#REF!"}},{"$f":"TEXT(SUMPRODUCT(--(G12=$G$4:$G$598),--(B12>$B$4:$B$598))+1,0)","v":{"$error":"#REF!"}},{"$f":"+G12&\"  \"&J12","v":{"$error":"#REF!"}}]
[{"$error":"#REF!"},10,449,"36:31",{"$f":"+VLOOKUP($C13,#REF!,2,\"false\")","v":{"$error":"#REF!"}},{"$f":"+VLOOKUP($C13,#REF!,3,\"false\")","v":{"$error":"#REF!"}},{"$f":"+VLOOKUP($C13,#REF!,4,\"false\")","v":{"$error":"#REF!"}},{"$f":"+VLOOKUP($C13,#REF!,5,\"false\")","v":{"$error":"#REF!"}},{"$f":"+VLOOKUP($C13,#REF!,6,\"false\")","v":{"$error":"#REF!"}},{"$error":"#REF!"},{"$error":"#REF!"},null,5,{"$f":"+IF(ISNA(VLOOKUP(N$3&\"  \"&$M13,$A$3:$I$110,2,0)),\"\",VLOOKUP(N$3&\"  \"&$M13,$A$3:$I$110,2,0))","v":""},{"$f":"+IF(ISNA(VLOOKUP(O$3&\"  \"&$M13,$A$3:$I$110,2,0)),\"\",VLOOKUP(O$3&\"  \"&$M13,$A$3:$I$110,2,0))","v":""},"","","","","","","","","","","","","","","",{"$f":"+IF(ISNA(VLOOKUP(AE$3&\"  \"&$M13,$A$3:$I$110,2,0)),\"\",VLOOKUP(AE$3&\"  \"&$M13,$A$3:$I$110,2,0))","v":""},"","","","","","","",""]
[{"$error":"#REF!"},11,466,"37:29",{"$f":"+VLOOKUP($C14,#REF!,2,\"false\")","v":{"$error":"#REF!"}},{"$f":"+VLOOKUP($C14,#REF!,3,\"false\")","v":{"$error":"#REF!"}},{"$f":"+VLOOKUP($C14,#REF!,4,\"false\")","v":{"$error":"#REF!"}},{"$f":"+VLOOKUP($C14,#REF!,5,\"false\")","v":{"$error":"#REF!"}},{"$f":"+VLOOKUP($C14,#REF!,6,\"false\")","v":{"$error":"#REF!"}},{"$error":"#REF!"},{"$error":"#REF!"},null,6,"","","","","","","","","","","","","","","","","","","","","","","","","",""]
[{"$error":"#REF!"},12,483,"38:33",{"$f":"+VLOOKUP($C15,#REF!,2,\"false\")","v":{"$error":"#REF!"}},{"$f":"+VLOOKUP($C15,#REF!,3,\"false\")","v":{"$error":"#REF!"}},{"$f":"+VLOOKUP($C15,#REF!,4,\"false\")","v":{"$error":"#REF!"}},{"$f":"+VLOOKUP($C15,#REF!,5,\"false\")","v":{"$error":"#REF!"}},{"$f":"+VLOOKUP($C15,#REF!,6,\"false\")","v":{"$error":"#REF!"}},{"$error":"#REF!"},{"$error":"#REF!"},null,7,"","","","","","","","","","","","","","","","","","","","","","","","","",""]
[{"$error":"#REF!"},13,473,"38:40",{"$f":"+VLOOKUP($C16,#REF!,2,\"false\")","v":{"$error":"#REF!"}},{"$f":"+VLOOKUP($C16,#REF!,3,\"false\")","v":{"$error":"#REF!"}},{"$f":"+VLOOKUP($C16,#REF!,4,\"false\")","v":{"$error":"#REF!"}},{"$f":"+VLOOKUP($C16,#REF!,5,\"false\")","v":{"$error":"#REF!"}},{"$f":"+VLOOKUP($C16,#REF!,6,\"false\")","v":{"$error":"#REF!"}},{"$error":"#REF!"},{"$error":"#REF!"},null,8,"","","","","","","","","","","","","","","","","","","","","","","","","",""]
[{"$error":"#REF!"},14,496,"38:51",{"$f":"+VLOOKUP($C17,#REF!,2,\"false\")","v":{"$error":"#REF!"}},{"$f":"+VLOOKUP($C17,#REF!,3,\"false\")","v":{"$error":"#REF!"}},{"$f":"+VLOOKUP($C17,#REF!,4,\"false\")","v":{"$error":"#REF!"}},{"$f":"+VLOOKUP($C17,#REF!,5,\"false\")","v":{"$error":"#REF!"}},{"$f":"+VLOOKUP($C17,#REF!,6,\"false\")","v":{"$error":"#REF!"}},{"$error":"#REF!"},{"$error":"#REF!"},null,null,"","","","","","","","","","","","","","","","","","","","","","","","","",""]
[{"$error":"#REF!"},15,489,"38:53",{"$f":"+VLOOKUP($C18,#REF!,2,\"false\")","v":{"$error":"#REF!"}},{"$f":"+VLOOKUP($C18,#REF!,3,\"false\")","v":{"$error":"#REF!"}},{"$f":"+VLOOKUP($C18,#REF!,4,\"false\")","v":{"$error":"#REF!"}},{"$f":"+VLOOKUP($C18,#REF!,5,\"false\")","v":{"$error":"#REF!"}},{"$f":"+VLOOKUP($C18,#REF!,6,\"false\")","v":{"$error":"#REF!"}},{"$error":"#REF!"},{"$error":"#REF!"},null,null,"","","","","","","","","","","","","","","","","","","","","","","","","",""]
[{"$error":"#REF!"},16,452,"39:01",{"$f":"+VLOOKUP($C19,#REF!,2,\"false\")","v":{"$error":"#REF!"}},{"$f":"+VLOOKUP($C19,#REF!,3,\"false\")","v":{"$error":"#REF!"}},{"$f":"+VLOOKUP($C19,#REF!,4,\"false\")","v":{"$error":"#REF!"}},{"$f":"+VLOOKUP($C19,#REF!,5,\"false\")","v":{"$error":"#REF!"}},{"$f":"+VLOOKUP($C19,#REF!,6,\"false\")","v":{"$error":"#REF!"}},{"$error":"#REF!"},{"$error":"#REF!"},null,"Tot",{"$f":"IF(N16=\"\",1000,SUM(N13:N16))","v":1000},{"$f":"IF(O16=\"\",1000,SUM(O13:O16))","v":1000},1000,1000,1000,1000,1000,1000,1000,1000,1000,1000,1000,1000,1000,1000,1000,1000,1000,1000,1000,1000,1000,1000,1000,1000]
[{"$error":"#REF!"},17,469,"39:13",{"$f":"+VLOOKUP($C20,#REF!,2,\"false\")","v":{"$error":"#REF!"}},{"$f":"+VLOOKUP($C20,#REF!,3,\"false\")","v":{"$error":"#REF!"}},{"$f":"+VLOOKUP($C20,#REF!,4,\"false\")","v":{"$error":"#REF!"}},{"$f":"+VLOOKUP($C20,#REF!,5,\"false\")","v":{"$error":"#REF!"}},{"$f":"+VLOOKUP($C20,#REF!,6,\"false\")","v":{"$error":"#REF!"}},{"$error":"#REF!"},{"$error":"#REF!"},null,"Pos",{"$f":"RANK(N19,($N$10:$AM$10,$N$19:$AM$19),1)","v":1},{"$f":"RANK(O19,($N$10:$AM$10,$N$19:$AM$19),1)","v":1},{"$f":"RANK(P19,($N$10:$AM$10,$N$19:$AM$19),1)","v":1},{"$f":"RANK(Q19,($N$10:$AM$10,$N$19:$AM$19),1)","v":1},{"$f":"RANK(R19,($N$10:$AM$10,$N$19:$AM$19),1)","v":1},{"$f":"RANK(S19,($N$10:$AM$10,$N$19:$AM$19),1)","v":1},{"$f":"RANK(T19,($N$10:$AM$10,$N$19:$AM$19),1)","v":1},{"$f":"RANK(U19,($N$10:$AM$10,$N$19:$AM$19),1)","v":1},{"$f":"RANK(V19,($N$10:$AM$10,$N$19:$AM$19),1)","v":1},{"$f":"RANK(W19,($N$10:$AM$10,$N$19:$AM$19),1)","v":1},{"$f":"RANK(X19,($N$10:$AM$10,$N$19:$AM$19),1)","v":1},{"$f":"RANK(Y19,($N$10:$AM$10,$N$19:$AM$19),1)","v":1},{"$f":"RANK(Z19,($N$10:$AM$10,$N$19:$AM$19),1)","v":1},{"$f":"RANK(AA19,($N$10:$AM$10,$N$19:$AM$19),1)","v":1},{"$f":"RANK(AB19,($N$10:$AM$10,$N$19:$AM$19),1)","v":1},{"$f":"RANK(AC19,($N$10:$AM$10,$N$19:$AM$19),1)","v":1},{"$f":"RANK(AD19,($N$10:$AM$10,$N$19:$AM$19),1)","v":1},{"$f":"RANK(AE19,($N$10:$AM$10,$N$19:$AM$19),1)","v":1},{"$f":"RANK(AF19,($N$10:$AM$10,$N$19:$AM$19),1)","v":1},{"$f":"RANK(AG19,($N$10:$AM$10,$N$19:$AM$19),1)","v":1},{"$f":"RANK(AH19,($N$10:$AM$10,$N$19:$AM$19),1)","v":1},{"$f":"RANK(AI19,($N$10:$AM$10,$N$19:$AM$19),1)","v":1},{"$f":"RANK(AJ19,($N$10:$AM$10,$N$19:$AM$19),1)","v":1},{"$f":"RANK(AK19,($N$10:$AM$10,$N$19:$AM$19),1)","v":1},{"$f":"RANK(AL19,($N$10:$AM$10,$N$19:$AM$19),1)","v":1},{"$f":"RANK(AM19,($N$10:$AM$10,$N$19:$AM$19),1)","v":1}]
[{"$error":"#REF!"},18,470,"39:36",{"$f":"+VLOOKUP($C21,#REF!,2,\"false\")","v":{"$error":"#REF!"}},{"$f":"+VLOOKUP($C21,#REF!,3,\"false\")","v":{"$error":"#REF!"}},{"$f":"+VLOOKUP($C21,#REF!,4,\"false\")","v":{"$error":"#REF!"}},{"$f":"+VLOOKUP($C21,#REF!,5,\"false\")","v":{"$error":"#REF!"}},{"$f":"+VLOOKUP($C21,#REF!,6,\"false\")","v":{"$error":"#REF!"}},{"$error":"#REF!"},{"$error":"#REF!"}]
[{"$error":"#REF!"},19,497,"39:42",{"$f":"+VLOOKUP($C22,#REF!,2,\"false\")","v":{"$error":"#REF!"}},{"$f":"+VLOOKUP($C22,#REF!,3,\"false\")","v":{"$error":"#REF!"}},{"$f":"+VLOOKUP($C22,#REF!,4,\"false\")","v":{"$error":"#REF!"}},{"$f":"+VLOOKUP($C22,#REF!,5,\"false\")","v":{"$error":"#REF!"}},{"$f":"+VLOOKUP($C22,#REF!,6,\"false\")","v":{"$error":"#REF!"}},{"$error":"#REF!"},{"$error":"#REF!"},null,9,{"$f":"+IF(ISNA(VLOOKUP(N$3&\"  \"&$M22,$A$3:$I$110,2,0)),\"\",VLOOKUP(N$3&\"  \"&$M22,$A$3:$I$110,2,0))","v":""},{"$f":"+IF(ISNA(VLOOKUP(O$3&\"  \"&$M22,$A$3:$I$110,2,0)),\"\",VLOOKUP(O$3&\"  \"&$M22,$A$3:$I$110,2,0))","v":""},"","","","","","","","","","","","","","","","","","","","","","","",""]
[{"$error":"#REF!"},20,453,"39:54",{"$f":"+VLOOKUP($C23,#REF!,2,\"false\")","v":{"$error":"#REF!"}},{"$f":"+VLOOKUP($C23,#REF!,3,\"false\")","v":{"$error":"#REF!"}},{"$f":"+VLOOKUP($C23,#REF!,4,\"false\")","v":{"$error":"#REF!"}},{"$f":"+VLOOKUP($C23,#REF!,5,\"false\")","v":{"$error":"#REF!"}},{"$f":"+VLOOKUP($C23,#REF!,6,\"false\")","v":{"$error":"#REF!"}},{"$error":"#REF!"},{"$error":"#REF!"},null,10,"",{"$f":"+IF(ISNA(VLOOKUP(O$3&\"  \"&$M23,$A$3:$I$110,2,0)),\"\",VLOOKUP(O$3&\"  \"&$M23,$A$3:$I$110,2,0))","v":""},"","","","","","","","","","","","","","","","","","","","","","","",""]
[{"$error":"#REF!"},21,450,"42:08",{"$f":"+VLOOKUP($C24,#REF!,2,\"false\")","v":{"$error":"#REF!"}},{"$f":"+VLOOKUP($C24,#REF!,3,\"false\")","v":{"$error":"#REF!"}},{"$f":"+VLOOKUP($C24,#REF!,4,\"false\")","v":{"$error":"#REF!"}},{"$f":"+VLOOKUP($C24,#REF!,5,\"false\")","v":{"$error":"#REF!"}},{"$f":"+VLOOKUP($C24,#REF!,6,\"false\")","v":{"$error":"#REF!"}},{"$error":"#REF!"},{"$error":"#REF!"},null,11,"","","","","","","","","","","","","","","","","","","","","","","","","",""]
[{"$error":"#REF!"},22,474,"42:13",{"$f":"+VLOOKUP($C25,#REF!,2,\"false\")","v":{"$error":"#REF!"}},{"$f":"+VLOOKUP($C25,#REF!,3,\"false\")","v":{"$error":"#REF!"}},{"$f":"+VLOOKUP($C25,#REF!,4,\"false\")","v":{"$error":"#REF!"}},{"$f":"+VLOOKUP($C25,#REF!,5,\"false\")","v":{"$error":"#REF!"}},{"$f":"+VLOOKUP($C25,#REF!,6,\"false\")","v":{"$error":"#REF!"}},{"$error":"#REF!"},{"$error":"#REF!"},null,12,"","","","","","","","","","","","","","","","","","","","","","","","","",""]
[{"$error":"#REF!"},23,459,"42:32",{"$f":"+VLOOKUP($C26,#REF!,2,\"false\")","v":{"$error":"#REF!"}},{"$f":"+VLOOKUP($C26,#REF!,3,\"false\")","v":{"$error":"#REF!"}},{"$f":"+VLOOKUP($C26,#REF!,4,\"false\")","v":{"$error":"#REF!"}},{"$f":"+VLOOKUP($C26,#REF!,5,\"false\")","v":{"$error":"#REF!"}},{"$f":"+VLOOKUP($C26,#REF!,6,\"false\")","v":{"$error":"#REF!"}},{"$error":"#REF!"},{"$error":"#REF!"},null,null,"","","","","","","","","","","","","","","","","","","","","","","","","",""]
[{"$error":"#REF!"},24,485,"44:49",{"$f":"+VLOOKUP($C27,#REF!,2,\"false\")","v":{"$error":"#REF!"}},{"$f":"+VLOOKUP($C27,#REF!,3,\"false\")","v":{"$error":"#REF!"}},{"$f":"+VLOOKUP($C27,#REF!,4,\"false\")","v":{"$error":"#REF!"}},{"$f":"+VLOOKUP($C27,#REF!,5,\"false\")","v":{"$error":"#REF!"}},{"$f":"+VLOOKUP($C27,#REF!,6,\"false\")","v":{"$error":"#REF!"}},{"$error":"#REF!"},{"$error":"#REF!"},null,null,"","","","","","","","","","","","","","","","","","","","","","","","","",""]
[{"$error":"#REF!"},25,471,"45:02",{"$f":"+VLOOKUP($C28,#REF!,2,\"false\")","v":{"$error":"#REF!"}},{"$f":"+VLOOKUP($C28,#REF!,3,\"false\")","v":{"$error":"#REF!"}},{"$f":"+VLOOKUP($C28,#REF!,4,\"false\")","v":{"$error":"#REF!"}},{"$f":"+VLOOKUP($C28,#REF!,5,\"false\")","v":{"$error":"#REF!"}},{"$f":"+VLOOKUP($C28,#REF!,6,\"false\")","v":{"$error":"#REF!"}},{"$error":"#REF!"},{"$error":"#REF!"},null,"Tot",{"$f":"IF(N24=\"\",1000,SUM(N22:N24))","v":1000},{"$f":"IF(O24=\"\",1000,SUM(O22:O24))","v":1000},1000,1000,1000,1000,1000,1000,1000,1000,1000,1000,1000,1000,1000,1000,1000,1000,1000,1000,1000,1000,1000,1000,1000,1000]
[{"$error":"#REF!"},26,491,"45:11",{"$f":"+VLOOKUP($C29,#REF!,2,\"false\")","v":{"$error":"#REF!"}},{"$f":"+VLOOKUP($C29,#REF!,3,\"false\")","v":{"$error":"#REF!"}},{"$f":"+VLOOKUP($C29,#REF!,4,\"false\")","v":{"$error":"#REF!"}},{"$f":"+VLOOKUP($C29,#REF!,5,\"false\")","v":{"$error":"#REF!"}},{"$f":"+VLOOKUP($C29,#REF!,6,\"false\")","v":{"$error":"#REF!"}},{"$error":"#REF!"},{"$error":"#REF!"},null,"Pos",{"$f":"RANK(N28,($N$10:$AM$10,$N$19:$AM$19,$N$28:$AM$28, $N$37:$AM$37),1)","v":1},{"$f":"RANK(O28,($N$10:$AM$10,$N$19:$AM$19,$N$28:$AM$28, $N$37:$AM$37),1)","v":1},{"$f":"RANK(P28,($N$10:$AM$10,$N$19:$AM$19,$N$28:$AM$28, $N$37:$AM$37),1)","v":1},{"$f":"RANK(Q28,($N$10:$AM$10,$N$19:$AM$19,$N$28:$AM$28, $N$37:$AM$37),1)","v":1},{"$f":"RANK(R28,($N$10:$AM$10,$N$19:$AM$19,$N$28:$AM$28, $N$37:$AM$37),1)","v":1},{"$f":"RANK(S28,($N$10:$AM$10,$N$19:$AM$19,$N$28:$AM$28, $N$37:$AM$37),1)","v":1},{"$f":"RANK(T28,($N$10:$AM$10,$N$19:$AM$19,$N$28:$AM$28, $N$37:$AM$37),1)","v":1},{"$f":"RANK(U28,($N$10:$AM$10,$N$19:$AM$19,$N$28:$AM$28, $N$37:$AM$37),1)","v":1},{"$f":"RANK(V28,($N$10:$AM$10,$N$19:$AM$19,$N$28:$AM$28, $N$37:$AM$37),1)","v":1},{"$f":"RANK(W28,($N$10:$AM$10,$N$19:$AM$19,$N$28:$AM$28, $N$37:$AM$37),1)","v":1},{"$f":"RANK(X28,($N$10:$AM$10,$N$19:$AM$19,$N$28:$AM$28, $N$37:$AM$37),1)","v":1},{"$f":"RANK(Y28,($N$10:$AM$10,$N$19:$AM$19,$N$28:$AM$28, $N$37:$AM$37),1)","v":1},{"$f":"RANK(Z28,($N$10:$AM$10,$N$19:$AM$19,$N$28:$AM$28, $N$37:$AM$37),1)","v":1},{"$f":"RANK(AA28,($N$10:$AM$10,$N$19:$AM$19,$N$28:$AM$28, $N$37:$AM$37),1)","v":1},{"$f":"RANK(AB28,($N$10:$AM$10,$N$19:$AM$19,$N$28:$AM$28, $N$37:$AM$37),1)","v":1},{"$f":"RANK(AC28,($N$10:$AM$10,$N$19:$AM$19,$N$28:$AM$28, $N$37:$AM$37),1)","v":1},{"$f":"RANK(AD28,($N$10:$AM$10,$N$19:$AM$19,$N$28:$AM$28, $N$37:$AM$37),1)","v":1},{"$f":"RANK(AE28,($N$10:$AM$10,$N$19:$AM$19,$N$28:$AM$28, $N$37:$AM$37),1)","v":1},{"$f":"RANK(AF28,($N$10:$AM$10,$N$19:$AM$19,$N$28:$AM$28, $N$37:$AM$37),1)","v":1},{"$f":"RANK(AG28,($N$10:$AM$10,$N$19:$AM$19,$N$28:$AM$28, $N$37:$AM$37),1)","v":1},{"$f":"RANK(AH28,($N$10:$AM$10,$N$19:$AM$19,$N$28:$AM$28, $N$37:$AM$37),1)","v":1},{"$f":"RANK(AI28,($N$10:$AM$10,$N$19:$AM$19,$N$28:$AM$28, $N$37:$AM$37),1)","v":1},{"$f":"RANK(AJ28,($N$10:$AM$10,$N$19:$AM$19,$N$28:$AM$28, $N$37:$AM$37),1)","v":1},{"$f":"RANK(AK28,($N$10:$AM$10,$N$19:$AM$19,$N$28:$AM$28, $N$37:$AM$37),1)","v":1},{"$f":"RANK(AL28,($N$10:$AM$10,$N$19:$AM$19,$N$28:$AM$28, $N$37:$AM$37),1)","v":1},{"$f":"RANK(AM28,($N$10:$AM$10,$N$19:$AM$19,$N$28:$AM$28, $N$37:$AM$37),1)","v":1}]
[{"$error":"#REF!"},27,488,"45:34",{"$f":"+VLOOKUP($C30,#REF!,2,\"false\")","v":{"$error":"#REF!"}},{"$f":"+VLOOKUP($C30,#REF!,3,\"false\")","v":{"$error":"#REF!"}},{"$f":"+VLOOKUP($C30,#REF!,4,\"false\")","v":{"$error":"#REF!"}},{"$f":"+VLOOKUP($C30,#REF!,5,\"false\")","v":{"$error":"#REF!"}},{"$f":"+VLOOKUP($C30,#REF!,6,\"false\")","v":{"$error":"#REF!"}},{"$error":"#REF!"},{"$error":"#REF!"}]
[{"$error":"#REF!"},28,484,"45:43",{"$f":"+VLOOKUP($C31,#REF!,2,\"false\")","v":{"$error":"#REF!"}},{"$f":"+VLOOKUP($C31,#REF!,3,\"false\")","v":{"$error":"#REF!"}},{"$f":"+VLOOKUP($C31,#REF!,4,\"false\")","v":{"$error":"#REF!"}},{"$f":"+VLOOKUP($C31,#REF!,5,\"false\")","v":{"$error":"#REF!"}},{"$f":"+VLOOKUP($C31,#REF!,6,\"false\")","v":{"$error":"#REF!"}},{"$error":"#REF!"},{"$error":"#REF!"},null,13,{"$f":"+IF(ISNA(VLOOKUP(N$3&\"  \"&$M31,$A$3:$I$110,2,0)),\"\",VLOOKUP(N$3&\"  \"&$M31,$A$3:$I$110,2,0))","v":""},{"$f":"+IF(ISNA(VLOOKUP(O$3&\"  \"&$M31,$A$3:$I$110,2,0)),\"\",VLOOKUP(O$3&\"  \"&$M31,$A$3:$I$110,2,0))","v":""},"","","","","","","","","","","","","","","",{"$f":"+IF(ISNA(VLOOKUP(AE$3&\"  \"&$M31,$A$3:$I$110,2,0)),\"\",VLOOKUP(AE$3&\"  \"&$M31,$A$3:$I$110,2,0))","v":""},"","","","","","","",""]
[{"$error":"#REF!"},29,492,"46:16",{"$f":"+VLOOKUP($C32,#REF!,2,\"false\")","v":{"$error":"#REF!"}},{"$f":"+VLOOKUP($C32,#REF!,3,\"false\")","v":{"$error":"#REF!"}},{"$f":"+VLOOKUP($C32,#REF!,4,\"false\")","v":{"$error":"#REF!"}},{"$f":"+VLOOKUP($C32,#REF!,5,\"false\")","v":{"$error":"#REF!"}},{"$f":"+VLOOKUP($C32,#REF!,6,\"false\")","v":{"$error":"#REF!"}},{"$error":"#REF!"},{"$error":"#REF!"},null,14,"","","","","","","","","","","","","","","","","","","","","","","","","",""]
[{"$error":"#REF!"},30,495,"47:43",{"$f":"+VLOOKUP($C33,#REF!,2,\"false\")","v":{"$error":"#REF!"}},{"$f":"+VLOOKUP($C33,#REF!,3,\"false\")","v":{"$error":"#REF!"}},{"$f":"+VLOOKUP($C33,#REF!,4,\"false\")","v":{"$error":"#REF!"}},{"$f":"+VLOOKUP($C33,#REF!,5,\"false\")","v":{"$error":"#REF!"}},{"$f":"+VLOOKUP($C33,#REF!,6,\"false\")","v":{"$error":"#REF!"}},{"$error":"#REF!"},{"$error":"#REF!"},null,15,"","","","","","","","","","","","","","","","","","","","","","","","","",""]
[{"$error":"#REF!"},31,477,"47:57",{"$f":"+VLOOKUP($C34,#REF!,2,\"false\")","v":{"$error":"#REF!"}},{"$f":"+VLOOKUP($C34,#REF!,3,\"false\")","v":{"$error":"#REF!"}},{"$f":"+VLOOKUP($C34,#REF!,4,\"false\")","v":{"$error":"#REF!"}},{"$f":"+VLOOKUP($C34,#REF!,5,\"false\")","v":{"$error":"#REF!"}},{"$f":"+VLOOKUP($C34,#REF!,6,\"false\")","v":{"$error":"#REF!"}},{"$error":"#REF!"},{"$error":"#REF!"},null,16,"","","","","","","","","","","","","","","","","","","","","","","","","",""]
[{"$error":"#REF!"},32,460,"48:56",{"$f":"+VLOOKUP($C35,#REF!,2,\"false\")","v":{"$error":"#REF!"}},{"$f":"+VLOOKUP($C35,#REF!,3,\"false\")","v":{"$error":"#REF!"}},{"$f":"+VLOOKUP($C35,#REF!,4,\"false\")","v":{"$error":"#REF!"}},{"$f":"+VLOOKUP($C35,#REF!,5,\"false\")","v":{"$error":"#REF!"}},{"$f":"+VLOOKUP($C35,#REF!,6,\"false\")","v":{"$error":"#REF!"}},{"$error":"#REF!"},{"$error":"#REF!"},null,null,"","","","","","","","","","","","","","","","","","","","","","","","","",""]
[{"$error":"#REF!"},33,487,"49:09",{"$f":"+VLOOKUP($C36,#REF!,2,\"false\")","v":{"$error":"#REF!"}},{"$f":"+VLOOKUP($C36,#REF!,3,\"false\")","v":{"$error":"#REF!"}},{"$f":"+VLOOKUP($C36,#REF!,4,\"false\")","v":{"$error":"#REF!"}},{"$f":"+VLOOKUP($C36,#REF!,5,\"false\")","v":{"$error":"#REF!"}},{"$f":"+VLOOKUP($C36,#REF!,6,\"false\")","v":{"$error":"#REF!"}},{"$error":"#REF!"},{"$error":"#REF!"},null,null,"","","","","","","","","","","","","","","","","","","","","","","","","",""]
[{"$error":"#REF!"},34,494,"50:20",{"$f":"+VLOOKUP($C37,#REF!,2,\"false\")","v":{"$error":"#REF!"}},{"$f":"+VLOOKUP($C37,#REF!,3,\"false\")","v":{"$error":"#REF!"}},{"$f":"+VLOOKUP($C37,#REF!,4,\"false\")","v":{"$error":"#REF!"}},{"$f":"+VLOOKUP($C37,#REF!,5,\"false\")","v":{"$error":"#REF!"}},{"$f":"+VLOOKUP($C37,#REF!,6,\"false\")","v":{"$error":"#REF!"}},{"$error":"#REF!"},{"$error":"#REF!"},null,"Tot",{"$f":"IF(N33=\"\",1000,SUM(N31:N33))","v":1000},{"$f":"IF(O33=\"\",1000,SUM(O31:O33))","v":1000},1000,1000,1000,1000,1000,1000,1000,1000,1000,1000,1000,1000,1000,1000,1000,1000,1000,1000,1000,1000,1000,1000,1000,1000]
[{"$error":"#REF!"},35,481,"50:23",{"$f":"+VLOOKUP($C38,#REF!,2,\"false\")","v":{"$error":"#REF!"}},{"$f":"+VLOOKUP($C38,#REF!,3,\"false\")","v":{"$error":"#REF!"}},{"$f":"+VLOOKUP($C38,#REF!,4,\"false\")","v":{"$error":"#REF!"}},{"$f":"+VLOOKUP($C38,#REF!,5,\"false\")","v":{"$error":"#REF!"}},{"$f":"+VLOOKUP($C38,#REF!,6,\"false\")","v":{"$error":"#REF!"}},{"$error":"#REF!"},{"$error":"#REF!"},null,"Pos",{"$f":"RANK(N37,($N$10:$AM$10,$N$19:$AM$19,$N$28:$AM$28, $N$37:$AM$37),1)","v":1},{"$f":"RANK(O37,($N$10:$AM$10,$N$19:$AM$19,$N$28:$AM$28, $N$37:$AM$37),1)","v":1},{"$f":"RANK(P37,($N$10:$AM$10,$N$19:$AM$19,$N$28:$AM$28, $N$37:$AM$37),1)","v":1},{"$f":"RANK(Q37,($N$10:$AM$10,$N$19:$AM$19,$N$28:$AM$28, $N$37:$AM$37),1)","v":1},{"$f":"RANK(R37,($N$10:$AM$10,$N$19:$AM$19,$N$28:$AM$28, $N$37:$AM$37),1)","v":1},{"$f":"RANK(S37,($N$10:$AM$10,$N$19:$AM$19,$N$28:$AM$28, $N$37:$AM$37),1)","v":1},{"$f":"RANK(T37,($N$10:$AM$10,$N$19:$AM$19,$N$28:$AM$28, $N$37:$AM$37),1)","v":1},{"$f":"RANK(U37,($N$10:$AM$10,$N$19:$AM$19,$N$28:$AM$28, $N$37:$AM$37),1)","v":1},{"$f":"RANK(V37,($N$10:$AM$10,$N$19:$AM$19,$N$28:$AM$28, $N$37:$AM$37),1)","v":1},{"$f":"RANK(W37,($N$10:$AM$10,$N$19:$AM$19,$N$28:$AM$28, $N$37:$AM$37),1)","v":1},{"$f":"RANK(X37,($N$10:$AM$10,$N$19:$AM$19,$N$28:$AM$28, $N$37:$AM$37),1)","v":1},{"$f":"RANK(Y37,($N$10:$AM$10,$N$19:$AM$19,$N$28:$AM$28, $N$37:$AM$37),1)","v":1},{"$f":"RANK(Z37,($N$10:$AM$10,$N$19:$AM$19,$N$28:$AM$28, $N$37:$AM$37),1)","v":1},{"$f":"RANK(AA37,($N$10:$AM$10,$N$19:$AM$19,$N$28:$AM$28, $N$37:$AM$37),1)","v":1},{"$f":"RANK(AB37,($N$10:$AM$10,$N$19:$AM$19,$N$28:$AM$28, $N$37:$AM$37),1)","v":1},{"$f":"RANK(AC37,($N$10:$AM$10,$N$19:$AM$19,$N$28:$AM$28, $N$37:$AM$37),1)","v":1},{"$f":"RANK(AD37,($N$10:$AM$10,$N$19:$AM$19,$N$28:$AM$28, $N$37:$AM$37),1)","v":1},{"$f":"RANK(AE37,($N$10:$AM$10,$N$19:$AM$19,$N$28:$AM$28, $N$37:$AM$37),1)","v":1},{"$f":"RANK(AF37,($N$10:$AM$10,$N$19:$AM$19,$N$28:$AM$28, $N$37:$AM$37),1)","v":1},{"$f":"RANK(AG37,($N$10:$AM$10,$N$19:$AM$19,$N$28:$AM$28, $N$37:$AM$37),1)","v":1},{"$f":"RANK(AH37,($N$10:$AM$10,$N$19:$AM$19,$N$28:$AM$28, $N$37:$AM$37),1)","v":1},{"$f":"RANK(AI37,($N$10:$AM$10,$N$19:$AM$19,$N$28:$AM$28, $N$37:$AM$37),1)","v":1},{"$f":"RANK(AJ37,($N$10:$AM$10,$N$19:$AM$19,$N$28:$AM$28, $N$37:$AM$37),1)","v":1},{"$f":"RANK(AK37,($N$10:$AM$10,$N$19:$AM$19,$N$28:$AM$28, $N$37:$AM$37),1)","v":1},{"$f":"RANK(AL37,($N$10:$AM$10,$N$19:$AM$19,$N$28:$AM$28, $N$37:$AM$37),1)","v":1},{"$f":"RANK(AM37,($N$10:$AM$10,$N$19:$AM$19,$N$28:$AM$28, $N$37:$AM$37),1)","v":1}]
[{"$error":"#REF!"},36,478,"52:13",{"$f":"+VLOOKUP($C39,#REF!,2,\"false\")","v":{"$error":"#REF!"}},{"$f":"+VLOOKUP($C39,#REF!,3,\"false\")","v":{"$error":"#REF!"}},{"$f":"+VLOOKUP($C39,#REF!,4,\"false\")","v":{"$error":"#REF!"}},{"$f":"+VLOOKUP($C39,#REF!,5,\"false\")","v":{"$error":"#REF!"}},{"$f":"+VLOOKUP($C39,#REF!,6,\"false\")","v":{"$error":"#REF!"}},{"$error":"#REF!"},{"$error":"#REF!"}]
[{"$error":"#REF!"},37,498,"52:21",{"$f":"+VLOOKUP($C40,#REF!,2,\"false\")","v":{"$error":"#REF!"}},{"$f":"+VLOOKUP($C40,#REF!,3,\"false\")","v":{"$error":"#REF!"}},{"$f":"+VLOOKUP($C40,#REF!,4,\"false\")","v":{"$error":"#REF!"}},{"$f":"+VLOOKUP($C40,#REF!,5,\"false\")","v":{"$error":"#REF!"}},{"$f":"+VLOOKUP($C40,#REF!,6,\"false\")","v":{"$error":"#REF!"}},{"$error":"#REF!"},{"$error":"#REF!"}]
[{"$error":"#REF!"},38,480,"53:11",{"$f":"+VLOOKUP($C41,#REF!,2,\"false\")","v":{"$error":"#REF!"}},{"$f":"+VLOOKUP($C41,#REF!,3,\"false\")","v":{"$error":"#REF!"}},{"$f":"+VLOOKUP($C41,#REF!,4,\"false\")","v":{"$error":"#REF!"}},{"$f":"+VLOOKUP($C41,#REF!,5,\"false\")","v":{"$error":"#REF!"}},{"$f":"+VLOOKUP($C41,#REF!,6,\"false\")","v":{"$error":"#REF!"}},{"$error":"#REF!"},{"$error":"#REF!"}]
[{"$error":"#REF!"},39,472,"54:20",{"$f":"+VLOOKUP($C42,#REF!,2,\"false\")","v":{"$error":"#REF!"}},{"$f":"+VLOOKUP($C42,#REF!,3,\"false\")","v":{"$error":"#REF!"}},{"$f":"+VLOOKUP($C42,#REF!,4,\"false\")","v":{"$error":"#REF!"}},{"$f":"+VLOOKUP($C42,#REF!,5,\"false\")","v":{"$error":"#REF!"}},{"$f":"+VLOOKUP($C42,#REF!,6,\"false\")","v":{"$error":"#REF!"}},{"$error":"#REF!"},{"$error":"#REF!"}]
[{"$error":"#REF!"},40,465,"56:15",{"$f":"+VLOOKUP($C43,#REF!,2,\"false\")","v":{"$error":"#REF!"}},{"$f":"+VLOOKUP($C43,#REF!,3,\"false\")","v":{"$error":"#REF!"}},{"$f":"+VLOOKUP($C43,#REF!,4,\"false\")","v":{"$error":"#REF!"}},{"$f":"+VLOOKUP($C43,#REF!,5,\"false\")","v":{"$error":"#REF!"}},{"$f":"+VLOOKUP($C43,#REF!,6,\"false\")","v":{"$error":"#REF!"}},{"$error":"#REF!"},{"$error":"#REF!"}]
[{"$error":"#REF!"},41,467,"58:21",{"$f":"+VLOOKUP($C44,#REF!,2,\"false\")","v":{"$error":"#REF!"}},{"$f":"+VLOOKUP($C44,#REF!,3,\"false\")","v":{"$error":"#REF!"}},{"$f":"+VLOOKUP($C44,#REF!,4,\"false\")","v":{"$error":"#REF!"}},{"$f":"+VLOOKUP($C44,#REF!,5,\"false\")","v":{"$error":"#REF!"}},{"$f":"+VLOOKUP($C44,#REF!,6,\"false\")","v":{"$error":"#REF!"}},{"$error":"#REF!"},{"$error":"#REF!"}]
[{"$error":"#REF!"},42,493,"59:04",{"$f":"+VLOOKUP($C45,#REF!,2,\"false\")","v":{"$error":"#REF!"}},{"$f":"+VLOOKUP($C45,#REF!,3,\"false\")","v":{"$error":"#REF!"}},{"$f":"+VLOOKUP($C45,#REF!,4,\"false\")","v":{"$error":"#REF!"}},{"$f":"+VLOOKUP($C45,#REF!,5,\"false\")","v":{"$error":"#REF!"}},{"$f":"+VLOOKUP($C45,#REF!,6,\"false\")","v":{"$error":"#REF!"}},{"$error":"#REF!"},{"$error":"#REF!"}]
[{"$error":"#REF!"},43,520,"62:24",{"$f":"+VLOOKUP($C46,#REF!,2,\"false\")","v":{"$error":"#REF!"}},{"$f":"+VLOOKUP($C46,#REF!,3,\"false\")","v":{"$error":"#REF!"}},{"$f":"+VLOOKUP($C46,#REF!,4,\"false\")","v":{"$error":"#REF!"}},{"$f":"+VLOOKUP($C46,#REF!,5,\"false\")","v":{"$error":"#REF!"}},{"$f":"+VLOOKUP($C46,#REF!,6,\"false\")","v":{"$error":"#REF!"}},{"$error":"#REF!"},{"$error":"#REF!"}]
{"$rows_empty":110}
[null,"Pos","Bib","Time"]
[null,1]
[null,2]
[null,3]
[null,4]
[null,5]
[null,6]
[null,7]
[null,8]
[null,9]
[null,10]
[null,11]
[null,12]
[null,13]
[null,14]
[null,15]
[null,16]
[null,17]
[null,18]
[null,19]
[null,20]
[null,21]
[null,22]
[null,23]
[null,24]
[null,25]
[null,26]
[null,27]
[null,28]
[null,29]
[null,30]
[null,31]
[null,32]
[null,33]
[null,34]
[null,35]
[null,36]
[null,37]
[null,38]
[null,39]
[null,40]
[null,41]
[null,42]
[null,43]
[null,44]
[null,45]
[null,46]
[null,47]
[null,48]
[null,49]
[null,50]
[null,51]
[null,52]
[null,53]
[null,54]
[null,55]
[null,56]
[null,57]
[null,58]
[null,59]
[null,60]
[null,61]
[null,62]
[null,63]
[null,64]
[null,65]
[null,66]
[null,67]
[null,68]
[null,69]
[null,70]
[null,71]
[null,72]
[null,73]
[null,74]
[null,75]
[null,76]
[null,77]
[null,78]
[null,79]
[null,80]
[null,81]
[null,82]
[null,83]
[null,84]
[null,85]
[null,86]
[null,87]
[null,88]
[null,89]
[null,90]
[null,91]
[null,92]
[null,93]
[null,94]
[null,95]
[null,96]
[null,97]
[null,98]
[null,99]
[null,100]
[null,101]
[null,102]
[null,103]
[null,104]
[null,105]
[null,106]
[null,107]
[null,108]
[null,109]
[null,110]
[null,111]
[null,112]
[null,113]
[null,114]
[null,115]
[null,116]
[null,117]
[null,118]
[null,119]
[null,120]
[null,121]
[null,122]
[null,123]
[null,124]
[null,125]
[null,126]
[null,127]
[null,128]
[null,129]
[null,130]
[null,131]
[null,132]
[null,133]
[null,134]
[null,135]
[null,136]
[null,137]
[null,138]
[null,139]
[null,140]
[null,141]
[null,142]
[null,143]
[null,144]
[null,145]
[null,146]
[null,147]
[null,148]
[null,149]
[null,150]
[null,151]
[null,152]
[null,153]
[null,154]
[null,155]
[null,156]
[null,157]
[null,158]
[null,159]
[null,160]
[null,161]
[null,162]
[null,163]
[null,164]
[null,165]
[null,166]
[null,167]
[null,168]
[null,169]
[null,170]
[null,171]
[null,172]
[null,173]
[null,174]
[null,175]
[null,176]
[null,177]
[null,178]
[null,179]
[null,180]

{"sheet":"SenWU20W","index":14,"n_rows":508,"n_cols":39,"rows_kept":508,"hidden":true,"merged":[[0,1,0,6],[1,1,1,10]]}
[null,"Sussex Athletics XC Championships\nBexhill, 07/01/2023",{"$nulls":11},"26 clubs - cols N to AM"]
[null,"U20 & Senior Women (Start together, same distance)"]
["Temp","Pos","Bib","Time","Forename","Surname","Club","Cat ","Sex","Rk","Club Rk",null,null,"CHI","TON","PHX","LEW","B&H","EBR","HY","WDH","CRA","HBS","CSS","BHWRC","GRR","HAI","HHH"]
[{"$f":"+K4","v":{"$error":"#REF!"}},1,463,"32:12",{"$f":"+VLOOKUP($C4,#REF!,2,\"false\")","v":{"$error":"#REF!"}},{"$f":"+VLOOKUP($C4,#REF!,3,\"false\")","v":{"$error":"#REF!"}},{"$f":"+VLOOKUP($C4,#REF!,4,\"false\")","v":{"$error":"#REF!"}},{"$f":"+VLOOKUP($C4,#REF!,5,\"False\")","v":{"$error":"#REF!"}},{"$f":"+VLOOKUP($C4,#REF!,6,\"false\")","v":{"$error":"#REF!"}},{"$f":"TEXT(SUMPRODUCT(--(G4=$G$4:$G$398),--(B4>$B$4:$B$398))+1,0)","v":{"$error":"#REF!"}},{"$f":"+G4&\"  \"&J4","v":{"$error":"#REF!"}},null,1,{"$f":"+IF(ISNA(VLOOKUP(N$3&\"  \"&$M4,$A$3:$I$110,2,0)),\"\",VLOOKUP(N$3&\"  \"&$M4,$A$3:$I$110,2,0))","v":""},{"$f":"+IF(ISNA(VLOOKUP(O$3&\"  \"&$M4,$A$3:$I$110,2,0)),\"\",VLOOKUP(O$3&\"  \"&$M4,$A$3:$I$110,2,0))","v":""},"","","","","","","","","","","","","","","","","","","","","","","",""]
[{"$f":"+K5","v":{"$error":"#REF!"}},{"$f":"+B4+1","v":2},490,"33:38",{"$f":"+VLOOKUP($C5,#REF!,2,\"false\")","v":{"$error":"#REF!"}},{"$f":"+VLOOKUP($C5,#REF!,3,\"false\")","v":{"$error":"#REF!"}},{"$f":"+VLOOKUP($C5,#REF!,4,\"false\")","v":{"$error":"#REF!"}},{"$f":"+VLOOKUP($C5,#REF!,5,\"False\")","v":{"$error":"#REF!"}},{"$f":"+VLOOKUP($C5,#REF!,6,\"false\")","v":{"$error":"#REF!"}},{"$error":"#REF!"},{"$error":"#REF!"},null,2,"",{"$f":"+IF(ISNA(VLOOKUP(O$3&\"  \"&$M5,$A$3:$I$110,2,0)),\"\",VLOOKUP(O$3&\"  \"&$M5,$A$3:$I$110,2,0))","v":""},"","","","","","","","","","","","","","","","","","","","","","","",""]
[{"$error":"#REF!"},{"$f":"+B5+1","v":3},458,"33:58",{"$f":"+VLOOKUP($C6,#REF!,2,\"false\")","v":{"$error":"#REF!"}},{"$f":"+VLOOKUP($C6,#REF!,3,\"false\")","v":{"$error":"#REF!"}},{"$f":"+VLOOKUP($C6,#REF!,4,\"false\")","v":{"$error":"#REF!"}},{"$f":"+VLOOKUP($C6,#REF!,5,\"False\")","v":{"$error":"#REF!"}},{"$f":"+VLOOKUP($C6,#REF!,6,\"false\")","v":{"$error":"#REF!"}},{"$error":"#REF!"},{"$error":"#REF!"},null,3,"","","","","","","","","","","","","","","","","","","","","","","","","",""]
[{"$error":"#REF!"},4,482,"35:41",{"$f":"+VLOOKUP($C7,#REF!,2,\"false\")","v":{"$error":"#REF!"}},{"$f":"+VLOOKUP($C7,#REF!,3,\"false\")","v":{"$error":"#REF!"}},{"$f":"+VLOOKUP($C7,#REF!,4,\"false\")","v":{"$error":"#REF!"}},{"$f":"+VLOOKUP($C7,#REF!,5,\"False\")","v":{"$error":"#REF!"}},{"$f":"+VLOOKUP($C7,#REF!,6,\"false\")","v":{"$error":"#REF!"}},{"$error":"#REF!"},{"$error":"#REF!"},null,4,"","","","","","","","","","","","","","","","","","","","","","","","","",""]
[{"$error":"#REF!"},5,479,"35:42",{"$f":"+VLOOKUP($C8,#REF!,2,\"false\")","v":{"$error":"#REF!"}},{"$f":"+VLOOKUP($C8,#REF!,3,\"false\")","v":{"$error":"#REF!"}},{"$f":"+VLOOKUP($C8,#REF!,4,\"false\")","v":{"$error":"#REF!"}},{"$f":"+VLOOKUP($C8,#REF!,5,\"False\")","v":{"$error":"#REF!"}},{"$f":"+VLOOKUP($C8,#REF!,6,\"false\")","v":{"$error":"#REF!"}},{"$error":"#REF!"},{"$error":"#REF!"},null,null,"","","","","","","","","","","","","","","","","","","","","","","","","",""]
[{"$error":"#REF!"},6,456,"35:43",{"$f":"+VLOOKUP($C9,#REF!,2,\"false\")","v":{"$error":"#REF!"}},{"$f":"+VLOOKUP($C9,#REF!,3,\"false\")","v":{"$error":"#REF!"}},{"$f":"+VLOOKUP($C9,#REF!,4,\"false\")","v":{"$error":"#REF!"}},{"$f":"+VLOOKUP($C9,#REF!,5,\"False\")","v":{"$error":"#REF!"}},{"$f":"+VLOOKUP($C9,#REF!,6,\"false\")","v":{"$error":"#REF!"}},{"$error":"#REF!"},{"$error":"#REF!"},null,null,"","","","","","","","","","","","","","","","","","","","","","","","","",""]
[{"$error":"#REF!"},7,457,"35:44",{"$f":"+VLOOKUP($C10,#REF!,2,\"false\")","v":{"$error":"#REF!"}},{"$f":"+VLOOKUP($C10,#REF!,3,\"false\")","v":{"$error":"#REF!"}},{"$f":"+VLOOKUP($C10,#REF!,4,\"false\")","v":{"$error":"#REF!"}},{"$f":"+VLOOKUP($C10,#REF!,5,\"False\")","v":{"$error":"#REF!"}},{"$f":"+VLOOKUP($C10,#REF!,6,\"false\")","v":{"$error":"#REF!"}},{"$error":"#REF!"},{"$error":"#REF!"},null,"Tot",{"$f":"IF(N7=\"\",1000,SUM(N4:N7))","v":1000},{"$f":"IF(O7=\"\",1000,SUM(O4:O7))","v":1000},1000,1000,1000,1000,1000,1000,1000,1000,1000,1000,1000,1000,1000,1000,1000,1000,1000,1000,1000,1000,1000,1000,1000,1000]
[{"$error":"#REF!"},8,461,"36:11",{"$f":"+VLOOKUP($C11,#REF!,2,\"false\")","v":{"$error":"#REF!"}},{"$f":"+VLOOKUP($C11,#REF!,3,\"false\")","v":{"$error":"#REF!"}},{"$f":"+VLOOKUP($C11,#REF!,4,\"false\")","v":{"$error":"#REF!"}},{"$f":"+VLOOKUP($C11,#REF!,5,\"False\")","v":{"$error":"#REF!"}},{"$f":"+VLOOKUP($C11,#REF!,6,\"false\")","v":{"$error":"#REF!"}},{"$error":"#REF!"},{"$error":"#REF!"},null,"Pos",{"$f":"RANK(N10,($N$10:$AM$10,$N$19:$AM$19),1)","v":1},{"$f":"RANK(O10,($N$10:$AM$10,$N$19:$AM$19),1)","v":1},{"$f":"RANK(P10,($N$10:$AM$10,$N$19:$AM$19),1)","v":1},{"$f":"RANK(Q10,($N$10:$AM$10,$N$19:$AM$19),1)","v":1},{"$f":"RANK(R10,($N$10:$AM$10,$N$19:$AM$19),1)","v":1},{"$f":"RANK(S10,($N$10:$AM$10,$N$19:$AM$19),1)","v":1},{"$f":"RANK(T10,($N$10:$AM$10,$N$19:$AM$19),1)","v":1},{"$f":"RANK(U10,($N$10:$AM$10,$N$19:$AM$19),1)","v":1},{"$f":"RANK(V10,($N$10:$AM$10,$N$19:$AM$19),1)","v":1},{"$f":"RANK(W10,($N$10:$AM$10,$N$19:$AM$19),1)","v":1},{"$f":"RANK(X10,($N$10:$AM$10,$N$19:$AM$19),1)","v":1},{"$f":"RANK(Y10,($N$10:$AM$10,$N$19:$AM$19),1)","v":1},{"$f":"RANK(Z10,($N$10:$AM$10,$N$19:$AM$19),1)","v":1},{"$f":"RANK(AA10,($N$10:$AM$10,$N$19:$AM$19),1)","v":1},{"$f":"RANK(AB10,($N$10:$AM$10,$N$19:$AM$19),1)","v":1},{"$f":"RANK(AC10,($N$10:$AM$10,$N$19:$AM$19),1)","v":1},{"$f":"RANK(AD10,($N$10:$AM$10,$N$19:$AM$19),1)","v":1},{"$f":"RANK(AE10,($N$10:$AM$10,$N$19:$AM$19),1)","v":1},{"$f":"RANK(AF10,($N$10:$AM$10,$N$19:$AM$19),1)","v":1},{"$f":"RANK(AG10,($N$10:$AM$10,$N$19:$AM$19),1)","v":1},{"$f":"RANK(AH10,($N$10:$AM$10,$N$19:$AM$19),1)","v":1},{"$f":"RANK(AI10,($N$10:$AM$10,$N$19:$AM$19),1)","v":1},{"$f":"RANK(AJ10,($N$10:$AM$10,$N$19:$AM$19),1)","v":1},{"$f":"RANK(AK10,($N$10:$AM$10,$N$19:$AM$19),1)","v":1},{"$f":"RANK(AL10,($N$10:$AM$10,$N$19:$AM$19),1)","v":1},{"$f":"RANK(AM10,($N$10:$AM$10,$N$19:$AM$19),1)","v":1}]
[{"$error":"#REF!"},9,486,"36:15",{"$f":"+VLOOKUP($C12,#REF!,2,\"false\")","v":{"$error":"#REF!"}},{"$f":"+VLOOKUP($C12,#REF!,3,\"false\")","v":{"$error":"#REF!"}},{"$f":"+VLOOKUP($C12,#REF!,4,\"false\")","v":{"$error":"#REF!"}},{"$f":"+VLOOKUP($C12,#REF!,5,\"False\")","v":{"$error":"#REF!"}},{"$f":"+VLOOKUP($C12,#REF!,6,\"false\")","v":{"$error":"#REF!"}},{"$error":"#REF!"},{"$error":"#REF!"}]
[{"$error":"#REF!"},10,449,"36:31",{"$f":"+VLOOKUP($C13,#REF!,2,\"false\")","v":{"$error":"#REF!"}},{"$f":"+VLOOKUP($C13,#REF!,3,\"false\")","v":{"$error":"#REF!"}},{"$f":"+VLOOKUP($C13,#REF!,4,\"false\")","v":{"$error":"#REF!"}},{"$f":"+VLOOKUP($C13,#REF!,5,\"False\")","v":{"$error":"#REF!"}},{"$f":"+VLOOKUP($C13,#REF!,6,\"false\")","v":{"$error":"#REF!"}},{"$error":"#REF!"},{"$error":"#REF!"},null,5,{"$f":"+IF(ISNA(VLOOKUP(N$3&\"  \"&$M13,$A$3:$I$110,2,0)),\"\",VLOOKUP(N$3&\"  \"&$M13,$A$3:$I$110,2,0))","v":""},{"$f":"+IF(ISNA(VLOOKUP(O$3&\"  \"&$M13,$A$3:$I$110,2,0)),\"\",VLOOKUP(O$3&\"  \"&$M13,$A$3:$I$110,2,0))","v":""},"","","","","","","","","","","","","","","",{"$f":"+IF(ISNA(VLOOKUP(AE$3&\"  \"&$M13,$A$3:$I$110,2,0)),\"\",VLOOKUP(AE$3&\"  \"&$M13,$A$3:$I$110,2,0))","v":""},"","","","","","","",""]
[{"$error":"#REF!"},11,519,"36:42",{"$f":"+VLOOKUP($C14,#REF!,2,\"false\")","v":{"$error":"#REF!"}},{"$f":"+VLOOKUP($C14,#REF!,3,\"false\")","v":{"$error":"#REF!"}},{"$f":"+VLOOKUP($C14,#REF!,4,\"false\")","v":{"$error":"#REF!"}},{"$f":"+VLOOKUP($C14,#REF!,5,\"False\")","v":{"$error":"#REF!"}},{"$f":"+VLOOKUP($C14,#REF!,6,\"false\")","v":{"$error":"#REF!"}},{"$error":"#REF!"},{"$error":"#REF!"},null,6,"","","","","","","","","","","","","","","","","","","","","","","","","",""]
[{"$error":"#REF!"},12,319,"36:54",{"$f":"+VLOOKUP($C15,#REF!,2,\"false\")","v":{"$error":"#REF!"}},{"$f":"+VLOOKUP($C15,#REF!,3,\"false\")","v":{"$error":"#REF!"}},{"$f":"+VLOOKUP($C15,#REF!,4,\"false\")","v":{"$error":"#REF!"}},{"$f":"+VLOOKUP($C15,#REF!,5,\"False\")","v":{"$error":"#REF!"}},{"$f":"+VLOOKUP($C15,#REF!,6,\"false\")","v":{"$error":"#REF!"}},{"$error":"#REF!"},{"$error":"#REF!"},null,7,"","","","","","","","","","","","","","","","","","","","","","","","","",""]
[{"$error":"#REF!"},13,466,"37:29",{"$f":"+VLOOKUP($C16,#REF!,2,\"false\")","v":{"$error":"#REF!"}},{"$f":"+VLOOKUP($C16,#REF!,3,\"false\")","v":{"$error":"#REF!"}},{"$f":"+VLOOKUP($C16,#REF!,4,\"false\")","v":{"$error":"#REF!"}},{"$f":"+VLOOKUP($C16,#REF!,5,\"False\")","v":{"$error":"#REF!"}},{"$f":"+VLOOKUP($C16,#REF!,6,\"false\")","v":{"$error":"#REF!"}},{"$error":"#REF!"},{"$error":"#REF!"},null,8,"","","","","","","","","","","","","","","","","","","","","","","","","",""]
[{"$error":"#REF!"},14,314,"37:58",{"$f":"+VLOOKUP($C17,#REF!,2,\"false\")","v":{"$error":"#REF!"}},{"$f":"+VLOOKUP($C17,#REF!,3,\"false\")","v":{"$error":"#REF!"}},{"$f":"+VLOOKUP($C17,#REF!,4,\"false\")","v":{"$error":"#REF!"}},{"$f":"+VLOOKUP($C17,#REF!,5,\"False\")","v":{"$error":"#REF!"}},{"$f":"+VLOOKUP($C17,#REF!,6,\"false\")","v":{"$error":"#REF!"}},{"$error":"#REF!"},{"$error":"#REF!"},null,null,"","","","","","","","","","","","","","","","","","","","","","","","","",""]
[{"$error":"#REF!"},15,483,"38:33",{"$f":"+VLOOKUP($C18,#REF!,2,\"false\")","v":{"$error":"#REF!"}},{"$f":"+VLOOKUP($C18,#REF!,3,\"false\")","v":{"$error":"#REF!"}},{"$f":"+VLOOKUP($C18,#REF!,4,\"false\")","v":{"$error":"#REF!"}},{"$f":"+VLOOKUP($C18,#REF!,5,\"False\")","v":{"$error":"#REF!"}},{"$f":"+VLOOKUP($C18,#REF!,6,\"false\")","v":{"$error":"#REF!"}},{"$error":"#REF!"},{"$error":"#REF!"},null,null,"","","","","","","","","","","","","","","","","","","","","","","","","",""]
[{"$error":"#REF!"},16,473,"38:40",{"$f":"+VLOOKUP($C19,#REF!,2,\"false\")","v":{"$error":"#REF!"}},{"$f":"+VLOOKUP($C19,#REF!,3,\"false\")","v":{"$error":"#REF!"}},{"$f":"+VLOOKUP($C19,#REF!,4,\"false\")","v":{"$error":"#REF!"}},{"$f":"+VLOOKUP($C19,#REF!,5,\"False\")","v":{"$error":"#REF!"}},{"$f":"+VLOOKUP($C19,#REF!,6,\"false\")","v":{"$error":"#REF!"}},{"$error":"#REF!"},{"$error":"#REF!"},null,"Tot",{"$f":"IF(N16=\"\",1000,SUM(N13:N16))","v":1000},{"$f":"IF(O16=\"\",1000,SUM(O13:O16))","v":1000},1000,1000,1000,1000,1000,1000,1000,1000,1000,1000,1000,1000,1000,1000,1000,1000,1000,1000,1000,1000,1000,1000,1000,1000]
[{"$error":"#REF!"},17,496,"38:51",{"$f":"+VLOOKUP($C20,#REF!,2,\"false\")","v":{"$error":"#REF!"}},{"$f":"+VLOOKUP($C20,#REF!,3,\"false\")","v":{"$error":"#REF!"}},{"$f":"+VLOOKUP($C20,#REF!,4,\"false\")","v":{"$error":"#REF!"}},{"$f":"+VLOOKUP($C20,#REF!,5,\"False\")","v":{"$error":"#REF!"}},{"$f":"+VLOOKUP($C20,#REF!,6,\"false\")","v":{"$error":"#REF!"}},{"$error":"#REF!"},{"$error":"#REF!"},null,"Pos",{"$f":"RANK(N19,($N$10:$AM$10,$N$19:$AM$19),1)","v":1},{"$f":"RANK(O19,($N$10:$AM$10,$N$19:$AM$19),1)","v":1},{"$f":"RANK(P19,($N$10:$AM$10,$N$19:$AM$19),1)","v":1},{"$f":"RANK(Q19,($N$10:$AM$10,$N$19:$AM$19),1)","v":1},{"$f":"RANK(R19,($N$10:$AM$10,$N$19:$AM$19),1)","v":1},{"$f":"RANK(S19,($N$10:$AM$10,$N$19:$AM$19),1)","v":1},{"$f":"RANK(T19,($N$10:$AM$10,$N$19:$AM$19),1)","v":1},{"$f":"RANK(U19,($N$10:$AM$10,$N$19:$AM$19),1)","v":1},{"$f":"RANK(V19,($N$10:$AM$10,$N$19:$AM$19),1)","v":1},{"$f":"RANK(W19,($N$10:$AM$10,$N$19:$AM$19),1)","v":1},{"$f":"RANK(X19,($N$10:$AM$10,$N$19:$AM$19),1)","v":1},{"$f":"RANK(Y19,($N$10:$AM$10,$N$19:$AM$19),1)","v":1},{"$f":"RANK(Z19,($N$10:$AM$10,$N$19:$AM$19),1)","v":1},{"$f":"RANK(AA19,($N$10:$AM$10,$N$19:$AM$19),1)","v":1},{"$f":"RANK(AB19,($N$10:$AM$10,$N$19:$AM$19),1)","v":1},{"$f":"RANK(AC19,($N$10:$AM$10,$N$19:$AM$19),1)","v":1},{"$f":"RANK(AD19,($N$10:$AM$10,$N$19:$AM$19),1)","v":1},{"$f":"RANK(AE19,($N$10:$AM$10,$N$19:$AM$19),1)","v":1},{"$f":"RANK(AF19,($N$10:$AM$10,$N$19:$AM$19),1)","v":1},{"$f":"RANK(AG19,($N$10:$AM$10,$N$19:$AM$19),1)","v":1},{"$f":"RANK(AH19,($N$10:$AM$10,$N$19:$AM$19),1)","v":1},{"$f":"RANK(AI19,($N$10:$AM$10,$N$19:$AM$19),1)","v":1},{"$f":"RANK(AJ19,($N$10:$AM$10,$N$19:$AM$19),1)","v":1},{"$f":"RANK(AK19,($N$10:$AM$10,$N$19:$AM$19),1)","v":1},{"$f":"RANK(AL19,($N$10:$AM$10,$N$19:$AM$19),1)","v":1},{"$f":"RANK(AM19,($N$10:$AM$10,$N$19:$AM$19),1)","v":1}]
[{"$error":"#REF!"},18,489,"38:53",{"$f":"+VLOOKUP($C21,#REF!,2,\"false\")","v":{"$error":"#REF!"}},{"$f":"+VLOOKUP($C21,#REF!,3,\"false\")","v":{"$error":"#REF!"}},{"$f":"+VLOOKUP($C21,#REF!,4,\"false\")","v":{"$error":"#REF!"}},{"$f":"+VLOOKUP($C21,#REF!,5,\"False\")","v":{"$error":"#REF!"}},{"$f":"+VLOOKUP($C21,#REF!,6,\"false\")","v":{"$error":"#REF!"}},{"$error":"#REF!"},{"$error":"#REF!"}]
[{"$error":"#REF!"},19,452,"39:01",{"$f":"+VLOOKUP($C22,#REF!,2,\"false\")","v":{"$error":"#REF!"}},{"$f":"+VLOOKUP($C22,#REF!,3,\"false\")","v":{"$error":"#REF!"}},{"$f":"+VLOOKUP($C22,#REF!,4,\"false\")","v":{"$error":"#REF!"}},{"$f":"+VLOOKUP($C22,#REF!,5,\"False\")","v":{"$error":"#REF!"}},{"$f":"+VLOOKUP($C22,#REF!,6,\"false\")","v":{"$error":"#REF!"}},{"$error":"#REF!"},{"$error":"#REF!"},null,9,{"$f":"+IF(ISNA(VLOOKUP(N$3&\"  \"&$M22,$A$3:$I$110,2,0)),\"\",VLOOKUP(N$3&\"  \"&$M22,$A$3:$I$110,2,0))","v":""},{"$f":"+IF(ISNA(VLOOKUP(O$3&\"  \"&$M22,$A$3:$I$110,2,0)),\"\",VLOOKUP(O$3&\"  \"&$M22,$A$3:$I$110,2,0))","v":""},"","","","","","","","","","","","","","","","","","","","","","","",""]
[{"$error":"#REF!"},20,469,"39:13",{"$f":"+VLOOKUP($C23,#REF!,2,\"false\")","v":{"$error":"#REF!"}},{"$f":"+VLOOKUP($C23,#REF!,3,\"false\")","v":{"$error":"#REF!"}},{"$f":"+VLOOKUP($C23,#REF!,4,\"false\")","v":{"$error":"#REF!"}},{"$f":"+VLOOKUP($C23,#REF!,5,\"False\")","v":{"$error":"#REF!"}},{"$f":"+VLOOKUP($C23,#REF!,6,\"false\")","v":{"$error":"#REF!"}},{"$error":"#REF!"},{"$error":"#REF!"},null,10,"",{"$f":"+IF(ISNA(VLOOKUP(O$3&\"  \"&$M23,$A$3:$I$110,2,0)),\"\",VLOOKUP(O$3&\"  \"&$M23,$A$3:$I$110,2,0))","v":""},"","","","","","","","","","","","","","","","","","","","","","","",""]
[{"$error":"#REF!"},21,315,"39:29",{"$f":"+VLOOKUP($C24,#REF!,2,\"false\")","v":{"$error":"#REF!"}},{"$f":"+VLOOKUP($C24,#REF!,3,\"false\")","v":{"$error":"#REF!"}},{"$f":"+VLOOKUP($C24,#REF!,4,\"false\")","v":{"$error":"#REF!"}},{"$f":"+VLOOKUP($C24,#REF!,5,\"False\")","v":{"$error":"#REF!"}},{"$f":"+VLOOKUP($C24,#REF!,6,\"false\")","v":{"$error":"#REF!"}},{"$error":"#REF!"},{"$error":"#REF!"},null,11,"","","","","","","","","","","","","","","","","","","","","","","","","",""]
[{"$error":"#REF!"},22,470,"39:36",{"$f":"+VLOOKUP($C25,#REF!,2,\"false\")","v":{"$error":"#REF!"}},{"$f":"+VLOOKUP($C25,#REF!,3,\"false\")","v":{"$error":"#REF!"}},{"$f":"+VLOOKUP($C25,#REF!,4,\"false\")","v":{"$error":"#REF!"}},{"$f":"+VLOOKUP($C25,#REF!,5,\"False\")","v":{"$error":"#REF!"}},{"$f":"+VLOOKUP($C25,#REF!,6,\"false\")","v":{"$error":"#REF!"}},{"$error":"#REF!"},{"$error":"#REF!"},null,12,"","","","","","","","","","","","","","","","","","","","","","","","","",""]
[{"$error":"#REF!"},23,497,"39:42",{"$f":"+VLOOKUP($C26,#REF!,2,\"false\")","v":{"$error":"#REF!"}},{"$f":"+VLOOKUP($C26,#REF!,3,\"false\")","v":{"$error":"#REF!"}},{"$f":"+VLOOKUP($C26,#REF!,4,\"false\")","v":{"$error":"#REF!"}},{"$f":"+VLOOKUP($C26,#REF!,5,\"False\")","v":{"$error":"#REF!"}},{"$f":"+VLOOKUP($C26,#REF!,6,\"false\")","v":{"$error":"#REF!"}},{"$error":"#REF!"},{"$error":"#REF!"},null,null,"","","","","","","","","","","","","","","","","","","","","","","","","",""]
[{"$error":"#REF!"},24,453,"39:54",{"$f":"+VLOOKUP($C27,#REF!,2,\"false\")","v":{"$error":"#REF!"}},{"$f":"+VLOOKUP($C27,#REF!,3,\"false\")","v":{"$error":"#REF!"}},{"$f":"+VLOOKUP($C27,#REF!,4,\"false\")","v":{"$error":"#REF!"}},{"$f":"+VLOOKUP($C27,#REF!,5,\"False\")","v":{"$error":"#REF!"}},{"$f":"+VLOOKUP($C27,#REF!,6,\"false\")","v":{"$error":"#REF!"}},{"$error":"#REF!"},{"$error":"#REF!"},null,null,"","","","","","","","","","","","","","","","","","","","","","","","","",""]
[{"$error":"#REF!"},25,317,"41:04",{"$f":"+VLOOKUP($C28,#REF!,2,\"false\")","v":{"$error":"#REF!"}},{"$f":"+VLOOKUP($C28,#REF!,3,\"false\")","v":{"$error":"#REF!"}},{"$f":"+VLOOKUP($C28,#REF!,4,\"false\")","v":{"$error":"#REF!"}},{"$f":"+VLOOKUP($C28,#REF!,5,\"False\")","v":{"$error":"#REF!"}},{"$f":"+VLOOKUP($C28,#REF!,6,\"false\")","v":{"$error":"#REF!"}},{"$error":"#REF!"},{"$error":"#REF!"},null,"Tot",{"$f":"IF(N24=\"\",1000,SUM(N22:N24))","v":1000},{"$f":"IF(O24=\"\",1000,SUM(O22:O24))","v":1000},1000,1000,1000,1000,1000,1000,1000,1000,1000,1000,1000,1000,1000,1000,1000,1000,1000,1000,1000,1000,1000,1000,1000,1000]
[{"$error":"#REF!"},26,286,"41:45",{"$f":"+VLOOKUP($C29,#REF!,2,\"false\")","v":{"$error":"#REF!"}},{"$f":"+VLOOKUP($C29,#REF!,3,\"false\")","v":{"$error":"#REF!"}},{"$f":"+VLOOKUP($C29,#REF!,4,\"false\")","v":{"$error":"#REF!"}},{"$f":"+VLOOKUP($C29,#REF!,5,\"False\")","v":{"$error":"#REF!"}},{"$f":"+VLOOKUP($C29,#REF!,6,\"false\")","v":{"$error":"#REF!"}},{"$error":"#REF!"},{"$error":"#REF!"},null,"Pos",{"$f":"RANK(N28,($N$10:$AM$10,$N$19:$AM$19,$N$28:$AM$28, $N$37:$AM$37),1)","v":1},{"$f":"RANK(O28,($N$10:$AM$10,$N$19:$AM$19,$N$28:$AM$28, $N$37:$AM$37),1)","v":1},{"$f":"RANK(P28,($N$10:$AM$10,$N$19:$AM$19,$N$28:$AM$28, $N$37:$AM$37),1)","v":1},{"$f":"RANK(Q28,($N$10:$AM$10,$N$19:$AM$19,$N$28:$AM$28, $N$37:$AM$37),1)","v":1},{"$f":"RANK(R28,($N$10:$AM$10,$N$19:$AM$19,$N$28:$AM$28, $N$37:$AM$37),1)","v":1},{"$f":"RANK(S28,($N$10:$AM$10,$N$19:$AM$19,$N$28:$AM$28, $N$37:$AM$37),1)","v":1},{"$f":"RANK(T28,($N$10:$AM$10,$N$19:$AM$19,$N$28:$AM$28, $N$37:$AM$37),1)","v":1},{"$f":"RANK(U28,($N$10:$AM$10,$N$19:$AM$19,$N$28:$AM$28, $N$37:$AM$37),1)","v":1},{"$f":"RANK(V28,($N$10:$AM$10,$N$19:$AM$19,$N$28:$AM$28, $N$37:$AM$37),1)","v":1},{"$f":"RANK(W28,($N$10:$AM$10,$N$19:$AM$19,$N$28:$AM$28, $N$37:$AM$37),1)","v":1},{"$f":"RANK(X28,($N$10:$AM$10,$N$19:$AM$19,$N$28:$AM$28, $N$37:$AM$37),1)","v":1},{"$f":"RANK(Y28,($N$10:$AM$10,$N$19:$AM$19,$N$28:$AM$28, $N$37:$AM$37),1)","v":1},{"$f":"RANK(Z28,($N$10:$AM$10,$N$19:$AM$19,$N$28:$AM$28, $N$37:$AM$37),1)","v":1},{"$f":"RANK(AA28,($N$10:$AM$10,$N$19:$AM$19,$N$28:$AM$28, $N$37:$AM$37),1)","v":1},{"$f":"RANK(AB28,($N$10:$AM$10,$N$19:$AM$19,$N$28:$AM$28, $N$37:$AM$37),1)","v":1},{"$f":"RANK(AC28,($N$10:$AM$10,$N$19:$AM$19,$N$28:$AM$28, $N$37:$AM$37),1)","v":1},{"$f":"RANK(AD28,($N$10:$AM$10,$N$19:$AM$19,$N$28:$AM$28, $N$37:$AM$37),1)","v":1},{"$f":"RANK(AE28,($N$10:$AM$10,$N$19:$AM$19,$N$28:$AM$28, $N$37:$AM$37),1)","v":1},{"$f":"RANK(AF28,($N$10:$AM$10,$N$19:$AM$19,$N$28:$AM$28, $N$37:$AM$37),1)","v":1},{"$f":"RANK(AG28,($N$10:$AM$10,$N$19:$AM$19,$N$28:$AM$28, $N$37:$AM$37),1)","v":1},{"$f":"RANK(AH28,($N$10:$AM$10,$N$19:$AM$19,$N$28:$AM$28, $N$37:$AM$37),1)","v":1},{"$f":"RANK(AI28,($N$10:$AM$10,$N$19:$AM$19,$N$28:$AM$28, $N$37:$AM$37),1)","v":1},{"$f":"RANK(AJ28,($N$10:$AM$10,$N$19:$AM$19,$N$28:$AM$28, $N$37:$AM$37),1)","v":1},{"$f":"RANK(AK28,($N$10:$AM$10,$N$19:$AM$19,$N$28:$AM$28, $N$37:$AM$37),1)","v":1},{"$f":"RANK(AL28,($N$10:$AM$10,$N$19:$AM$19,$N$28:$AM$28, $N$37:$AM$37),1)","v":1},{"$f":"RANK(AM28,($N$10:$AM$10,$N$19:$AM$19,$N$28:$AM$28, $N$37:$AM$37),1)","v":1}]
[{"$error":"#REF!"},27,450,"42:08",{"$f":"+VLOOKUP($C30,#REF!,2,\"false\")","v":{"$error":"#REF!"}},{"$f":"+VLOOKUP($C30,#REF!,3,\"false\")","v":{"$error":"#REF!"}},{"$f":"+VLOOKUP($C30,#REF!,4,\"false\")","v":{"$error":"#REF!"}},{"$f":"+VLOOKUP($C30,#REF!,5,\"False\")","v":{"$error":"#REF!"}},{"$f":"+VLOOKUP($C30,#REF!,6,\"false\")","v":{"$error":"#REF!"}},{"$error":"#REF!"},{"$error":"#REF!"}]
[{"$error":"#REF!"},28,474,"42:13",{"$f":"+VLOOKUP($C31,#REF!,2,\"false\")","v":{"$error":"#REF!"}},{"$f":"+VLOOKUP($C31,#REF!,3,\"false\")","v":{"$error":"#REF!"}},{"$f":"+VLOOKUP($C31,#REF!,4,\"false\")","v":{"$error":"#REF!"}},{"$f":"+VLOOKUP($C31,#REF!,5,\"False\")","v":{"$error":"#REF!"}},{"$f":"+VLOOKUP($C31,#REF!,6,\"false\")","v":{"$error":"#REF!"}},{"$error":"#REF!"},{"$error":"#REF!"},null,13,{"$f":"+IF(ISNA(VLOOKUP(N$3&\"  \"&$M31,$A$3:$I$110,2,0)),\"\",VLOOKUP(N$3&\"  \"&$M31,$A$3:$I$110,2,0))","v":""},{"$f":"+IF(ISNA(VLOOKUP(O$3&\"  \"&$M31,$A$3:$I$110,2,0)),\"\",VLOOKUP(O$3&\"  \"&$M31,$A$3:$I$110,2,0))","v":""},"","","","","","","","","","","","","","","",{"$f":"+IF(ISNA(VLOOKUP(AE$3&\"  \"&$M31,$A$3:$I$110,2,0)),\"\",VLOOKUP(AE$3&\"  \"&$M31,$A$3:$I$110,2,0))","v":""},"","","","","","","",""]
[{"$error":"#REF!"},29,459,"42:32",{"$f":"+VLOOKUP($C32,#REF!,2,\"false\")","v":{"$error":"#REF!"}},{"$f":"+VLOOKUP($C32,#REF!,3,\"false\")","v":{"$error":"#REF!"}},{"$f":"+VLOOKUP($C32,#REF!,4,\"false\")","v":{"$error":"#REF!"}},{"$f":"+VLOOKUP($C32,#REF!,5,\"False\")","v":{"$error":"#REF!"}},{"$f":"+VLOOKUP($C32,#REF!,6,\"false\")","v":{"$error":"#REF!"}},{"$error":"#REF!"},{"$error":"#REF!"},null,14,"","","","","","","","","","","","","","","","","","","","","","","","","",""]
[{"$error":"#REF!"},30,485,"44:49",{"$f":"+VLOOKUP($C33,#REF!,2,\"false\")","v":{"$error":"#REF!"}},{"$f":"+VLOOKUP($C33,#REF!,3,\"false\")","v":{"$error":"#REF!"}},{"$f":"+VLOOKUP($C33,#REF!,4,\"false\")","v":{"$error":"#REF!"}},{"$f":"+VLOOKUP($C33,#REF!,5,\"False\")","v":{"$error":"#REF!"}},{"$f":"+VLOOKUP($C33,#REF!,6,\"false\")","v":{"$error":"#REF!"}},{"$error":"#REF!"},{"$error":"#REF!"},null,15,"","","","","","","","","","","","","","","","","","","","","","","","","",""]
[{"$error":"#REF!"},31,471,"45:02",{"$f":"+VLOOKUP($C34,#REF!,2,\"false\")","v":{"$error":"#REF!"}},{"$f":"+VLOOKUP($C34,#REF!,3,\"false\")","v":{"$error":"#REF!"}},{"$f":"+VLOOKUP($C34,#REF!,4,\"false\")","v":{"$error":"#REF!"}},{"$f":"+VLOOKUP($C34,#REF!,5,\"False\")","v":{"$error":"#REF!"}},{"$f":"+VLOOKUP($C34,#REF!,6,\"false\")","v":{"$error":"#REF!"}},{"$error":"#REF!"},{"$error":"#REF!"},null,16,"","","","","","","","","","","","","","","","","","","","","","","","","",""]
[{"$error":"#REF!"},32,491,"45:11",{"$f":"+VLOOKUP($C35,#REF!,2,\"false\")","v":{"$error":"#REF!"}},{"$f":"+VLOOKUP($C35,#REF!,3,\"false\")","v":{"$error":"#REF!"}},{"$f":"+VLOOKUP($C35,#REF!,4,\"false\")","v":{"$error":"#REF!"}},{"$f":"+VLOOKUP($C35,#REF!,5,\"False\")","v":{"$error":"#REF!"}},{"$f":"+VLOOKUP($C35,#REF!,6,\"false\")","v":{"$error":"#REF!"}},{"$error":"#REF!"},{"$error":"#REF!"},null,null,"","","","","","","","","","","","","","","","","","","","","","","","","",""]
[{"$error":"#REF!"},33,488,"45:34",{"$f":"+VLOOKUP($C36,#REF!,2,\"false\")","v":{"$error":"#REF!"}},{"$f":"+VLOOKUP($C36,#REF!,3,\"false\")","v":{"$error":"#REF!"}},{"$f":"+VLOOKUP($C36,#REF!,4,\"false\")","v":{"$error":"#REF!"}},{"$f":"+VLOOKUP($C36,#REF!,5,\"False\")","v":{"$error":"#REF!"}},{"$f":"+VLOOKUP($C36,#REF!,6,\"false\")","v":{"$error":"#REF!"}},{"$f":"TEXT(SUMPRODUCT(--(G36=$G$4:$G$398),--(B36>$B$4:$B$398))+1,0)","v":{"$error":"#REF!"}},{"$error":"#REF!"},null,null,"","","","","","","","","","","","","","","","","","","","","","","","","",""]
[{"$error":"#REF!"},34,484,"45:43",{"$f":"+VLOOKUP($C37,#REF!,2,\"false\")","v":{"$error":"#REF!"}},{"$f":"+VLOOKUP($C37,#REF!,3,\"false\")","v":{"$error":"#REF!"}},{"$f":"+VLOOKUP($C37,#REF!,4,\"false\")","v":{"$error":"#REF!"}},{"$f":"+VLOOKUP($C37,#REF!,5,\"False\")","v":{"$error":"#REF!"}},{"$f":"+VLOOKUP($C37,#REF!,6,\"false\")","v":{"$error":"#REF!"}},{"$error":"#REF!"},{"$error":"#REF!"},null,"Tot",{"$f":"IF(N33=\"\",1000,SUM(N31:N33))","v":1000},{"$f":"IF(O33=\"\",1000,SUM(O31:O33))","v":1000},1000,1000,1000,1000,1000,1000,1000,1000,1000,1000,1000,1000,1000,1000,1000,1000,1000,1000,1000,1000,1000,1000,1000,1000]
[{"$error":"#REF!"},35,492,"46:16",{"$f":"+VLOOKUP($C38,#REF!,2,\"false\")","v":{"$error":"#REF!"}},{"$f":"+VLOOKUP($C38,#REF!,3,\"false\")","v":{"$error":"#REF!"}},{"$f":"+VLOOKUP($C38,#REF!,4,\"false\")","v":{"$error":"#REF!"}},{"$f":"+VLOOKUP($C38,#REF!,5,\"False\")","v":{"$error":"#REF!"}},{"$f":"+VLOOKUP($C38,#REF!,6,\"false\")","v":{"$error":"#REF!"}},{"$error":"#REF!"},{"$error":"#REF!"},null,"Pos",{"$f":"RANK(N37,($N$10:$AM$10,$N$19:$AM$19,$N$28:$AM$28, $N$37:$AM$37),1)","v":1},{"$f":"RANK(O37,($N$10:$AM$10,$N$19:$AM$19,$N$28:$AM$28, $N$37:$AM$37),1)","v":1},{"$f":"RANK(P37,($N$10:$AM$10,$N$19:$AM$19,$N$28:$AM$28, $N$37:$AM$37),1)","v":1},{"$f":"RANK(Q37,($N$10:$AM$10,$N$19:$AM$19,$N$28:$AM$28, $N$37:$AM$37),1)","v":1},{"$f":"RANK(R37,($N$10:$AM$10,$N$19:$AM$19,$N$28:$AM$28, $N$37:$AM$37),1)","v":1},{"$f":"RANK(S37,($N$10:$AM$10,$N$19:$AM$19,$N$28:$AM$28, $N$37:$AM$37),1)","v":1},{"$f":"RANK(T37,($N$10:$AM$10,$N$19:$AM$19,$N$28:$AM$28, $N$37:$AM$37),1)","v":1},{"$f":"RANK(U37,($N$10:$AM$10,$N$19:$AM$19,$N$28:$AM$28, $N$37:$AM$37),1)","v":1},{"$f":"RANK(V37,($N$10:$AM$10,$N$19:$AM$19,$N$28:$AM$28, $N$37:$AM$37),1)","v":1},{"$f":"RANK(W37,($N$10:$AM$10,$N$19:$AM$19,$N$28:$AM$28, $N$37:$AM$37),1)","v":1},{"$f":"RANK(X37,($N$10:$AM$10,$N$19:$AM$19,$N$28:$AM$28, $N$37:$AM$37),1)","v":1},{"$f":"RANK(Y37,($N$10:$AM$10,$N$19:$AM$19,$N$28:$AM$28, $N$37:$AM$37),1)","v":1},{"$f":"RANK(Z37,($N$10:$AM$10,$N$19:$AM$19,$N$28:$AM$28, $N$37:$AM$37),1)","v":1},{"$f":"RANK(AA37,($N$10:$AM$10,$N$19:$AM$19,$N$28:$AM$28, $N$37:$AM$37),1)","v":1},{"$f":"RANK(AB37,($N$10:$AM$10,$N$19:$AM$19,$N$28:$AM$28, $N$37:$AM$37),1)","v":1},{"$f":"RANK(AC37,($N$10:$AM$10,$N$19:$AM$19,$N$28:$AM$28, $N$37:$AM$37),1)","v":1},{"$f":"RANK(AD37,($N$10:$AM$10,$N$19:$AM$19,$N$28:$AM$28, $N$37:$AM$37),1)","v":1},{"$f":"RANK(AE37,($N$10:$AM$10,$N$19:$AM$19,$N$28:$AM$28, $N$37:$AM$37),1)","v":1},{"$f":"RANK(AF37,($N$10:$AM$10,$N$19:$AM$19,$N$28:$AM$28, $N$37:$AM$37),1)","v":1},{"$f":"RANK(AG37,($N$10:$AM$10,$N$19:$AM$19,$N$28:$AM$28, $N$37:$AM$37),1)","v":1},{"$f":"RANK(AH37,($N$10:$AM$10,$N$19:$AM$19,$N$28:$AM$28, $N$37:$AM$37),1)","v":1},{"$f":"RANK(AI37,($N$10:$AM$10,$N$19:$AM$19,$N$28:$AM$28, $N$37:$AM$37),1)","v":1},{"$f":"RANK(AJ37,($N$10:$AM$10,$N$19:$AM$19,$N$28:$AM$28, $N$37:$AM$37),1)","v":1},{"$f":"RANK(AK37,($N$10:$AM$10,$N$19:$AM$19,$N$28:$AM$28, $N$37:$AM$37),1)","v":1},{"$f":"RANK(AL37,($N$10:$AM$10,$N$19:$AM$19,$N$28:$AM$28, $N$37:$AM$37),1)","v":1},{"$f":"RANK(AM37,($N$10:$AM$10,$N$19:$AM$19,$N$28:$AM$28, $N$37:$AM$37),1)","v":1}]
[{"$error":"#REF!"},36,495,"47:43",{"$f":"+VLOOKUP($C39,#REF!,2,\"false\")","v":{"$error":"#REF!"}},{"$f":"+VLOOKUP($C39,#REF!,3,\"false\")","v":{"$error":"#REF!"}},{"$f":"+VLOOKUP($C39,#REF!,4,\"false\")","v":{"$error":"#REF!"}},{"$f":"+VLOOKUP($C39,#REF!,5,\"False\")","v":{"$error":"#REF!"}},{"$f":"+VLOOKUP($C39,#REF!,6,\"false\")","v":{"$error":"#REF!"}},{"$error":"#REF!"},{"$error":"#REF!"}]
[{"$error":"#REF!"},37,477,"47:57",{"$f":"+VLOOKUP($C40,#REF!,2,\"false\")","v":{"$error":"#REF!"}},{"$f":"+VLOOKUP($C40,#REF!,3,\"false\")","v":{"$error":"#REF!"}},{"$f":"+VLOOKUP($C40,#REF!,4,\"false\")","v":{"$error":"#REF!"}},{"$f":"+VLOOKUP($C40,#REF!,5,\"False\")","v":{"$error":"#REF!"}},{"$f":"+VLOOKUP($C40,#REF!,6,\"false\")","v":{"$error":"#REF!"}},{"$error":"#REF!"},{"$error":"#REF!"}]
[{"$error":"#REF!"},38,312,"48:33",{"$f":"+VLOOKUP($C41,#REF!,2,\"false\")","v":{"$error":"#REF!"}},{"$f":"+VLOOKUP($C41,#REF!,3,\"false\")","v":{"$error":"#REF!"}},{"$f":"+VLOOKUP($C41,#REF!,4,\"false\")","v":{"$error":"#REF!"}},{"$f":"+VLOOKUP($C41,#REF!,5,\"False\")","v":{"$error":"#REF!"}},{"$f":"+VLOOKUP($C41,#REF!,6,\"false\")","v":{"$error":"#REF!"}},{"$error":"#REF!"},{"$error":"#REF!"}]
[{"$error":"#REF!"},39,460,"48:56",{"$f":"+VLOOKUP($C42,#REF!,2,\"false\")","v":{"$error":"#REF!"}},{"$f":"+VLOOKUP($C42,#REF!,3,\"false\")","v":{"$error":"#REF!"}},{"$f":"+VLOOKUP($C42,#REF!,4,\"false\")","v":{"$error":"#REF!"}},{"$f":"+VLOOKUP($C42,#REF!,5,\"False\")","v":{"$error":"#REF!"}},{"$f":"+VLOOKUP($C42,#REF!,6,\"false\")","v":{"$error":"#REF!"}},{"$error":"#REF!"},{"$error":"#REF!"}]
[{"$error":"#REF!"},40,487,"49:09",{"$f":"+VLOOKUP($C43,#REF!,2,\"false\")","v":{"$error":"#REF!"}},{"$f":"+VLOOKUP($C43,#REF!,3,\"false\")","v":{"$error":"#REF!"}},{"$f":"+VLOOKUP($C43,#REF!,4,\"false\")","v":{"$error":"#REF!"}},{"$f":"+VLOOKUP($C43,#REF!,5,\"False\")","v":{"$error":"#REF!"}},{"$f":"+VLOOKUP($C43,#REF!,6,\"false\")","v":{"$error":"#REF!"}},{"$error":"#REF!"},{"$error":"#REF!"}]
[{"$error":"#REF!"},41,494,"50:20",{"$f":"+VLOOKUP($C44,#REF!,2,\"false\")","v":{"$error":"#REF!"}},{"$f":"+VLOOKUP($C44,#REF!,3,\"false\")","v":{"$error":"#REF!"}},{"$f":"+VLOOKUP($C44,#REF!,4,\"false\")","v":{"$error":"#REF!"}},{"$f":"+VLOOKUP($C44,#REF!,5,\"False\")","v":{"$error":"#REF!"}},{"$f":"+VLOOKUP($C44,#REF!,6,\"false\")","v":{"$error":"#REF!"}},{"$error":"#REF!"},{"$error":"#REF!"}]
[{"$error":"#REF!"},42,481,"50:23",{"$f":"+VLOOKUP($C45,#REF!,2,\"false\")","v":{"$error":"#REF!"}},{"$f":"+VLOOKUP($C45,#REF!,3,\"false\")","v":{"$error":"#REF!"}},{"$f":"+VLOOKUP($C45,#REF!,4,\"false\")","v":{"$error":"#REF!"}},{"$f":"+VLOOKUP($C45,#REF!,5,\"False\")","v":{"$error":"#REF!"}},{"$f":"+VLOOKUP($C45,#REF!,6,\"false\")","v":{"$error":"#REF!"}},{"$error":"#REF!"},{"$error":"#REF!"}]
[{"$error":"#REF!"},43,478,"52:13",{"$f":"+VLOOKUP($C46,#REF!,2,\"false\")","v":{"$error":"#REF!"}},{"$f":"+VLOOKUP($C46,#REF!,3,\"false\")","v":{"$error":"#REF!"}},{"$f":"+VLOOKUP($C46,#REF!,4,\"false\")","v":{"$error":"#REF!"}},{"$f":"+VLOOKUP($C46,#REF!,5,\"False\")","v":{"$error":"#REF!"}},{"$f":"+VLOOKUP($C46,#REF!,6,\"false\")","v":{"$error":"#REF!"}},{"$error":"#REF!"},{"$error":"#REF!"}]
[{"$error":"#REF!"},44,498,"52:21",{"$f":"+VLOOKUP($C47,#REF!,2,\"false\")","v":{"$error":"#REF!"}},{"$f":"+VLOOKUP($C47,#REF!,3,\"false\")","v":{"$error":"#REF!"}},{"$f":"+VLOOKUP($C47,#REF!,4,\"false\")","v":{"$error":"#REF!"}},{"$f":"+VLOOKUP($C47,#REF!,5,\"False\")","v":{"$error":"#REF!"}},{"$f":"+VLOOKUP($C47,#REF!,6,\"false\")","v":{"$error":"#REF!"}},{"$error":"#REF!"},{"$error":"#REF!"}]
[{"$error":"#REF!"},45,480,"53:11",{"$f":"+VLOOKUP($C48,#REF!,2,\"false\")","v":{"$error":"#REF!"}},{"$f":"+VLOOKUP($C48,#REF!,3,\"false\")","v":{"$error":"#REF!"}},{"$f":"+VLOOKUP($C48,#REF!,4,\"false\")","v":{"$error":"#REF!"}},{"$f":"+VLOOKUP($C48,#REF!,5,\"False\")","v":{"$error":"#REF!"}},{"$f":"+VLOOKUP($C48,#REF!,6,\"false\")","v":{"$error":"#REF!"}},{"$error":"#REF!"},{"$error":"#REF!"}]
[{"$error":"#REF!"},46,472,"54:20",{"$f":"+VLOOKUP($C49,#REF!,2,\"false\")","v":{"$error":"#REF!"}},{"$f":"+VLOOKUP($C49,#REF!,3,\"false\")","v":{"$error":"#REF!"}},{"$f":"+VLOOKUP($C49,#REF!,4,\"false\")","v":{"$error":"#REF!"}},{"$f":"+VLOOKUP($C49,#REF!,5,\"False\")","v":{"$error":"#REF!"}},{"$f":"+VLOOKUP($C49,#REF!,6,\"false\")","v":{"$error":"#REF!"}},{"$error":"#REF!"},{"$error":"#REF!"}]
[{"$error":"#REF!"},47,465,"56:15",{"$f":"+VLOOKUP($C50,#REF!,2,\"false\")","v":{"$error":"#REF!"}},{"$f":"+VLOOKUP($C50,#REF!,3,\"false\")","v":{"$error":"#REF!"}},{"$f":"+VLOOKUP($C50,#REF!,4,\"false\")","v":{"$error":"#REF!"}},{"$f":"+VLOOKUP($C50,#REF!,5,\"False\")","v":{"$error":"#REF!"}},{"$f":"+VLOOKUP($C50,#REF!,6,\"false\")","v":{"$error":"#REF!"}},{"$error":"#REF!"},{"$error":"#REF!"}]
[{"$error":"#REF!"},48,467,"58:21",{"$f":"+VLOOKUP($C51,#REF!,2,\"false\")","v":{"$error":"#REF!"}},{"$f":"+VLOOKUP($C51,#REF!,3,\"false\")","v":{"$error":"#REF!"}},{"$f":"+VLOOKUP($C51,#REF!,4,\"false\")","v":{"$error":"#REF!"}},{"$f":"+VLOOKUP($C51,#REF!,5,\"False\")","v":{"$error":"#REF!"}},{"$f":"+VLOOKUP($C51,#REF!,6,\"false\")","v":{"$error":"#REF!"}},{"$error":"#REF!"},{"$error":"#REF!"}]
[{"$error":"#REF!"},49,493,"59:04",{"$f":"+VLOOKUP($C52,#REF!,2,\"false\")","v":{"$error":"#REF!"}},{"$f":"+VLOOKUP($C52,#REF!,3,\"false\")","v":{"$error":"#REF!"}},{"$f":"+VLOOKUP($C52,#REF!,4,\"false\")","v":{"$error":"#REF!"}},{"$f":"+VLOOKUP($C52,#REF!,5,\"False\")","v":{"$error":"#REF!"}},{"$f":"+VLOOKUP($C52,#REF!,6,\"false\")","v":{"$error":"#REF!"}},{"$error":"#REF!"},{"$error":"#REF!"}]
[{"$error":"#REF!"},50,520,"62:24",{"$f":"+VLOOKUP($C53,#REF!,2,\"false\")","v":{"$error":"#REF!"}},{"$f":"+VLOOKUP($C53,#REF!,3,\"false\")","v":{"$error":"#REF!"}},{"$f":"+VLOOKUP($C53,#REF!,4,\"false\")","v":{"$error":"#REF!"}},{"$f":"+VLOOKUP($C53,#REF!,5,\"False\")","v":{"$error":"#REF!"}},{"$f":"+VLOOKUP($C53,#REF!,6,\"false\")","v":{"$error":"#REF!"}},{"$error":"#REF!"},{"$error":"#REF!"}]
{"$rows_empty":46}
[{"$nulls":13},"CHI"]
[{"$nulls":13},"TON"]
[{"$nulls":13},"PHX"]
[{"$nulls":13},"LEW"]
[{"$nulls":13},"B&H"]
[{"$nulls":13},"EBR"]
[{"$nulls":13},"HY"]
[{"$nulls":13},"WDH"]
[{"$nulls":13},"CRA"]
[{"$nulls":13},"HBS"]
[{"$nulls":13},"CSS"]
[{"$nulls":13},"BHWRC"]
[{"$nulls":13},"GRR"]
[{"$nulls":13},"HAI"]
[{"$nulls":13},"HHH"]
{"$rows_empty":43}
[null,"Pos","Bib","Time"]
[null,1,463,"32:12"]
[null,{"$f":"+B159+1","v":2},490,"33:38"]
[null,{"$f":"+B160+1","v":3},458,"33:58"]
[null,4,482,"35:41"]
[null,5,479,"35:42"]
[null,6,456,"35:43"]
[null,7,457,"35:44"]
[null,8,461,"36:11"]
[null,9,486,"36:15"]
[null,10,449,"36:31"]
[null,11,519,"36:42"]
[null,12,319,"36:54"]
[null,13,466,"37:29"]
[null,14,314,"37:58"]
[null,15,483,"38:33"]
[null,16,473,"38:40"]
[null,17,496,"38:51"]
[null,18,489,"38:53"]
[null,19,452,"39:01"]
[null,20,469,"39:13"]
[null,21,315,"39:29"]
[null,22,470,"39:36"]
[null,23,497,"39:42"]
[null,24,453,"39:54"]
[null,25,317,"41:04"]
[null,26,286,"41:45"]
[null,27,450,"42:08"]
[null,28,474,"42:13"]
[null,29,459,"42:32"]
[null,30,485,"44:49"]
[null,31,471,"45:02"]
[null,32,491,"45:11"]
[null,33,488,"45:34"]
[null,34,484,"45:43"]
[null,35,492,"46:16"]
[null,36,495,"47:43"]
[null,37,477,"47:57"]
[null,38,312,"48:33"]
[null,39,460,"48:56"]
[null,40,487,"49:09"]
[null,41,494,"50:20"]
[null,42,481,"50:23"]
[null,43,478,"52:13"]
[null,44,498,"52:21"]
[null,45,480,"53:11"]
[null,46,472,"54:20"]
[null,47,465,"56:15"]
[null,48,467,"58:21"]
[null,49,493,"59:04"]
[null,50,520,"62:24"]
[null,51]
[null,52]
[null,53]
[null,54]
[null,55]
[null,56]
[null,57]
[null,58]
[null,59]
[null,60]
[null,61]
[null,62]
[null,63]
[null,64]
[null,65]
[null,66]
[null,{"$f":"+B224+1","v":67}]
[null,68]
[null,69]
[null,70]
[null,71]
[null,72]
[null,73]
[null,74]
[null,75]
[null,76]
[null,77]
[null,78]
[null,79]
[null,80]
[null,81]
[null,82]
[null,83]
[null,84]
[null,85]
[null,86]
[null,87]
[null,88]
[null,89]
[null,90]
[null,91]
[null,92]
[null,93]
[null,94]
[null,95]
[null,96]
[null,97]
[null,98]
[null,99]
[null,100]
[null,101]
[null,102]
[null,103]
[null,104]
[null,105]
[null,106]
[null,107]
[null,108]
[null,109]
[null,110]
[null,111]
[null,112]
[null,113]
[null,114]
[null,115]
[null,116]
[null,117]
[null,118]
[null,119]
[null,120]
[null,121]
[null,122]
[null,123]
[null,124]
[null,125]
[null,126]
[null,127]
[null,128]
[null,129]
[null,130]
[null,{"$f":"+B288+1","v":131}]
[null,132]
[null,133]
[null,134]
[null,135]
[null,136]
[null,137]
[null,138]
[null,139]
[null,140]
[null,141]
[null,142]
[null,143]
[null,144]
[null,145]
[null,146]
[null,147]
[null,148]
[null,149]
[null,150]
[null,151]
[null,152]
[null,153]
[null,154]
[null,155]
[null,156]
[null,157]
[null,158]
[null,159]
[null,160]
[null,161]
[null,162]
[null,163]
[null,164]
[null,165]
[null,166]
[null,167]
[null,168]
[null,169]
[null,170]
[null,171]
[null,172]
[null,173]
[null,174]
[null,175]
[null,176]
[null,177]
[null,178]
[null,179]
[null,180]
[null,181]
[null,182]
[null,183]
[null,184]
[null,185]
[null,186]
[null,187]
[null,188]
[null,189]
[null,190]
[null,191]
[null,192]
[null,193]
[null,194]
[null,{"$f":"+B352+1","v":195}]
[null,196]
[null,197]
[null,198]
[null,199]
[null,200]
[null,201]
[null,202]
[null,203]
[null,204]
[null,205]
[null,206]
[null,207]
[null,208]
[null,209]
[null,210]
[null,211]
[null,212]
[null,213]
[null,214]
[null,215]
[null,216]
[null,217]
[null,218]
[null,219]
[null,220]
[null,221]
[null,222]
[null,223]
[null,224]
[null,225]
[null,226]
[null,227]
[null,228]
[null,229]
[null,230]
[null,231]
[null,232]
[null,233]
[null,234]
[null,235]
[null,236]
[null,237]
[null,238]
[null,239]
[null,240]
[null,241]
[null,242]
[null,243]
[null,244]
[null,245]
[null,246]
[null,247]
[null,248]
[null,249]
[null,250]
[null,251]
[null,252]
[null,253]
[null,254]
[null,255]
[null,256]
[null,257]
[null,258]
[null,{"$f":"+B416+1","v":259}]
[null,260]
[null,261]
[null,262]
[null,263]
[null,264]
[null,265]
[null,266]
[null,267]
[null,268]
[null,269]
[null,270]
[null,271]
[null,272]
[null,273]
[null,274]
[null,275]
[null,276]
[null,277]
[null,278]
[null,279]
[null,280]
[null,281]
[null,282]
[null,283]
[null,284]
[null,285]
[null,286]
[null,287]
[null,288]
[null,289]
[null,290]
[null,291]
[null,292]
[null,293]
[null,294]
[null,295]
[null,296]
[null,297]
[null,298]
[null,299]
[null,300]
[null,301]
[null,302]
[null,303]
[null,304]
[null,305]
[null,306]
[null,307]
[null,308]
[null,309]
[null,310]
[null,311]
[null,312]
[null,313]
[null,314]
[null,315]
[null,316]
[null,317]
[null,318]
[null,319]
[null,320]
[null,321]
[null,322]
[null,{"$f":"+B480+1","v":323}]
[null,324]
[null,325]
[null,326]
[null,327]
[null,328]
[null,329]
[null,330]
[null,331]
[null,332]
[null,333]
[null,334]
[null,335]
[null,336]
[null,337]
[null,338]
[null,339]
[null,340]
[null,341]
[null,342]
[null,343]
[null,344]
[null,345]
[null,346]
[null,347]
[null,348]
[null,349]
[null,350]

{"sheet":"TimeEg","index":15,"n_rows":8,"n_cols":6,"rows_kept":8,"hidden":true}
[]
[]
[{"$nulls":5},6.25]
[{"$nulls":5},7.35]
[{"$nulls":5},8.45]
[{"$nulls":5},9.59]
[{"$nulls":4},"ss",{"$f":"SUM(+INT(F3:F6)*60+((F3:F6)-INT(F3:F6))*100)","v":{"v":1964,"d":"1964.00"}}]
[{"$nulls":4},"mm:ss",{"$f":"+INT(F7/60)+MOD(F7,60)/100","v":32.44}]

{"sheet":"AgeBands","index":16,"n_rows":335,"n_cols":9,"rows_kept":335,"merged":[[0,1,0,8]]}
[null,"Wakehurst Willow 6 - 19th July 2023"]
[null,"Category","Pos","Bib","Time","Forename","Surname","Club","Sex Pos"]
[null,"SM16-39",1,328,"27:32","Ben","Short","Personify Fitness/Crawley AC","m1"]
[null,null,2,8,"29:45","Harvey","Alcock","Haywards Heath Harriers","m2"]
[null,null,3,21,"30:20","Jon","Barnes","Henfield Joggers","m3"]
[null,null,5,229,"31:28","Matt","Mason","Horsham Joggers","m5"]
[null,null,6,138,"31:32","Jamie","Gibson","Haywards Heath Harriers","m6"]
[null,null,8,201,"31:59","Sean","Jordan","Crawley Run Crew","m8"]
[null,null,9,281,"32:57","Ben","peters","Burgess Hill Runners","m9"]
[null,null,11,337,"33:06","Andy","Stainer","N/A","m10"]
[null,null,13,40,"33:39","Tom","Bond","N/A","m12"]
[null,null,15,69,"33:44","Matthew","Clark","N/A","m14"]
[null,null,17,2,"34:13","George","Adams","N/A","m15"]
[null,null,18,3,"34:28","David","Adams","Haywards Heath Harriers","m16"]
[null,null,19,397,"34:46","Tom","Robertson","Horsham Joggers","m17"]
[null,null,22,322,"35:36","Rob","Shapland","Horsham Joggers","m19"]
[null,null,24,226,"35:45","Leo","maclachlan","Horsham Joggers","m21"]
[null,null,31,202,"36:58","Darryl","Jupp","N/A","m25"]
[null,null,38,392,"38:42","Chris","Woods","Bognor Tone Zones","m30"]
[null,null,40,10,"39:08","Noah","Altman","N/A","m32"]
[null,null,43,116,"39:23","Adam","Fernandes","Crawley Run Crew","m34"]
[null,null,68,113,"41:20","Oliver","Farr","Haywards Heath Harriers","m49"]
[null,null,71,31,"41:51","David","Beed","N/A","m51"]
[null,null,81,173,"42:46","Jonathan","Holland","Horley Harriers","m57"]
[null,null,87,154,"43:16","Henry","Harris","Crawley Run Crew","m61"]
[null,null,93,30,"43:37","Stuart","Beed","N/A","m67"]
[null,null,104,122,"44:15","Marcus","Fox","N/A","m74"]
[null,null,113,224,"44:50","Stephen","Luxton","J&M Running","m79"]
[null,null,128,287,"46:14","Chris","Philpott","J&M Running","m86"]
[null,null,129,81,"46:18","Ian","Cumming","N/A","m87"]
[null,null,138,101,"46:43","Ryan","EDMONDS","N/A","m90"]
[null,null,145,362,"47:25","Gary","Viles","Crawley AC","m93"]
[null,null,178,42,"50:03","David","Bowers","N/A","m105"]
[null,null,183,25,"50:30","Bradley","Barnett","Pound Hill Pounders","m106"]
[null,null,193,394,"51:25","Hanish","Yadav","Pound Hill Pounders","m109"]
[null,null,202,208,"52:13","Jack","King","N/A","m112"]
[null,null,261,179,"56:27","Jonathan","Horsley-Page","N/A","m120"]
[null,null,331,176,"88:21","rowen","holt","N/A","m132"]
[null,"SW16-34",16,41,"33:50","Lucie","Bourne","Hove Hornets","f2"]
[null,null,27,338,"36:39","Sarah","Stanbridge","Crawley Saints and Sinners Running Club","f4"]
[null,null,30,273,"36:54","Madelaine","Parmar","Brighton Phoenix","f6"]
[null,null,53,379,"40:27","Victoria","Welsby","N/A","f15"]
[null,null,55,98,"40:33","Amy","Dunn","N/A","f16"]
[null,null,82,68,"42:52","Rachel","Clark","N/A","f25"]
[null,null,84,334,"43:01","Chloe","Smith","Mid Sussex Triathlon Club","f26"]
[null,null,111,276,"44:42","Aneesha","Patel","Personify","f34"]
[null,null,139,347,"46:50","Emma","Taylor","Vegan Runners UK","f49"]
[null,null,147,349,"47:36","Rachel","Thomas","Horsham Joggers","f54"]
[null,null,172,144,"49:46","Jade","Griffin","East grinstead runners","f68"]
[null,null,173,366,"49:47","Rebekah","Walden","N/A","f69"]
[null,null,189,85,"51:03","Hayley","Dann","N/A","f81"]
[null,null,203,130,"52:18","Fiona","Gardner","N/A","f91"]
[null,null,226,386,"53:25","Katherine","Williams","N/A","f113"]
[null,null,233,52,"54:16","Emily","Burt","Crawley Run Crew","f119"]
[null,null,253,172,"55:56","Sophia","Hodge","East grinstead runners","f135"]
[null,null,271,53,"57:28","Alexandra","Byrne","Lonely Goat RC","f149"]
[null,null,297,381,"60:53","Emma","West","N/A","f170"]
[null,null,314,166,"67:52","Charlie","Hill","N/A","f185"]
[null,null,315,310,"67:52","Emma","Robertson","Pound Hill Pounders","f186"]
[null,"VM40-44",4,60,"30:53","Dan","Celani","Lingfield RC","m4"]
[null,null,23,84,"35:40","Alberto","Da Re","Vegan Runners UK","m20"]
[null,null,26,22,"36:27","James","Barnes","N/A","m23"]
[null,null,34,395,"37:32","Charlie","Yeoell","Horley Harriers","m27"]
[null,null,41,345,"39:15","David","Strudwick","N/A","m33"]
[null,null,54,56,"40:31","Paul","Carter","Waverley Harriers","m39"]
[null,null,58,311,"40:43","Andy","Robins","Horsham Joggers","m42"]
[null,null,65,259,"41:03","Nick","Oakley","N/A","m47"]
[null,null,83,332,"42:53","Paul","Smith","Pound Hill Pounders","m58"]
[null,null,85,153,"43:11","Nick","Harnett","N/A","m59"]
[null,null,88,274,"43:19","Gary","Parr","Hassocks Community Runners","m62"]
[null,null,90,171,"43:27","Neil","Hocking","N/A","m64"]
[null,null,110,51,"44:39","Martin","Burnell","CRC","m77"]
[null,null,112,219,"44:44","Colin","Light","N/A","m78"]
[null,null,130,195,"46:21","Bruce","Johnson","East grinstead runners","m88"]
[null,null,159,29,"48:51","Andrew","Beebee","N/A","m98"]
[null,null,170,247,"49:31","Craig","Moran","N/A","m103"]
[null,null,197,112,"51:50","Nathan","Faraday","N/A","m110"]
[null,null,284,376,"59:29","Arun","Weddle","Crawley Run Crew","m124"]
[null,null,295,320,"60:41","Anthony","Seddon","N/A","m126"]
[null,null,317,160,"68:33","Simon","head","N/A","m130"]
[null,"VM45-49",7,83,"31:51","Tony","Cunningham","N/A","m7"]
[null,null,20,174,"34:58","Simon","Holmes","Horsham Joggers","m18"]
[null,null,25,297,"36:22","Andrew","Puttick","Personify fitness","m22"]
[null,null,29,286,"36:46","Neil","Phillpot","Burgess Hill Runners","m24"]
[null,null,36,94,"37:55","Matthew","Dougan","Hove Hornets","m28"]
[null,null,37,9,"38:11","Mark","Aldred","Lingfield RC","m29"]
[null,null,44,363,"39:38","Andrew","Vine","Crawley Saints and Sinners","m35"]
[null,null,51,77,"40:03","Richard","Cornell","Horsham Joggers","m38"]
[null,null,59,48,"40:46","Steven","Brownlee","N/A","m43"]
[null,null,61,355,"40:50","Rob","Turner","N/A","m44"]
[null,null,70,4,"41:40","Paul","Addie","Horley Harriers","m50"]
[null,null,79,50,"42:41","Chris","Buckland","N/A","m55"]
[null,null,80,388,"42:44","Andrew","Wilson","Haywards Heath Harriers","m56"]
[null,null,86,262,"43:11","Ian","Othen","N/A","m60"]
[null,null,98,178,"43:49","Matthew","Horne","Horsham Joggers","m71"]
[null,null,152,158,"48:02","Dan","Hayes","N/A","m95"]
[null,null,164,93,"49:09","Richard","Donovan","N/A","m100"]
[null,null,171,255,"49:40","Stuart","Noel","N/A","m104"]
[null,null,235,358,"54:25","Simon","Valder","Hove Hornets","m115"]
[null,"VM50-54",12,340,"33:37","Neil","Stanton","Swim 1st Triathlon Club","m11"]
[null,null,39,342,"39:01","Andy","Stone","East grinstead runners","m31"]
[null,null,46,180,"39:49","Mike","Howard","Hove Hornets","m36"]
[null,null,62,385,"40:54","Darren","Williams","Horley Harriers","m45"]
[null,null,63,213,"40:54","Joe","Lavery","Crawley Run Crew","m46"]
[null,null,73,270,"42:02","Alastair","Parke","We Are Runners","m52"]
[null,null,89,308,"43:20","Neil","Roberts","Crawley Run Crew","m63"]
[null,null,94,317,"43:38","Brian","Rutter","Php","m68"]
[null,null,99,177,"43:50","Ron","Hooker","Crawley Run Crew","m72"]
[null,null,105,365,"44:22","Edward","Walden","Mel's Milers","m75"]
[null,null,116,393,"44:57","David","Worsell","Lingfield RC","m81"]
[null,null,132,78,"46:25","Barry","Cowdray","Pound Hill Pounders","m89"]
[null,null,144,109,"47:23","Gareth","Evans","N/A","m92"]
[null,null,149,252,"47:42","Andrew","Newby","Hove Hornets","m94"]
[null,null,154,64,"48:16","David","Chase","Lingfield RC","m96"]
[null,null,167,16,"49:21","Paul","Austen","Pound Hill Pounders","m102"]
[null,null,241,299,"55:07","Mark","Raven","Pound Hill Pounders","m117"]
[null,null,252,318,"55:53","Barry","Saunders","N/A","m118"]
[null,"VM55-59",14,86,"33:43","Oliver","Day","Burgess Hill Runners","m13"]
[null,null,32,183,"37:01","Martin","Howell","Horley Harriers","m26"]
[null,null,56,141,"40:33","Bruce","Girvan","J&M Runners","m40"]
[null,null,57,218,"40:38","Daren","Leonard","Pound Hill Pounders","m41"]
[null,null,92,375,"43:34","Michael","Way","N/A","m66"]
[null,null,97,95,"43:42","Ian","Down","Crawley Social & Wellbeing","m70"]
[null,null,119,119,"45:18","Glenn","Finer","East grinstead runners","m82"]
[null,null,125,190,"46:05","Nick","Jackson-Smith","Hove Hornets","m84"]
[null,null,161,237,"48:52","Danny","Mclaughlin","Orpington Road Runners","m99"]
[null,null,199,303,"51:57","Simon","Rhodes","Horsham Joggers","m111"]
[null,null,238,382,"54:44","David","West","N/A","m116"]
[null,null,265,212,"57:06","Kevin","Langridge","Crawley Run Crew","m121"]
[null,null,287,341,"59:40","Hugh","Stevenage","Burgess Hill Runners","m125"]
[null,null,296,198,"60:42","Kevin","Jones","N/A","m127"]
[null,null,312,169,"66:38","Ian","Hines","Horsham Joggers","m129"]
[null,"VM60-64",66,126,"41:11","Brian","Frost","Horsham Joggers","m48"]
[null,null,74,391,"42:07","Peter","Wirtzfeld","Run Academy Worthing","m53"]
[null,null,78,282,"42:41","Alan","Pettitt","Horsham Joggers","m54"]
[null,null,91,33,"43:32","Carl","Bicknell","Haywards Heath Harriers","m65"]
[null,null,95,61,"43:39","Keith","Chambers","Lingfield RC","m69"]
[null,null,107,256,"44:27","Mark","Notridge","Lingfield RC","m76"]
[null,null,114,266,"44:55","Chris","Page","Burgess Hill Runners","m80"]
[null,null,121,215,"45:21","Marcus","Leach","Horsham Joggers","m83"]
[null,null,143,7,"47:22","Adrian","Alcock","N/A","m91"]
[null,null,187,170,"50:59","Gareth","Hines","N/A","m107"]
[null,null,269,209,"57:18","Stephen","Knott","Arena 80 AC","m122"]
[null,null,327,370,"72:31","Mark","Walton","mid sussex tri club","m131"]
[null,"VM65-69",101,268,"43:59","Bob","Page","Arena 80","m73"]
[null,null,127,137,"46:13","Michael","Gibbons","Arena 80 AC","m85"]
[null,null,166,361,"49:19","Alan","Viles","Horley Harriers Running Club","m101"]
[null,null,188,359,"51:02","Michael","van Slageren","N/A","m108"]
[null,null,213,304,"52:45","Peter","Richardson","C-SAW","m113"]
[null,null,255,301,"55:59","Andrew","Revell","N/A","m119"]
[null,"VM70-74",50,66,"40:01","Mike","Clark","Mel’s Milers","m37"]
[null,null,156,231,"48:28","leslie","MAYGER","Seaford Striders","m97"]
[null,null,308,284,"65:33","Nigel","Phillips","Mel's Milers Jogging Club","m128"]
[null,"VW35-39",35,330,"37:39","Hannah","Slater","Ashdown Forest Trail Runners","f8"]
[null,null,102,39,"44:08","Laura","Bloomfield","Hassocks Community Runners","f29"]
[null,null,115,194,"44:57","Rhea","Johnson","East grinstead runners","f35"]
[null,null,123,131,"45:48","Kelly","Garrett","N/A","f40"]
[null,null,131,54,"46:24","Lucy","Carey","N/A","f43"]
[null,null,137,100,"46:42","Kerrie","EDMONDS","Horley Harriers","f48"]
[null,null,140,316,"47:07","Jodie","Roue","N/A","f50"]
[null,null,160,241,"48:51","Sarah","Mepham","N/A","f62"]
[null,null,174,245,"49:47","Louise","Mitchell","Saints & Sinners Running Club","f70"]
[null,null,176,346,"49:55","pippa","sykes","J & M","f72"]
[null,null,184,343,"50:42","Jo","Stow","N/A","f78"]
[null,null,190,378,"51:13","Olga","Lavery","Crawley Run Crew","f82"]
[null,null,218,167,"52:54","Becky","Hillman","N/A","f105"]
[null,null,221,275,"53:01","Sarah","Parr","Hassocks Community Runners","f108"]
[null,null,225,89,"53:24","Lucie","Delamaire","J&M","f112"]
[null,null,250,277,"55:32","Helen","Pearce","N/A","f133"]
[null,null,251,88,"55:34","Lisa","De Noronha","Pound Hill Pounders","f134"]
[null,null,283,65,"59:29","Nicola","Church","N/A","f160"]
[null,null,286,217,"59:36","Fay","Lelliott","N/A","f162"]
[null,null,288,114,"59:51","Aisyah","Faruk","J&M Runners","f163"]
[null,null,299,243,"61:47","Nikki","Miles","N/A","f172"]
[null,null,300,108,"61:47","Rachel","Evans","N/A","f173"]
[null,"VW40-44",10,47,"33:00","Amelia","Brown","Worthing & District Harriers","f1"]
[null,null,28,230,"36:42","Alison","Mason","Ashdown Forest Trail Runners","f5"]
[null,null,33,294,"37:30","Andrea","Potter","Hove Hornets","f7"]
[null,null,42,291,"39:19","Lucinda","Potten","Horsham Joggers","f9"]
[null,null,47,260,"39:52","Charlotte","O'Dair","N/A","f11"]
[null,null,48,45,"39:52","Vicky","Breen","N/A","f12"]
[null,null,49,145,"40:00","Liz","Groome","N/A","f13"]
[null,null,60,44,"40:47","Catherine","Bradley","Hove Hornets","f17"]
[null,null,69,142,"41:23","Kathryn","Gohl","N/A","f20"]
[null,null,75,168,"42:09","Clare","Hilton","J and M running","f22"]
[null,null,76,152,"42:32","Sarah","Hardaker","N/A","f23"]
[null,null,117,290,"45:05","leslie","plaisted","N/A","f36"]
[null,null,120,205,"45:21","Valerie","Khambata","Pound Hill Pounders","f38"]
[null,null,122,151,"45:46","Jane","Harbage","N/A","f39"]
[null,null,126,32,"46:10","Asia","Bejer","N/A","f42"]
[null,null,135,188,"46:38","Fiona","Hutchings","Horley Harriers","f46"]
[null,null,148,333,"47:39","Lisa","Smith","Poundhill pounders","f55"]
[null,null,157,312,"48:46","Victoria","Robins","Horsham Joggers","f60"]
[null,null,162,19,"48:56","Grace","Barden","Crawley Saints and Sinners Running Club","f63"]
[null,null,169,165,"49:31","Amanda","Hilken","Hassocks Community Runners","f67"]
[null,null,180,244,"50:18","Claire","Miller","N/A","f75"]
[null,null,181,49,"50:18","Charlotte","Brownlee","Mel’s Milers","f76"]
[null,null,191,223,"51:17","Emma","Lunnon","Hassocks Community Runners","f83"]
[null,null,194,37,"51:26","Karen","Blick","Fituitive","f85"]
[null,null,198,123,"51:55","Ana","Frappell","Na","f88"]
[null,null,200,206,"51:58","Anna","Khambata","Pound Hill Pounders","f89"]
[null,null,205,175,"52:24","Laura","Holmes","Horsham Joggers","f93"]
[null,null,215,204,"52:50","Nikki","Kentish","N/A","f102"]
[null,null,216,117,"52:51","Catherine","Ferrer","N/A","f103"]
[null,null,219,319,"52:56","Rosy","Scott","N/A","f106"]
[null,null,224,283,"53:20","Janice","Phelan","N/A","f111"]
[null,null,228,214,"53:31","Lizzie","Layfield","N/A","f115"]
[null,null,237,353,"54:31","Nicole","Trett","East grinstead runners","f122"]
[null,null,243,12,"55:09","Sarah","Andrews","N/A","f126"]
[null,null,246,350,"55:15","Lynsey","Thompson","N/A","f129"]
[null,null,248,203,"55:25","Lauren","Kelly","N/A","f131"]
[null,null,249,235,"55:25","Silvia","Mckee","N/A","f132"]
[null,null,256,115,"56:05","Sarah","Ferguson","Lingfield RC","f137"]
[null,null,279,63,"58:54","Laura","chappell","N/A","f156"]
[null,null,298,238,"61:40","Jessica","Melville","N/A","f171"]
[null,null,302,351,"62:56","Tania","Tinslay","Hove hornet","f175"]
[null,null,309,121,"65:36","Joanne","Fisher","N/A","f181"]
[null,null,311,59,"66:25","Sophie","Cavill","East grinstead runners","f183"]
[null,null,313,107,"67:45","Kate","Evans","Run Academy Worthing","f184"]
[null,null,328,246,"74:45","Kerry","Moran","Hove Hornets","f197"]
[null,null,329,135,"88:18","Helen","Gibb","N/A","f198"]
[null,null,330,139,"88:19","Claire","Gilliver","N/A","f199"]
[null,"VW45-49",21,285,"35:07","Kirsty","Phillpot","Burgess Hill Runners","f3"]
[null,null,45,239,"39:48","Michele","Nixon","Crawley S & S","f10"]
[null,null,64,193,"40:55","Sally","Jeffery","N/A","f18"]
[null,null,77,374,"42:39","Ruth","Waters","N/A","f24"]
[null,null,100,133,"43:59","Danielle","Gaynor","N/A","f28"]
[null,null,103,6,"44:12","Simona","Akery","East grinstead runners","f30"]
[null,null,106,367,"44:24","Carolynn","Walker","N/A","f31"]
[null,null,108,128,"44:32","Ali","Fuller","Pound Hill Pounders","f32"]
[null,null,118,335,"45:13","Darija","Sparkes","East Grinstead Runners Club","f37"]
[null,null,134,26,"46:35","Kate","Batchelor","Mels Milers","f45"]
[null,null,146,387,"47:30","Catherine","Wilson","East grinstead runners","f53"]
[null,null,165,263,"49:13","Georgina","Pacelli","Hove Hornets","f65"]
[null,null,179,207,"50:13","Tracey","King","N/A","f74"]
[null,null,182,348,"50:24","Cornelia","Taylor","C-SAW","f77"]
[null,null,204,146,"52:23","Rebecca","Groome","N/A","f92"]
[null,null,208,132,"52:37","Rebecca","Gates","N/A","f96"]
[null,null,209,127,"52:43","Hayley","Frost","N/A","f97"]
[null,null,214,389,"52:45","Louise","Windsor","N/A","f101"]
[null,null,227,242,"53:27","Mary","Merlo","N/A","f114"]
[null,null,240,261,"55:04","Jenny","Ombler","Hove hornet","f124"]
[null,null,244,364,"55:12","Elaine","Vine","Pound Hill Pounders","f127"]
[null,null,245,147,"55:13","Charlotte","Guy","N/A","f128"]
[null,null,259,111,"56:16","Melanie","Failes","HCR","f140"]
[null,null,262,253,"56:43","Virginia","Nicholls","N/A","f142"]
[null,null,263,13,"56:50","Emily","Andrews","Hassocks Community Runners","f143"]
[null,null,275,306,"58:28","Jennie","Ridley","West Hoathly running club","f152"]
[null,null,292,124,"60:20","monicka","frisby","We Are Runners","f167"]
[null,null,319,163,"68:53","Alice","Henstock","Pound Hill Pounders","f189"]
[null,"VW50-54",67,257,"41:14","Jane","Nurse","N/A","f19"]
[null,null,72,57,"41:58","Encarnacion","Cascales Aranda","Team Nuts","f21"]
[null,null,96,70,"43:42","Isobel","Clarke","Mel’s Milers","f27"]
[null,null,109,23,"44:38","Jacqueline","Barnes","Haywards Heath Harriers","f33"]
[null,null,124,225,"45:54","Corin","Lyon","N/A","f41"]
[null,null,133,269,"46:34","Mandy","Parke","We Are Runners","f44"]
[null,null,136,102,"46:39","Tracey","Edwards","Mel's Milers Jogging Club","f47"]
[null,null,158,293,"48:50","Sharon","Potter","N/A","f61"]
[null,null,163,296,"49:04","Emma","Pryor","Haywards Heath Harriers","f64"]
[null,null,168,228,"49:28","Kathryn","Martyn","Uckfield Runners","f66"]
[null,null,175,307,"49:48","Julie","Roberts","Crawley Run Crew","f71"]
[null,null,186,289,"50:48","Jacqui","Pitts","Hassocks Community Runners","f80"]
[null,null,192,377,"51:22","Karen","Weller","Hove Hornets","f84"]
[null,null,196,326,"51:29","Lorraine","Sherrard","Mels Milers","f87"]
[null,null,206,251,"52:25","Kate","Netley","East grinstead runners","f94"]
[null,null,207,344,"52:26","Sandra","Stratford","East grinstead runners","f95"]
[null,null,210,233,"52:43","Lee","McGeean","Horsham Joggers","f98"]
[null,null,211,292,"52:44","Margreet","Potter","Horsham Joggers","f99"]
[null,null,223,272,"53:11","Jennifer","Parmar","N/A","f110"]
[null,null,258,368,"56:10","Sally","Walker","East grinstead runners","f139"]
[null,null,264,76,"56:51","Rachel","Cordery","Saints and sinners","f144"]
[null,null,266,134,"57:07","Catherine","Geoghegan","N/A","f145"]
[null,null,280,324,"58:55","Ali","Shears","Horsham Joggers","f157"]
[null,null,282,390,"59:24","Sarah","Winn","East grinstead runners","f159"]
[null,null,290,36,"59:59","Claire","Blake","Na","f165"]
[null,null,301,357,"62:40","Tiziana","Ulian","J&M","f174"]
[null,null,307,46,"64:47","Jackie","Brock","Pound Hill Pounders","f180"]
[null,null,323,398,"69:21","Jean","Salt","N/A","f193"]
[null,null,325,11,"69:43","Rebecca","Altman","N/A","f195"]
[null,"VW55-59",142,265,"47:17","Jill","Page","Horsham Joggers","f52"]
[null,null,150,96,"47:50","Lisa","Down","Crawley, Social and Wellbeing","f56"]
[null,null,151,149,"47:54","Sarah","Hamilton","Haywards Heath Harriers","f57"]
[null,null,153,103,"48:13","Rachel","Edwards","N/A","f58"]
[null,null,155,67,"48:22","Maggie","Clark","N/A","f59"]
[null,null,177,155,"49:56","Christina","Harrison","Horsham Joggers","f73"]
[null,null,201,329,"52:05","Penny","Simpson","Pound Hill Pounders","f90"]
[null,null,217,148,"52:53","Karen","Hall","Hove Hornets","f104"]
[null,null,220,91,"52:59","Cathy","Dickins","N/A","f107"]
[null,null,222,58,"53:11","Yuko","Casey","Horsham Joggers","f109"]
[null,null,234,399,"54:17","Kate","Weir","N/A","f120"]
[null,null,236,279,"54:27","Liz","Perry","N/A","f121"]
[null,null,239,372,"55:04","Jackie","Ware","Hove Hornets","f123"]
[null,null,247,321,"55:18","Rita","Shah","J&M","f130"]
[null,null,273,271,"57:48","Liz","Parker","Fordy Runs","f150"]
[null,null,274,227,"57:53","Lucy","Mardel-Ferreira","J and M running","f151"]
[null,null,276,62,"58:41","Emma","Chapman","Horsham Joggers","f153"]
[null,null,278,396,"58:45","Sue","Zanin","Horsham Joggers","f155"]
[null,null,281,211,"59:00","Susan","Langridge","Crawley Run Crew","f158"]
[null,null,285,157,"59:35","Vanessa","Harrold","Heathfield Road Runners","f161"]
[null,null,289,87,"59:54","Ruth","Day","Burgess Hill Runners","f164"]
[null,null,291,143,"60:02","Alison","Green","Rogue Runners","f166"]
[null,null,303,99,"62:56","Tracy","Eaton","Hove Hornets","f176"]
[null,null,305,196,"63:21","Louise","Johnston","N/A","f178"]
[null,null,306,80,"64:47","Jane","Croft","Pound Hill Pounders","f179"]
[null,null,318,210,"68:44","Susan","Kowszun","N/A","f188"]
[null,null,321,164,"68:57","Margo","Herbert","Run Academy Worthing","f191"]
[null,null,322,90,"69:21","Rachel","Detnon","Horsham Joggers","f192"]
[null,"VW60-64",52,185,"40:14","Jenny","Hughes","Arena 80 AC","f14"]
[null,null,141,120,"47:08","Jean","Fish","mid sussex tri club","f51"]
[null,null,185,339,"50:46","Valerie","Stanbridge","Crawley Saints and Sinners Running Club","f79"]
[null,null,195,298,"51:29","Anna","Ramage","Mel’s Milers","f86"]
[null,null,212,371,"52:44","Clarissa","Walton","Mid Sussex Triathlon Club","f100"]
[null,null,229,104,"53:52","Sue","Elliott","East grinstead runners","f116"]
[null,null,230,72,"53:54","Dawn","Cobbett","Run Academy Worthing","f117"]
[null,null,232,182,"54:12","Ali","Howell","Horley Harriers","f118"]
[null,null,242,331,"55:09","Shirley","Slough","Mel’s Milers","f125"]
[null,null,254,267,"55:58","Denise","Page","Na","f136"]
[null,null,267,250,"57:09","Vanessa","Mussett","We Are Runners","f146"]
[null,null,277,232,"58:45","Sally","MAYGER","Seaford Striders","f154"]
[null,null,294,110,"60:38","Dawn","Fahy","N/A","f169"]
[null,null,310,222,"65:41","Lisa","Love","Mels Milers","f182"]
[null,null,324,360,"69:24","Angie","Vater","East grinstead runners","f194"]
[null,null,326,28,"70:03","Helen","Baverstock","Horley Harriers Running Club","f196"]
[null,"VW65-69",257,181,"56:05","Catherine","Howe","Saints and sinners","f138"]
[null,null,260,136,"56:27","Christine","Gibbons","Arena 80 AC","f141"]
[null,null,268,288,"57:18","Jane","PIDGEON","Hove Hornets","f147"]
[null,null,270,234,"57:27","Marlene","McHale","Burgess Hill Runners","f148"]
[null,null,293,161,"60:37","Bernadette","Hecht","Hassocks Community Runners","f168"]
[null,null,304,74,"63:16","Lizzie","Coleshill","J&M","f177"]
[null,null,316,305,"67:54","Julie","Richardson","C-SAW","f187"]
[null,"(blank)","(blank)","(blank)","(blank)","(blank)","(blank)","(blank)","(blank)"]
[null,"VM80-84",272,323,"57:38","Colin","Shaw","Mel's Milers Jogging Club","m123"]
[null,"VM75-79",231,162,"54:04","Peter","Helliwell","Horsham Joggers","m114"]
[null,"VW80-84",320,82,"68:57","Patricia","Cummins","Run Academy Worthing","f190"]
[null,"Grand Total"]